{"id":870,"date":"2015-03-16T07:24:27","date_gmt":"2015-03-16T07:24:27","guid":{"rendered":"http:\/\/blogsaverroes.juntadeandalucia.es\/pre\/ceip\/?page_id=103"},"modified":"2024-09-17T05:55:20","modified_gmt":"2024-09-17T04:55:20","slug":"aula-matinal","status":"publish","type":"page","link":"https:\/\/blogsaverroes.juntadeandalucia.es\/trovador\/aula-matinal\/","title":{"rendered":"Aula Matinal"},"content":{"rendered":"<p><strong>Informaci\u00f3n sobre Aula Matinal<\/strong><\/p>\n<p>&nbsp;<\/p>\n<p>El Aula Matinal abre a las 7.30 horas de lunes a viernes hasta el comienzo del horario lectivo. El alumnado puede desayunar en el aula y ser\u00e1 atendido por personal perteneciente a la empresa CUADERNO AMARILLO.<\/p>\n<p>&nbsp;<\/p>\n<p><span style=\"color: #0000ff\">CONTACTO CON LA EMPRESA <\/span><\/p>\n<p><span style=\"color: #0000ff\"><a href=\"mailto:rocio.giron@cuadernoamarillo.com\" target=\"_blank\" rel=\"noopener\">rocio.giron@cuadernoamarillo.com<\/a><\/span><\/p>\n<p>&nbsp;<\/p>\n<p>El precio est\u00e1 establecido por la Junta de Andaluc\u00eda.<\/p>\n<table style=\"border-color: #fcfcfc;height: 45px;width: 79.0306%\" border=\"0\" width=\"661\" cellpadding=\"0\">\n<tbody>\n<tr style=\"height: 10px\">\n<td style=\"border-color: #fafafa;height: 10px\">\n<p style=\"padding-left: 80px\"><strong>D\u00edas sueltos 1,33 \u20ac por d\u00eda<\/strong><\/p>\n<\/td>\n<\/tr>\n<tr style=\"height: 56px\">\n<td style=\"border-color: #fcfcfc;height: 56px\">\n<p style=\"padding-left: 80px\"><strong>Mes completo 17.51 \u20ac<\/strong><\/p>\n<\/td>\n<\/tr>\n<\/tbody>\n<\/table>\n<p>Solicitudes; Desc\u00e1rgate aqu\u00ed el formulario, rell\u00e9nalo y &nbsp;entr\u00e9galo en la secretar\u00eda del Colegio.<\/p>\n<p>&nbsp;<\/p>\n<p style=\"text-align: center\"><strong><a href=\"https:\/\/blogsaverroes.juntadeandalucia.es\/trovador\/centro\/horarios\/\">Horarios<\/a><\/strong><\/p>\n<h4 style=\"text-align: center\"><strong><a href=\"https:\/\/blogsaverroes.juntadeandalucia.es\/trovador\/files\/2024\/09\/SOLICITUD.pdf\">Solicitud de comedor, aula mat, activ extraescolares<\/a><\/strong><\/h4>\n<h4 style=\"text-align: center\"><a href=\"https:\/\/blogsaverroes.juntadeandalucia.es\/trovador\/files\/2024\/09\/002563-A05-V02-00.pdf\"><strong>Solicitud de bonificaci\u00f3n<\/strong><\/a><\/h4>\n<p style=\"text-align: center\">&nbsp;<\/p>\n<p style=\"text-align: center\">&nbsp;<\/p>\n","protected":false},"excerpt":{"rendered":"<p>Informaci\u00f3n sobre Aula Matinal &nbsp; El Aula Matinal abre a las 7.30 horas de lunes a viernes hasta el comienzo del horario lectivo. El alumnado puede desayunar en el aula y ser\u00e1 atendido por&#46;&#46;&#46;<\/p>\n","protected":false},"author":1,"featured_media":0,"parent":0,"menu_order":0,"comment_status":"closed","ping_status":"open","template":"","meta":{"ngg_post_thumbnail":0,"footnotes":"","_mc_calendar":[]},"aioseo_notices":[],"_links":{"self":[{"href":"https:\/\/blogsaverroes.juntadeandalucia.es\/trovador\/wp-json\/wp\/v2\/pages\/870"}],"collection":[{"href":"https:\/\/blogsaverroes.juntadeandalucia.es\/trovador\/wp-json\/wp\/v2\/pages"}],"about":[{"href":"https:\/\/blogsaverroes.juntadeandalucia.es\/trovador\/wp-json\/wp\/v2\/types\/page"}],"author":[{"embeddable":true,"href":"https:\/\/blogsaverroes.juntadeandalucia.es\/trovador\/wp-json\/wp\/v2\/users\/1"}],"replies":[{"embeddable":true,"href":"https:\/\/blogsaverroes.juntadeandalucia.es\/trovador\/wp-json\/wp\/v2\/comments?post=870"}],"version-history":[{"count":26,"href":"https:\/\/blogsaverroes.juntadeandalucia.es\/trovador\/wp-json\/wp\/v2\/pages\/870\/revisions"}],"predecessor-version":[{"id":13596,"href":"https:\/\/blogsaverroes.juntadeandalucia.es\/trovador\/wp-json\/wp\/v2\/pages\/870\/revisions\/13596"}],"wp:attachment":[{"href":"https:\/\/blogsaverroes.juntadeandalucia.es\/trovador\/wp-json\/wp\/v2\/media?parent=870"}],"curies":[{"name":"wp","href":"https:\/\/api.w.org\/{rel}","templated":true}]}}

<p><strong>Información sobre Aula Matinal</strong></p>
<p>&nbsp;</p>
<p>El Aula Matinal abre a las 7.30 horas de lunes a viernes hasta el comienzo del horario lectivo. El alumnado puede desayunar en el aula y será atendido por personal perteneciente a la empresa CUADERNO AMARILLO.</p>
<p>&nbsp;</p>
<p><span style="color: #0000ff">CONTACTO CON LA EMPRESA </span></p>
<p><span style="color: #0000ff"><a href="mailto:rocio.giron@cuadernoamarillo.com" target="_blank" rel="noopener">rocio.giron@cuadernoamarillo.com</a></span></p>
<p>&nbsp;</p>
<p>El precio está establecido por la Junta de Andalucía.</p>
<table style="border-color: #fcfcfc;height: 45px;width: 79.0306%" border="0" width="661" cellpadding="0">
<tbody>
<tr style="height: 10px">
<td style="border-color: #fafafa;height: 10px">
<p style="padding-left: 80px"><strong>Días sueltos 1,33 € por día</strong></p>
</td>
</tr>
<tr style="height: 56px">
<td style="border-color: #fcfcfc;height: 56px">
<p style="padding-left: 80px"><strong>Mes completo 17.51 €</strong></p>
</td>
</tr>
</tbody>
</table>
<p>Solicitudes; Descárgate aquí el formulario, rellénalo y &nbsp;entrégalo en la secretaría del Colegio.</p>
<p>&nbsp;</p>
<p style="text-align: center"><strong><a href="https://blogsaverroes.juntadeandalucia.es/trovador/centro/horarios/">Horarios</a></strong></p>
<h4 style="text-align: center"><strong><a href="https://blogsaverroes.juntadeandalucia.es/trovador/files/2024/09/SOLICITUD.pdf">Solicitud de comedor, aula mat, activ extraescolares</a></strong></h4>
<h4 style="text-align: center"><a href="https://blogsaverroes.juntadeandalucia.es/trovador/files/2024/09/002563-A05-V02-00.pdf"><strong>Solicitud de bonificación</strong></a></h4>
<p style="text-align: center">&nbsp;</p>
<p style="text-align: center">&nbsp;</p>

<p>Información sobre Aula Matinal &nbsp; El Aula Matinal abre a las 7.30 horas de lunes a viernes hasta el comienzo del horario lectivo. El alumnado puede desayunar en el aula y será atendido por&#46;&#46;&#46;</p>
