{"id":99,"date":"2015-03-16T07:22:54","date_gmt":"2015-03-16T07:22:54","guid":{"rendered":"http:\/\/blogsaverroes.juntadeandalucia.es\/pre\/ceip\/?page_id=99"},"modified":"2025-02-25T17:45:39","modified_gmt":"2025-02-25T16:45:39","slug":"comedor-escolar","status":"publish","type":"page","link":"https:\/\/blogsaverroes.juntadeandalucia.es\/trovador\/comedor-escolar\/","title":{"rendered":"Comedor escolar"},"content":{"rendered":"<p>El comedor tiene una capacidad de 100 comensales con horario de 14.00 a 16.00 horas.<\/p>\n<p><b>El precio del comedor es de 5.54 \u20ac por d\u00eda siendo el pago mediante domiciliaci\u00f3n bancaria. <\/b><\/p>\n<p>&nbsp;<\/p>\n<p>Durante este curso escolar, la empresa encargada del comedor es MEDITERRANEA<\/p>\n<p>&nbsp;<\/p>\n<p><strong>Informar de ausencias<\/strong> (siempre con 3 d\u00edas de antelaci\u00f3n): Para informar a la empresa de la asistencia o las faltas deben registrarse en la web de la empresa<\/p>\n<p><a href=\"http:\/\/andalucia.mediterranea-group.com\/\">http:\/\/andalucia.mediterranea-group.com\/<\/a><\/p>\n<p>Cualquier dificultad que puedan encontrar, deben ponerse en contacto con ellos a trav\u00e9s de este email<\/p>\n<p><a href=\"mailto:administracion.cadiz@mediterranea-group.com\">administracion.cadiz@mediterranea-group.com<\/a><\/p>\n<h5>Los men\u00fas mensuales est\u00e1n disponibles (previo registro)<\/h5>\n<ul>\n<li style=\"text-align: left\"><a href=\"https:\/\/blogsaverroes.juntadeandalucia.es\/trovador\/files\/2024\/09\/Carta-presentacion-MEDITERRANEA-2024-2025.pdf\">Instrucciones para comedor<\/a><\/li>\n<\/ul>\n<p>&nbsp;<\/p>\n<p><em><strong>SOLICITUD:<\/strong><\/em> Desc\u00e1rgate aqu\u00ed el formulario y &nbsp;entr\u00e9galo en la secretar\u00eda del Colegio.<\/p>\n<p><strong>Imprescindible el n\u00famero de cuenta<\/strong><\/p>\n<h4 style=\"text-align: center\"><strong><a href=\"https:\/\/blogsaverroes.juntadeandalucia.es\/trovador\/centro\/horarios\/\">Horarios<\/a><\/strong><\/h4>\n<h4 style=\"text-align: center\"><strong><a href=\"https:\/\/blogsaverroes.juntadeandalucia.es\/trovador\/files\/2024\/09\/SOLICITUD.pdf\">Solicitud de comedor, aula mat, activ extraescolares<\/a><\/strong><\/h4>\n<h4 style=\"text-align: center\"><a href=\"https:\/\/blogsaverroes.juntadeandalucia.es\/trovador\/files\/2024\/09\/002563-A05-V02-00.pdf\"><strong>Solicitud de bonificaci\u00f3n<\/strong><\/a><\/h4>\n<p style=\"text-align: center\">&nbsp;<\/p>\n","protected":false},"excerpt":{"rendered":"<p>El comedor tiene una capacidad de 100 comensales con horario de 14.00 a 16.00 horas. El precio del comedor es de 5.54 \u20ac por d\u00eda siendo el pago mediante domiciliaci\u00f3n bancaria. &nbsp; Durante este&#46;&#46;&#46;<\/p>\n","protected":false},"author":1,"featured_media":0,"parent":0,"menu_order":0,"comment_status":"closed","ping_status":"open","template":"","meta":{"ngg_post_thumbnail":0,"footnotes":"","_mc_calendar":[]},"aioseo_notices":[],"_links":{"self":[{"href":"https:\/\/blogsaverroes.juntadeandalucia.es\/trovador\/wp-json\/wp\/v2\/pages\/99"}],"collection":[{"href":"https:\/\/blogsaverroes.juntadeandalucia.es\/trovador\/wp-json\/wp\/v2\/pages"}],"about":[{"href":"https:\/\/blogsaverroes.juntadeandalucia.es\/trovador\/wp-json\/wp\/v2\/types\/page"}],"author":[{"embeddable":true,"href":"https:\/\/blogsaverroes.juntadeandalucia.es\/trovador\/wp-json\/wp\/v2\/users\/1"}],"replies":[{"embeddable":true,"href":"https:\/\/blogsaverroes.juntadeandalucia.es\/trovador\/wp-json\/wp\/v2\/comments?post=99"}],"version-history":[{"count":51,"href":"https:\/\/blogsaverroes.juntadeandalucia.es\/trovador\/wp-json\/wp\/v2\/pages\/99\/revisions"}],"predecessor-version":[{"id":13697,"href":"https:\/\/blogsaverroes.juntadeandalucia.es\/trovador\/wp-json\/wp\/v2\/pages\/99\/revisions\/13697"}],"wp:attachment":[{"href":"https:\/\/blogsaverroes.juntadeandalucia.es\/trovador\/wp-json\/wp\/v2\/media?parent=99"}],"curies":[{"name":"wp","href":"https:\/\/api.w.org\/{rel}","templated":true}]}}