{"id":27,"date":"2011-10-12T17:48:23","date_gmt":"2011-10-12T17:48:23","guid":{"rendered":"https:\/\/themify.me\/demo\/themes\/simfo\/?page_id=73"},"modified":"2025-06-14T13:31:10","modified_gmt":"2025-06-14T11:31:10","slug":"custom-homepage","status":"publish","type":"page","link":"https:\/\/blogsaverroes.juntadeandalucia.es\/ultimadosis\/","title":{"rendered":"Inicio"},"content":{"rendered":"<table style=\"border-collapse: collapse;width: 100%\">\n<tbody>\n<tr>\n<td style=\"width: 50%\"><img loading=\"lazy\" decoding=\"async\" class=\"wp-image-231 size-medium alignleft\" src=\"https:\/\/blogsaverroes.juntadeandalucia.es\/ultimadosis\/files\/2024\/05\/Zombies-300x169.png\" alt=\"\" width=\"300\" height=\"169\" srcset=\"https:\/\/blogsaverroes.juntadeandalucia.es\/ultimadosis\/files\/2024\/05\/Zombies-300x169.png 300w, https:\/\/blogsaverroes.juntadeandalucia.es\/ultimadosis\/files\/2024\/05\/Zombies-1024x579.png 1024w, https:\/\/blogsaverroes.juntadeandalucia.es\/ultimadosis\/files\/2024\/05\/Zombies-768x434.png 768w, https:\/\/blogsaverroes.juntadeandalucia.es\/ultimadosis\/files\/2024\/05\/Zombies-1536x868.png 1536w, https:\/\/blogsaverroes.juntadeandalucia.es\/ultimadosis\/files\/2024\/05\/Zombies.png 2048w\" sizes=\"(max-width: 300px) 100vw, 300px\" \/><\/td>\n<td style=\"width: 50%\"><\/td>\n<\/tr>\n<tr>\n<td style=\"width: 50%\"><strong><span style=\"font-size: 18pt\">Lo que debes saber&#8230;<\/span><\/strong><\/p>\n<p>La historia de \u00daltima dosis: Vial XJ-1 es compleja, por lo que te aconsejamos que leas todos los documentos que vayas encontrado para conocer lo que ha ocurrido y lo que tienes que hacer. Puedes empezar por los siguientes:<\/p>\n<p><a href=\"https:\/\/blogsaverroes.juntadeandalucia.es\/ultimadosis\/que-ha-pasado\/\">\u00bfQu\u00e9 ha pasado?<\/a><\/p>\n<p><a href=\"https:\/\/blogsaverroes.juntadeandalucia.es\/ultimadosis\/anabela\/\">Anabela Shurkina<\/a><\/p>\n<p><a href=\"https:\/\/blogsaverroes.juntadeandalucia.es\/ultimadosis\/quien-ha-robado-la-vacuna\/\">\u00bfQui\u00e9n ha robado la vacuna?<\/a><\/p>\n<p><a href=\"https:\/\/blogsaverroes.juntadeandalucia.es\/ultimadosis\/los-clanes\/\">Los clanes<\/a><\/td>\n<td style=\"width: 50%\"><strong><span style=\"font-size: 18pt\">Lugares devastados<\/span><\/strong><\/p>\n<p>La irrupci\u00f3n del virus XJ-1 ha dejado un panorama desolador en La Tierra. Todo lo que conoc\u00edamos ha cambiado o desaparecido y los pocos humanos que quedan han tenido que establecer un nuevo orden&#8230;<\/p>\n<p><a href=\"https:\/\/blogsaverroes.juntadeandalucia.es\/ultimadosis\/new-heaven-la-ciudad-de-las-sombras\/\">New Heaven<\/a><\/p>\n<p><a href=\"https:\/\/blogsaverroes.juntadeandalucia.es\/ultimadosis\/cristal-city\/\">Cristal City<\/a><\/p>\n<p><a href=\"https:\/\/blogsaverroes.juntadeandalucia.es\/ultimadosis\/ciudad-oscura\/\">Ciudad Oscura<\/a><\/p>\n<p><a href=\"https:\/\/blogsaverroes.juntadeandalucia.es\/ultimadosis\/la-zona-gris\/\">La Zona Gris<\/a><\/td>\n<\/tr>\n<tr>\n<td style=\"width: 50%\"><strong><span style=\"font-size: 18pt\">\u00a0<\/span><\/strong><\/td>\n<td style=\"width: 50%\"><strong><span style=\"font-size: 18pt\"><img loading=\"lazy\" decoding=\"async\" class=\"alignright wp-image-376 size-medium\" src=\"https:\/\/blogsaverroes.juntadeandalucia.es\/ultimadosis\/files\/2024\/07\/Z-Web-300x188.png\" alt=\"\" width=\"300\" height=\"188\" srcset=\"https:\/\/blogsaverroes.juntadeandalucia.es\/ultimadosis\/files\/2024\/07\/Z-Web-300x188.png 300w, https:\/\/blogsaverroes.juntadeandalucia.es\/ultimadosis\/files\/2024\/07\/Z-Web-1024x642.png 1024w, https:\/\/blogsaverroes.juntadeandalucia.es\/ultimadosis\/files\/2024\/07\/Z-Web-768x482.png 768w, https:\/\/blogsaverroes.juntadeandalucia.es\/ultimadosis\/files\/2024\/07\/Z-Web-1536x963.png 1536w, https:\/\/blogsaverroes.juntadeandalucia.es\/ultimadosis\/files\/2024\/07\/Z-Web.png 2004w\" sizes=\"(max-width: 300px) 100vw, 300px\" \/><\/span><\/strong><\/td>\n<\/tr>\n<tr>\n<td style=\"width: 50%\"><strong><span style=\"font-size: 18pt\">Misiones<\/span><\/strong><\/p>\n<p><a href=\"https:\/\/blogsaverroes.juntadeandalucia.es\/ultimadosis\/2024\/05\/18\/guardianes-gaia\/\">Misi\u00f3n 1 &#8211; Los guardianes de Gaia<\/a><\/p>\n<p><a href=\"https:\/\/blogsaverroes.juntadeandalucia.es\/ultimadosis\/2024\/09\/26\/hijos-del-anochecer\/\">Misi\u00f3n 2 &#8211; Los hijos del anochecer<\/a><\/p>\n<p><a href=\"https:\/\/blogsaverroes.juntadeandalucia.es\/ultimadosis\/2024\/11\/14\/legion-del-acero\/\">Misi\u00f3n 3 &#8211; Legi\u00f3n del acero<\/a><\/p>\n<p><a href=\"https:\/\/blogsaverroes.juntadeandalucia.es\/ultimadosis\/2024\/12\/01\/hermandad-de-las-sombras\/\">Misi\u00f3n 4 &#8211; Hermandad de las sombras<\/a><\/p>\n<p><a href=\"https:\/\/blogsaverroes.juntadeandalucia.es\/ultimadosis\/?p=681&amp;preview=true\">Misi\u00f3n 5 &#8211; Los pioneros<\/a><\/td>\n<td style=\"width: 50%\"><a href=\"https:\/\/blogsaverroes.juntadeandalucia.es\/ultimadosis\/2025\/03\/07\/el-clan-del-ultimo-alba\/\">Misi\u00f3n 6 &#8211; Clan del \u00faltimo alba<\/a><\/p>\n<p><a href=\"https:\/\/blogsaverroes.juntadeandalucia.es\/ultimadosis\/2025\/03\/30\/los-arbitradores\/\" target=\"_blank\" rel=\"noopener\">Misi\u00f3n 7 &#8211; Los arbitradores<\/a><\/p>\n<p><a href=\"https:\/\/blogsaverroes.juntadeandalucia.es\/ultimadosis\/2025\/05\/01\/enviados-del-olvido\/\">Misi\u00f3n 8 &#8211; Enviados del olvido<\/a><\/p>\n<p><a href=\"https:\/\/blogsaverroes.juntadeandalucia.es\/ultimadosis\/2025\/06\/05\/vigias-del-vortice\/\">Misi\u00f3n 9 &#8211; Vig\u00edas del v\u00f3rtice<\/a><\/p>\n<p><a href=\"https:\/\/blogsaverroes.juntadeandalucia.es\/ultimadosis\/2025\/06\/14\/vigilantes-del-crepusculo\/\">Misi\u00f3n 10 &#8211; Vigilantes del crep\u00fasculo<\/a><\/td>\n<\/tr>\n<tr>\n<td style=\"width: 50%\"><img loading=\"lazy\" decoding=\"async\" class=\"wp-image-367 size-medium alignleft\" src=\"https:\/\/blogsaverroes.juntadeandalucia.es\/ultimadosis\/files\/2024\/07\/Zombies-Web-300x160.png\" alt=\"\" width=\"300\" height=\"160\" srcset=\"https:\/\/blogsaverroes.juntadeandalucia.es\/ultimadosis\/files\/2024\/07\/Zombies-Web-300x160.png 300w, https:\/\/blogsaverroes.juntadeandalucia.es\/ultimadosis\/files\/2024\/07\/Zombies-Web-1024x546.png 1024w, https:\/\/blogsaverroes.juntadeandalucia.es\/ultimadosis\/files\/2024\/07\/Zombies-Web-768x410.png 768w, https:\/\/blogsaverroes.juntadeandalucia.es\/ultimadosis\/files\/2024\/07\/Zombies-Web-1536x820.png 1536w, https:\/\/blogsaverroes.juntadeandalucia.es\/ultimadosis\/files\/2024\/07\/Zombies-Web.png 1917w\" sizes=\"(max-width: 300px) 100vw, 300px\" \/><\/td>\n<td style=\"width: 50%\"><\/td>\n<\/tr>\n<tr>\n<td style=\"width: 50%\"><strong><span style=\"font-size: 18pt\">Geniallys<\/span><\/strong><\/p>\n<p><a href=\"https:\/\/view.genially.com\/664102e74e3e83001465fba3\" target=\"_blank\" rel=\"noopener\">New Heaven<\/a><\/p>\n<p><a href=\"https:\/\/view.genially.com\/667dbf3b6b3dc60014785ca6\" target=\"_blank\" rel=\"noopener\">New Heaven &#8211; Extrarradio<\/a><\/p>\n<p><a href=\"https:\/\/view.genially.com\/6689989b28d9c30014f6d08f\" target=\"_blank\" rel=\"noopener\">Campamento F\u00e9nix<\/a><\/p>\n<p><a href=\"https:\/\/view.genially.com\/669255c2d83bed41fca2164e\" target=\"_blank\" rel=\"noopener\">Punto Zero<\/a><\/p>\n<p><a href=\"https:\/\/view.genially.com\/6714eccb348b80c67d0fd20b\" target=\"_blank\" rel=\"noopener\">La isla<\/a><\/p>\n<p><a href=\"https:\/\/view.genially.com\/671e22bad917c7e4efb58659\" target=\"_blank\" rel=\"noopener\">B\u00fanker del Apocalipsis<\/a><\/p>\n<p><a href=\"https:\/\/view.genially.com\/671e22c4c30d5439deecfc95\" target=\"_blank\" rel=\"noopener\">La base abandonada<\/a><\/p>\n<p><a href=\"https:\/\/view.genially.com\/66f9a211f195898bb60db869\" target=\"_blank\" rel=\"noopener\">La Torre Vig\u00eda<\/a><\/p>\n<p><a href=\"https:\/\/view.genially.com\/67152a3277fb41323818cf97\" target=\"_blank\" rel=\"noopener\">La Colina del Lamento<\/a><\/p>\n<p><a href=\"https:\/\/view.genially.com\/6723ecb2c7b31ae137d4caeb\" target=\"_blank\" rel=\"noopener\">Fortaleza de Hierro<\/a><\/p>\n<p><a href=\"https:\/\/view.genially.com\/673fcaaf8c6bc48ec6bb757f\" target=\"_blank\" rel=\"noopener\">Vuelta a New Heaven<\/a><\/td>\n<td style=\"width: 50%\"><a href=\"https:\/\/view.genially.com\/6785620d3999088c1fd86f23\" target=\"_blank\" rel=\"noopener\">Cueva del Renacer<\/a><\/p>\n<p><a href=\"https:\/\/view.genially.com\/6794a8d8203bf46baab686ba\" target=\"_blank\" rel=\"noopener\">Cristal City<\/a><\/p>\n<p><a href=\"https:\/\/view.genially.com\/679d225b9a20bfcb160fc8cc?authuser=0\" target=\"_blank\" rel=\"noopener\">Toluca Lake<\/a><\/p>\n<p><a href=\"https:\/\/view.genially.com\/67ae1fedcedbe7c58aa0322a\" target=\"_blank\" rel=\"noopener\">Basti\u00f3n del Silencio<\/a><\/p>\n<p><a href=\"https:\/\/view.genially.com\/67e7013d1b7cae9d8469aec2\" target=\"_blank\" rel=\"noopener\">El Bosque de las Sombras<\/a><\/p>\n<p><a href=\"https:\/\/view.genially.com\/6823874e7188db58276ea1ae\" target=\"_blank\" rel=\"noopener\">Zona este de Ciudad Oscura<\/a><\/p>\n<p><a href=\"https:\/\/view.genially.com\/6824f4e44913e255e8c9edca\" target=\"_blank\" rel=\"noopener\">Zona oeste de Ciudad Oscura<\/a><\/p>\n<p><a href=\"https:\/\/view.genially.com\/68140285a2cf09fb8b43bd2f\" target=\"_blank\" rel=\"noopener\">Zona norte de Ciudad Oscura<\/a><\/p>\n<p><a href=\"https:\/\/view.genially.com\/68175890394add56d38a78af\" target=\"_blank\" rel=\"noopener\">La zona gris<\/a><\/p>\n<p><a href=\"https:\/\/view.genially.com\/681b802e45fe1a8e265b02b4\" target=\"_blank\" rel=\"noopener\">El refugio de los condenados<\/a><\/p>\n<p><a href=\"https:\/\/view.genially.com\/681b96e28e08af888cd399ea\">Zona cero<\/a><\/p>\n<p><a href=\"https:\/\/view.genially.com\/681e6f9f587c1bcf5fad9dc5\" target=\"_blank\" rel=\"noopener\">El laboratorio de Anabela<\/a><\/td>\n<\/tr>\n<tr>\n<td style=\"width: 50%\"><strong><span style=\"font-size: 18pt\">\u00a0<\/span><\/strong><\/td>\n<td style=\"width: 50%\"><img loading=\"lazy\" decoding=\"async\" class=\"alignright wp-image-370 size-medium\" src=\"https:\/\/blogsaverroes.juntadeandalucia.es\/ultimadosis\/files\/2024\/07\/Zombies-4-300x169.png\" alt=\"\" width=\"300\" height=\"169\" srcset=\"https:\/\/blogsaverroes.juntadeandalucia.es\/ultimadosis\/files\/2024\/07\/Zombies-4-300x169.png 300w, https:\/\/blogsaverroes.juntadeandalucia.es\/ultimadosis\/files\/2024\/07\/Zombies-4-1024x576.png 1024w, https:\/\/blogsaverroes.juntadeandalucia.es\/ultimadosis\/files\/2024\/07\/Zombies-4-768x432.png 768w, https:\/\/blogsaverroes.juntadeandalucia.es\/ultimadosis\/files\/2024\/07\/Zombies-4-1536x864.png 1536w, https:\/\/blogsaverroes.juntadeandalucia.es\/ultimadosis\/files\/2024\/07\/Zombies-4.png 2048w\" sizes=\"(max-width: 300px) 100vw, 300px\" \/><\/td>\n<\/tr>\n<tr>\n<td style=\"width: 50%\"><strong><span style=\"font-size: 18pt\">Secretos<\/span><\/strong><\/p>\n<p><a href=\"https:\/\/blogsaverroes.juntadeandalucia.es\/ultimadosis\/uranio-empobrecido\/\">Uranio empobrecido<\/a><\/p>\n<p><a href=\"https:\/\/view.genially.com\/6693f225d83bed41fc384bb9\" target=\"_blank\" rel=\"noopener\">Adoradores del uranio<\/a><\/td>\n<td style=\"width: 50%\"><a href=\"https:\/\/view.genially.com\/67cf6407f39e52d1c2547b45\" target=\"_blank\" rel=\"noopener\">Oasis radiactivo<\/a><\/p>\n<p><a href=\"https:\/\/view.genially.com\/6807ef62b4cbf256b827e427\" target=\"_blank\" rel=\"noopener\">El diario secreto de Anna Fedorova<\/a><\/p>\n<p><a href=\"https:\/\/view.genially.com\/681e6f9f587c1bcf5fad9dc5\" target=\"_blank\" rel=\"noopener\">Laboratorio de Anabela<\/a><\/td>\n<\/tr>\n<tr>\n<td style=\"width: 50%\"><img loading=\"lazy\" decoding=\"async\" class=\"alignnone wp-image-403 size-medium\" src=\"https:\/\/blogsaverroes.juntadeandalucia.es\/ultimadosis\/files\/2024\/07\/Zombies-5-300x199.png\" alt=\"\" width=\"300\" height=\"199\" srcset=\"https:\/\/blogsaverroes.juntadeandalucia.es\/ultimadosis\/files\/2024\/07\/Zombies-5-300x199.png 300w, https:\/\/blogsaverroes.juntadeandalucia.es\/ultimadosis\/files\/2024\/07\/Zombies-5-1024x680.png 1024w, https:\/\/blogsaverroes.juntadeandalucia.es\/ultimadosis\/files\/2024\/07\/Zombies-5-768x510.png 768w, https:\/\/blogsaverroes.juntadeandalucia.es\/ultimadosis\/files\/2024\/07\/Zombies-5-1536x1019.png 1536w, https:\/\/blogsaverroes.juntadeandalucia.es\/ultimadosis\/files\/2024\/07\/Zombies-5.png 2048w\" sizes=\"(max-width: 300px) 100vw, 300px\" \/><\/td>\n<td style=\"width: 50%\"><\/td>\n<\/tr>\n<tr>\n<td style=\"width: 50%\"><strong><span style=\"font-size: 18pt\">Objetos<\/span><\/strong><\/p>\n<p>Uso y efectos de los objetos encontrados durante la aventura&#8230;<\/p>\n<table style=\"border-collapse: collapse;width: 100%\">\n<tbody>\n<tr>\n<td style=\"width: 50%\"><img loading=\"lazy\" decoding=\"async\" class=\"aligncenter wp-image-308 size-medium\" src=\"https:\/\/blogsaverroes.juntadeandalucia.es\/ultimadosis\/files\/2024\/07\/Sugar-265x300.png\" alt=\"\" width=\"265\" height=\"300\" srcset=\"https:\/\/blogsaverroes.juntadeandalucia.es\/ultimadosis\/files\/2024\/07\/Sugar-265x300.png 265w, https:\/\/blogsaverroes.juntadeandalucia.es\/ultimadosis\/files\/2024\/07\/Sugar-903x1024.png 903w, https:\/\/blogsaverroes.juntadeandalucia.es\/ultimadosis\/files\/2024\/07\/Sugar-768x871.png 768w, https:\/\/blogsaverroes.juntadeandalucia.es\/ultimadosis\/files\/2024\/07\/Sugar-1355x1536.png 1355w, https:\/\/blogsaverroes.juntadeandalucia.es\/ultimadosis\/files\/2024\/07\/Sugar.png 1806w\" sizes=\"(max-width: 265px) 100vw, 265px\" \/><\/p>\n<p><img loading=\"lazy\" decoding=\"async\" class=\"aligncenter wp-image-506 size-medium\" src=\"https:\/\/blogsaverroes.juntadeandalucia.es\/ultimadosis\/files\/2024\/09\/Cafe-300x300.png\" alt=\"\" width=\"300\" height=\"300\" srcset=\"https:\/\/blogsaverroes.juntadeandalucia.es\/ultimadosis\/files\/2024\/09\/Cafe-300x300.png 300w, https:\/\/blogsaverroes.juntadeandalucia.es\/ultimadosis\/files\/2024\/09\/Cafe-1024x1024.png 1024w, https:\/\/blogsaverroes.juntadeandalucia.es\/ultimadosis\/files\/2024\/09\/Cafe-150x150.png 150w, https:\/\/blogsaverroes.juntadeandalucia.es\/ultimadosis\/files\/2024\/09\/Cafe-768x768.png 768w, https:\/\/blogsaverroes.juntadeandalucia.es\/ultimadosis\/files\/2024\/09\/Cafe-1536x1536.png 1536w, https:\/\/blogsaverroes.juntadeandalucia.es\/ultimadosis\/files\/2024\/09\/Cafe.png 2048w\" sizes=\"(max-width: 300px) 100vw, 300px\" \/><\/td>\n<td style=\"width: 50%;text-align: center\">Si consigues 10 <strong>botes de az\u00facar<\/strong> puedes cambiarlos por una lata de comida enlatada.<\/p>\n<p>Los botes de <strong>caf\u00e9<\/strong> tienen el mismo efecto.<\/p>\n<p>No se pueden mezclar.<\/td>\n<\/tr>\n<tr>\n<td style=\"width: 50%\"><img loading=\"lazy\" decoding=\"async\" class=\"aligncenter wp-image-310 size-medium\" src=\"https:\/\/blogsaverroes.juntadeandalucia.es\/ultimadosis\/files\/2024\/07\/Pen-300x192.png\" alt=\"\" width=\"300\" height=\"192\" srcset=\"https:\/\/blogsaverroes.juntadeandalucia.es\/ultimadosis\/files\/2024\/07\/Pen-300x192.png 300w, https:\/\/blogsaverroes.juntadeandalucia.es\/ultimadosis\/files\/2024\/07\/Pen-1024x654.png 1024w, https:\/\/blogsaverroes.juntadeandalucia.es\/ultimadosis\/files\/2024\/07\/Pen-768x491.png 768w, https:\/\/blogsaverroes.juntadeandalucia.es\/ultimadosis\/files\/2024\/07\/Pen-1536x981.png 1536w, https:\/\/blogsaverroes.juntadeandalucia.es\/ultimadosis\/files\/2024\/07\/Pen.png 1598w\" sizes=\"(max-width: 300px) 100vw, 300px\" \/><\/td>\n<td style=\"width: 50%;text-align: center\"><strong>Tarjeta de memoria<\/strong>. Incluye un c\u00f3digo para realizar uno de los Geniallys secretos de la aventura&#8230;<\/td>\n<\/tr>\n<tr>\n<td style=\"width: 50%\"><img loading=\"lazy\" decoding=\"async\" class=\"aligncenter wp-image-503 size-medium\" src=\"https:\/\/blogsaverroes.juntadeandalucia.es\/ultimadosis\/files\/2024\/09\/FAKit-300x242.png\" alt=\"\" width=\"300\" height=\"242\" srcset=\"https:\/\/blogsaverroes.juntadeandalucia.es\/ultimadosis\/files\/2024\/09\/FAKit-300x242.png 300w, https:\/\/blogsaverroes.juntadeandalucia.es\/ultimadosis\/files\/2024\/09\/FAKit-1024x827.png 1024w, https:\/\/blogsaverroes.juntadeandalucia.es\/ultimadosis\/files\/2024\/09\/FAKit-768x620.png 768w, https:\/\/blogsaverroes.juntadeandalucia.es\/ultimadosis\/files\/2024\/09\/FAKit-1536x1241.png 1536w, https:\/\/blogsaverroes.juntadeandalucia.es\/ultimadosis\/files\/2024\/09\/FAKit.png 2048w\" sizes=\"(max-width: 300px) 100vw, 300px\" \/><\/td>\n<td style=\"width: 50%;text-align: center\">Si consigues un <strong>botiqu\u00edn<\/strong> puedes intercambiarlo para no quedarte sin jugar en el recreo&#8230;<\/td>\n<\/tr>\n<\/tbody>\n<\/table>\n<p>Busca muy bien, en cualquier lugar puede haber algo interesante&#8230;<\/td>\n<td style=\"width: 50%\">\n<table style=\"border-collapse: collapse;width: 100%\">\n<tbody>\n<tr>\n<td style=\"width: 50%\"><img loading=\"lazy\" decoding=\"async\" class=\"aligncenter wp-image-517 size-medium\" src=\"https:\/\/blogsaverroes.juntadeandalucia.es\/ultimadosis\/files\/2024\/09\/Pila-1-300x272.png\" alt=\"\" width=\"300\" height=\"272\" srcset=\"https:\/\/blogsaverroes.juntadeandalucia.es\/ultimadosis\/files\/2024\/09\/Pila-1-300x272.png 300w, https:\/\/blogsaverroes.juntadeandalucia.es\/ultimadosis\/files\/2024\/09\/Pila-1-1024x930.png 1024w, https:\/\/blogsaverroes.juntadeandalucia.es\/ultimadosis\/files\/2024\/09\/Pila-1-768x698.png 768w, https:\/\/blogsaverroes.juntadeandalucia.es\/ultimadosis\/files\/2024\/09\/Pila-1-1536x1395.png 1536w, https:\/\/blogsaverroes.juntadeandalucia.es\/ultimadosis\/files\/2024\/09\/Pila-1.png 2048w\" sizes=\"(max-width: 300px) 100vw, 300px\" \/><\/td>\n<td style=\"width: 50%;text-align: center\">Rastrea bien las <strong>pilas<\/strong>, en un futuro post apocal\u00edptico pueden ser muy \u00fatiles. Necesitar\u00e1s al menos 5 para poder usar una carta&#8230;<\/td>\n<\/tr>\n<tr>\n<td style=\"width: 50%\"><img loading=\"lazy\" decoding=\"async\" class=\"aligncenter wp-image-307 size-medium\" src=\"https:\/\/blogsaverroes.juntadeandalucia.es\/ultimadosis\/files\/2024\/07\/Pildoras-214x300.png\" alt=\"\" width=\"214\" height=\"300\" srcset=\"https:\/\/blogsaverroes.juntadeandalucia.es\/ultimadosis\/files\/2024\/07\/Pildoras-214x300.png 214w, https:\/\/blogsaverroes.juntadeandalucia.es\/ultimadosis\/files\/2024\/07\/Pildoras-731x1024.png 731w, https:\/\/blogsaverroes.juntadeandalucia.es\/ultimadosis\/files\/2024\/07\/Pildoras-768x1076.png 768w, https:\/\/blogsaverroes.juntadeandalucia.es\/ultimadosis\/files\/2024\/07\/Pildoras-1097x1536.png 1097w, https:\/\/blogsaverroes.juntadeandalucia.es\/ultimadosis\/files\/2024\/07\/Pildoras.png 1462w\" sizes=\"(max-width: 214px) 100vw, 214px\" \/><\/td>\n<td style=\"width: 50%;text-align: center\">Si consigues 10 <strong>botes de pastillas<\/strong> puedes cambiar una carita roja por una carita verde.<\/td>\n<\/tr>\n<tr>\n<td style=\"width: 50%\"><img loading=\"lazy\" decoding=\"async\" class=\"aligncenter wp-image-675 size-medium\" src=\"https:\/\/blogsaverroes.juntadeandalucia.es\/ultimadosis\/files\/2025\/01\/Amuleto-227x300.png\" alt=\"\" width=\"227\" height=\"300\" srcset=\"https:\/\/blogsaverroes.juntadeandalucia.es\/ultimadosis\/files\/2025\/01\/Amuleto-227x300.png 227w, https:\/\/blogsaverroes.juntadeandalucia.es\/ultimadosis\/files\/2025\/01\/Amuleto-776x1024.png 776w, https:\/\/blogsaverroes.juntadeandalucia.es\/ultimadosis\/files\/2025\/01\/Amuleto-768x1013.png 768w, https:\/\/blogsaverroes.juntadeandalucia.es\/ultimadosis\/files\/2025\/01\/Amuleto-1164x1536.png 1164w, https:\/\/blogsaverroes.juntadeandalucia.es\/ultimadosis\/files\/2025\/01\/Amuleto.png 1552w\" sizes=\"(max-width: 227px) 100vw, 227px\" \/><\/td>\n<td style=\"width: 50%;text-align: center\"><strong>Amuleto de la suerte.<\/strong> Cuando uses la carta para coger un manga sumas +1 a tu tirada de dados por cada amuleto que tengas en tu poder.<\/p>\n<p>Puedes conseguir un m\u00e1ximo de tres amuletos.<\/td>\n<\/tr>\n<\/tbody>\n<\/table>\n<\/td>\n<\/tr>\n<tr>\n<td style=\"width: 50%\"><strong><span style=\"font-size: 18pt\">\u00a0<\/span><\/strong><\/td>\n<td style=\"width: 50%\"><img loading=\"lazy\" decoding=\"async\" class=\"alignright wp-image-379 size-medium\" src=\"https:\/\/blogsaverroes.juntadeandalucia.es\/ultimadosis\/files\/2024\/07\/Skyline-02-300x169.png\" alt=\"\" width=\"300\" height=\"169\" srcset=\"https:\/\/blogsaverroes.juntadeandalucia.es\/ultimadosis\/files\/2024\/07\/Skyline-02-300x169.png 300w, https:\/\/blogsaverroes.juntadeandalucia.es\/ultimadosis\/files\/2024\/07\/Skyline-02-1024x579.png 1024w, https:\/\/blogsaverroes.juntadeandalucia.es\/ultimadosis\/files\/2024\/07\/Skyline-02-768x434.png 768w, https:\/\/blogsaverroes.juntadeandalucia.es\/ultimadosis\/files\/2024\/07\/Skyline-02-1536x868.png 1536w, https:\/\/blogsaverroes.juntadeandalucia.es\/ultimadosis\/files\/2024\/07\/Skyline-02.png 2048w\" sizes=\"(max-width: 300px) 100vw, 300px\" \/><\/td>\n<\/tr>\n<tr>\n<td style=\"width: 100%\" colspan=\"2\"><strong><span style=\"font-size: 18pt\">Mapa<\/span><\/strong><\/p>\n<p><a href=\"https:\/\/view.genially.com\/66a813f5310c3c11d6d6ba21\" target=\"_blank\" rel=\"noopener\"><img loading=\"lazy\" decoding=\"async\" class=\"alignnone wp-image-427 size-full\" src=\"https:\/\/blogsaverroes.juntadeandalucia.es\/ultimadosis\/files\/2024\/07\/New-heaven-Web.jpg\" alt=\"\" width=\"1589\" height=\"1122\" srcset=\"https:\/\/blogsaverroes.juntadeandalucia.es\/ultimadosis\/files\/2024\/07\/New-heaven-Web.jpg 1589w, https:\/\/blogsaverroes.juntadeandalucia.es\/ultimadosis\/files\/2024\/07\/New-heaven-Web-300x212.jpg 300w, https:\/\/blogsaverroes.juntadeandalucia.es\/ultimadosis\/files\/2024\/07\/New-heaven-Web-1024x723.jpg 1024w, https:\/\/blogsaverroes.juntadeandalucia.es\/ultimadosis\/files\/2024\/07\/New-heaven-Web-768x542.jpg 768w, https:\/\/blogsaverroes.juntadeandalucia.es\/ultimadosis\/files\/2024\/07\/New-heaven-Web-1536x1085.jpg 1536w\" sizes=\"(max-width: 1589px) 100vw, 1589px\" \/><\/a><\/p>\n<p>Pulsa en el mapa para abrirlo a pantalla completa.<\/td>\n<\/tr>\n<\/tbody>\n<\/table>\n<p><img loading=\"lazy\" decoding=\"async\" class=\"alignnone size-full wp-image-205\" src=\"https:\/\/blogsaverroes.juntadeandalucia.es\/ultimadosis\/files\/2024\/05\/Borde-inferior.png\" alt=\"\" width=\"2000\" height=\"200\" srcset=\"https:\/\/blogsaverroes.juntadeandalucia.es\/ultimadosis\/files\/2024\/05\/Borde-inferior.png 2000w, https:\/\/blogsaverroes.juntadeandalucia.es\/ultimadosis\/files\/2024\/05\/Borde-inferior-300x30.png 300w, https:\/\/blogsaverroes.juntadeandalucia.es\/ultimadosis\/files\/2024\/05\/Borde-inferior-1024x102.png 1024w, https:\/\/blogsaverroes.juntadeandalucia.es\/ultimadosis\/files\/2024\/05\/Borde-inferior-768x77.png 768w, https:\/\/blogsaverroes.juntadeandalucia.es\/ultimadosis\/files\/2024\/05\/Borde-inferior-1536x154.png 1536w\" sizes=\"(max-width: 2000px) 100vw, 2000px\" \/><\/p>\n","protected":false},"excerpt":{"rendered":"<p>Lo que debes saber&#8230; La historia de \u00daltima dosis: Vial XJ-1 es compleja, por lo que te aconsejamos que leas todos los documentos que vayas&hellip;<\/p>\n","protected":false},"author":6073,"featured_media":0,"parent":0,"menu_order":0,"comment_status":"closed","ping_status":"closed","template":"","meta":{"footnotes":""},"aioseo_notices":[],"_links":{"self":[{"href":"https:\/\/blogsaverroes.juntadeandalucia.es\/ultimadosis\/wp-json\/wp\/v2\/pages\/27"}],"collection":[{"href":"https:\/\/blogsaverroes.juntadeandalucia.es\/ultimadosis\/wp-json\/wp\/v2\/pages"}],"about":[{"href":"https:\/\/blogsaverroes.juntadeandalucia.es\/ultimadosis\/wp-json\/wp\/v2\/types\/page"}],"author":[{"embeddable":true,"href":"https:\/\/blogsaverroes.juntadeandalucia.es\/ultimadosis\/wp-json\/wp\/v2\/users\/6073"}],"replies":[{"embeddable":true,"href":"https:\/\/blogsaverroes.juntadeandalucia.es\/ultimadosis\/wp-json\/wp\/v2\/comments?post=27"}],"version-history":[{"count":88,"href":"https:\/\/blogsaverroes.juntadeandalucia.es\/ultimadosis\/wp-json\/wp\/v2\/pages\/27\/revisions"}],"predecessor-version":[{"id":1049,"href":"https:\/\/blogsaverroes.juntadeandalucia.es\/ultimadosis\/wp-json\/wp\/v2\/pages\/27\/revisions\/1049"}],"wp:attachment":[{"href":"https:\/\/blogsaverroes.juntadeandalucia.es\/ultimadosis\/wp-json\/wp\/v2\/media?parent=27"}],"curies":[{"name":"wp","href":"https:\/\/api.w.org\/{rel}","templated":true}]}}