{"id":477,"date":"2024-09-26T00:29:20","date_gmt":"2024-09-25T22:29:20","guid":{"rendered":"https:\/\/blogsaverroes.juntadeandalucia.es\/ultimadosis\/?page_id=477"},"modified":"2025-03-22T12:35:33","modified_gmt":"2025-03-22T11:35:33","slug":"que-ha-pasado","status":"publish","type":"page","link":"https:\/\/blogsaverroes.juntadeandalucia.es\/ultimadosis\/que-ha-pasado\/","title":{"rendered":"\u00bfQu\u00e9 ha pasado?"},"content":{"rendered":"<p>Hace cien a\u00f1os, la humanidad se enfrent\u00f3 a su peor crisis cuando un nuevo virus, conocido como \u00abSkullsucker\u00bb, surgi\u00f3 debido a la contaminaci\u00f3n, las guerras y el calentamiento global. En cuesti\u00f3n de semanas, el virus transform\u00f3 al 99% de la poblaci\u00f3n mundial en zombis o en criaturas a\u00fan m\u00e1s terror\u00edficas. Los pocos supervivientes se agruparon en clanes para protegerse, pero en lugar de aprender de los errores del pasado, se sumieron en guerras y luchas por el control del territorio que quedaba en pie.<\/p>\n<p><img loading=\"lazy\" decoding=\"async\" class=\"alignnone size-full wp-image-478\" src=\"https:\/\/blogsaverroes.juntadeandalucia.es\/ultimadosis\/files\/2024\/09\/Zombis-scaled.jpg\" alt=\"\" width=\"2560\" height=\"1448\" srcset=\"https:\/\/blogsaverroes.juntadeandalucia.es\/ultimadosis\/files\/2024\/09\/Zombis-scaled.jpg 2560w, https:\/\/blogsaverroes.juntadeandalucia.es\/ultimadosis\/files\/2024\/09\/Zombis-300x170.jpg 300w, https:\/\/blogsaverroes.juntadeandalucia.es\/ultimadosis\/files\/2024\/09\/Zombis-1024x579.jpg 1024w, https:\/\/blogsaverroes.juntadeandalucia.es\/ultimadosis\/files\/2024\/09\/Zombis-768x434.jpg 768w, https:\/\/blogsaverroes.juntadeandalucia.es\/ultimadosis\/files\/2024\/09\/Zombis-1536x869.jpg 1536w, https:\/\/blogsaverroes.juntadeandalucia.es\/ultimadosis\/files\/2024\/09\/Zombis-2048x1158.jpg 2048w\" sizes=\"(max-width: 2560px) 100vw, 2560px\" \/><\/p>\n<p>En este mundo devastado y sin ley, la \u00fanica esperanza reside en la bioqu\u00edmica Anabela Shurkina, quien dedic\u00f3 su vida a encontrar una cura. Despu\u00e9s de a\u00f1os de investigaci\u00f3n, Anabela cre\u00f3 la vacuna XJ-1, capaz de revertir los efectos del virus. Pero justo cuando estaba a punto de distribuirla, desapareci\u00f3 misteriosamente y el \u00fanico vial de la vacuna fue robado.<\/p>\n<p><img loading=\"lazy\" decoding=\"async\" class=\"alignnone size-full wp-image-480\" src=\"https:\/\/blogsaverroes.juntadeandalucia.es\/ultimadosis\/files\/2024\/09\/Pripiat02-scaled.jpg\" alt=\"\" width=\"2560\" height=\"1448\" srcset=\"https:\/\/blogsaverroes.juntadeandalucia.es\/ultimadosis\/files\/2024\/09\/Pripiat02-scaled.jpg 2560w, https:\/\/blogsaverroes.juntadeandalucia.es\/ultimadosis\/files\/2024\/09\/Pripiat02-300x170.jpg 300w, https:\/\/blogsaverroes.juntadeandalucia.es\/ultimadosis\/files\/2024\/09\/Pripiat02-1024x579.jpg 1024w, https:\/\/blogsaverroes.juntadeandalucia.es\/ultimadosis\/files\/2024\/09\/Pripiat02-768x434.jpg 768w, https:\/\/blogsaverroes.juntadeandalucia.es\/ultimadosis\/files\/2024\/09\/Pripiat02-1536x869.jpg 1536w, https:\/\/blogsaverroes.juntadeandalucia.es\/ultimadosis\/files\/2024\/09\/Pripiat02-2048x1158.jpg 2048w\" sizes=\"(max-width: 2560px) 100vw, 2560px\" \/><\/p>\n<p>El destino de la humanidad depende ahora de nuestro grupo de valientes, que tiene dos objetivos: encontrar a Anabela y recuperar el vial para salvar lo que queda del mundo. En su b\u00fasqueda, han enfrentado a clanes violentos, zombis y criaturas espeluznantes. Cada paso les acerca m\u00e1s a la verdad, pero tambi\u00e9n revela nuevos peligros y enemigos ocultos.<\/p>\n<p><img loading=\"lazy\" decoding=\"async\" class=\"alignnone size-full wp-image-479\" src=\"https:\/\/blogsaverroes.juntadeandalucia.es\/ultimadosis\/files\/2024\/09\/Pripiat01-scaled.jpg\" alt=\"\" width=\"2560\" height=\"1448\" srcset=\"https:\/\/blogsaverroes.juntadeandalucia.es\/ultimadosis\/files\/2024\/09\/Pripiat01-scaled.jpg 2560w, https:\/\/blogsaverroes.juntadeandalucia.es\/ultimadosis\/files\/2024\/09\/Pripiat01-300x170.jpg 300w, https:\/\/blogsaverroes.juntadeandalucia.es\/ultimadosis\/files\/2024\/09\/Pripiat01-1024x579.jpg 1024w, https:\/\/blogsaverroes.juntadeandalucia.es\/ultimadosis\/files\/2024\/09\/Pripiat01-768x434.jpg 768w, https:\/\/blogsaverroes.juntadeandalucia.es\/ultimadosis\/files\/2024\/09\/Pripiat01-1536x869.jpg 1536w, https:\/\/blogsaverroes.juntadeandalucia.es\/ultimadosis\/files\/2024\/09\/Pripiat01-2048x1158.jpg 2048w\" sizes=\"(max-width: 2560px) 100vw, 2560px\" \/><\/p>\n<p>Ahora, con cada pista que encuentran, no solo luchan por la cura, sino tambi\u00e9n por la supervivencia en un mundo donde la esperanza es un bien escaso y la traici\u00f3n acecha en cada esquina. \u00bfPodr\u00e1n lograr su misi\u00f3n y salvar a la humanidad antes de que sea demasiado tarde? \u00a1\u00danete a esta \u00e9pica aventura y descubre el destino de Anabela y el futuro de nuestro mundo!<\/p>\n<p><img loading=\"lazy\" decoding=\"async\" class=\"alignnone size-full wp-image-205\" src=\"https:\/\/blogsaverroes.juntadeandalucia.es\/ultimadosis\/files\/2024\/05\/Borde-inferior.png\" alt=\"\" width=\"2000\" height=\"200\" srcset=\"https:\/\/blogsaverroes.juntadeandalucia.es\/ultimadosis\/files\/2024\/05\/Borde-inferior.png 2000w, https:\/\/blogsaverroes.juntadeandalucia.es\/ultimadosis\/files\/2024\/05\/Borde-inferior-300x30.png 300w, https:\/\/blogsaverroes.juntadeandalucia.es\/ultimadosis\/files\/2024\/05\/Borde-inferior-1024x102.png 1024w, https:\/\/blogsaverroes.juntadeandalucia.es\/ultimadosis\/files\/2024\/05\/Borde-inferior-768x77.png 768w, https:\/\/blogsaverroes.juntadeandalucia.es\/ultimadosis\/files\/2024\/05\/Borde-inferior-1536x154.png 1536w\" sizes=\"(max-width: 2000px) 100vw, 2000px\" \/><\/p>\n","protected":false},"excerpt":{"rendered":"<p>Hace cien a\u00f1os, la humanidad se enfrent\u00f3 a su peor crisis cuando un nuevo virus, conocido como \u00abSkullsucker\u00bb, surgi\u00f3 debido a la contaminaci\u00f3n, las guerras&hellip;<\/p>\n","protected":false},"author":6073,"featured_media":478,"parent":0,"menu_order":0,"comment_status":"closed","ping_status":"closed","template":"","meta":{"footnotes":""},"aioseo_notices":[],"_links":{"self":[{"href":"https:\/\/blogsaverroes.juntadeandalucia.es\/ultimadosis\/wp-json\/wp\/v2\/pages\/477"}],"collection":[{"href":"https:\/\/blogsaverroes.juntadeandalucia.es\/ultimadosis\/wp-json\/wp\/v2\/pages"}],"about":[{"href":"https:\/\/blogsaverroes.juntadeandalucia.es\/ultimadosis\/wp-json\/wp\/v2\/types\/page"}],"author":[{"embeddable":true,"href":"https:\/\/blogsaverroes.juntadeandalucia.es\/ultimadosis\/wp-json\/wp\/v2\/users\/6073"}],"replies":[{"embeddable":true,"href":"https:\/\/blogsaverroes.juntadeandalucia.es\/ultimadosis\/wp-json\/wp\/v2\/comments?post=477"}],"version-history":[{"count":1,"href":"https:\/\/blogsaverroes.juntadeandalucia.es\/ultimadosis\/wp-json\/wp\/v2\/pages\/477\/revisions"}],"predecessor-version":[{"id":481,"href":"https:\/\/blogsaverroes.juntadeandalucia.es\/ultimadosis\/wp-json\/wp\/v2\/pages\/477\/revisions\/481"}],"wp:featuredmedia":[{"embeddable":true,"href":"https:\/\/blogsaverroes.juntadeandalucia.es\/ultimadosis\/wp-json\/wp\/v2\/media\/478"}],"wp:attachment":[{"href":"https:\/\/blogsaverroes.juntadeandalucia.es\/ultimadosis\/wp-json\/wp\/v2\/media?parent=477"}],"curies":[{"name":"wp","href":"https:\/\/api.w.org\/{rel}","templated":true}]}}