{"id":50,"date":"2010-05-02T19:18:41","date_gmt":"2010-05-02T19:18:41","guid":{"rendered":"http:\/\/demo.themify.me\/blogfolio\/portfolio\/"},"modified":"2024-05-17T01:12:04","modified_gmt":"2024-05-16T23:12:04","slug":"vacuna","status":"publish","type":"page","link":"https:\/\/blogsaverroes.juntadeandalucia.es\/ultimadosis\/vacuna\/","title":{"rendered":"La vacuna"},"content":{"rendered":"<p>Anabela ha pasado a\u00f1os escondida en su laboratorio intentando sintetizar la vacuna XJ-1. La pista para empezar la investigaci\u00f3n la encontr\u00f3 en un viejo libro escondido en una biblioteca de New Heaven. Tras registrar su laboratorio, nuestro grupo ha descubierto que el C\u00f3dice Antiguo, que es como se conoce dicho libro, ha desaparecido. Este objeto es clave ya que contiene las f\u00f3rmulas qu\u00edmicas para la creaci\u00f3n de la vacuna. Pero no es el \u00fanico, para crear la vacuna se necesitan otros tres objetos:<\/p>\n<p><img loading=\"lazy\" decoding=\"async\" class=\"alignnone size-full wp-image-214\" src=\"https:\/\/blogsaverroes.juntadeandalucia.es\/ultimadosis\/files\/2024\/05\/Vacuna-Obje.png\" alt=\"\" width=\"2000\" height=\"400\" srcset=\"https:\/\/blogsaverroes.juntadeandalucia.es\/ultimadosis\/files\/2024\/05\/Vacuna-Obje.png 2000w, https:\/\/blogsaverroes.juntadeandalucia.es\/ultimadosis\/files\/2024\/05\/Vacuna-Obje-300x60.png 300w, https:\/\/blogsaverroes.juntadeandalucia.es\/ultimadosis\/files\/2024\/05\/Vacuna-Obje-1024x205.png 1024w, https:\/\/blogsaverroes.juntadeandalucia.es\/ultimadosis\/files\/2024\/05\/Vacuna-Obje-768x154.png 768w, https:\/\/blogsaverroes.juntadeandalucia.es\/ultimadosis\/files\/2024\/05\/Vacuna-Obje-1536x307.png 1536w\" sizes=\"(max-width: 2000px) 100vw, 2000px\" \/><\/p>\n<p><strong>1.- C\u00f3dice Antiguo:<\/strong><\/p>\n<p>Un libro antiguo encuadernado en cuero con intrincados detalles dorados en la cubierta. Las p\u00e1ginas est\u00e1n llenas de notas escritas a mano y diagramas, que detallan las primeras etapas de la investigaci\u00f3n de la vacuna. Contiene el conocimiento fundamental y las f\u00f3rmulas qu\u00edmicas necesarias para la creaci\u00f3n de la vacuna XJ-1.<\/p>\n<p><strong>2.- Cristal Bio:<\/strong><\/p>\n<p>Un peque\u00f1o cristal brillante encerrado en una funda protectora transparente. El cristal emite una suave luz azul y tiene una estructura molecular \u00fanica que es crucial para estabilizar la vacuna. Se cree que est\u00e1 formado a partir de un mineral raro que reacciona de manera \u00fanica al virus Skullsucker.<\/p>\n<p><strong>3.- Procesador Cu\u00e1ntico:<\/strong><\/p>\n<p>Un dispositivo met\u00e1lico elegante no m\u00e1s grande que un tel\u00e9fono inteligente, incrustado con capacidades avanzadas de computaci\u00f3n cu\u00e1ntica. Este procesador es esencial para ejecutar simulaciones y c\u00e1lculos complejos necesarios para sintetizar con precisi\u00f3n los componentes de la vacuna. Tiene una interfaz hologr\u00e1fica y un almacenamiento de datos seguro y encriptado.<\/p>\n<p><strong>4.- Vial del Catalizador X:<\/strong><\/p>\n<p>Un vial delgado de vidrio reforzado que contiene un l\u00edquido verde vivo. Este catalizador es una enzima rara extra\u00edda de una especie de planta ahora extinta que acelera la eficacia de la vacuna. El vial est\u00e1 marcado con una serie de runas y notaciones cient\u00edficas, que indican su papel cr\u00edtico en el desarrollo de la vacuna.<\/p>\n<p>Durante tus misiones deber\u00e1s prestar mucha atenci\u00f3n; y si descubres alguno de estos cuatro objetos, deber\u00e1s dar la voz de alarma y mandar de inmediato un mensaje contando lo que has encontrado&#8230;<\/p>\n<p>&nbsp;<\/p>\n<p><img loading=\"lazy\" decoding=\"async\" class=\"alignnone size-full wp-image-205\" src=\"https:\/\/blogsaverroes.juntadeandalucia.es\/ultimadosis\/files\/2024\/05\/Borde-inferior.png\" alt=\"\" width=\"2000\" height=\"200\" srcset=\"https:\/\/blogsaverroes.juntadeandalucia.es\/ultimadosis\/files\/2024\/05\/Borde-inferior.png 2000w, https:\/\/blogsaverroes.juntadeandalucia.es\/ultimadosis\/files\/2024\/05\/Borde-inferior-300x30.png 300w, https:\/\/blogsaverroes.juntadeandalucia.es\/ultimadosis\/files\/2024\/05\/Borde-inferior-1024x102.png 1024w, https:\/\/blogsaverroes.juntadeandalucia.es\/ultimadosis\/files\/2024\/05\/Borde-inferior-768x77.png 768w, https:\/\/blogsaverroes.juntadeandalucia.es\/ultimadosis\/files\/2024\/05\/Borde-inferior-1536x154.png 1536w\" sizes=\"(max-width: 2000px) 100vw, 2000px\" \/><\/p>\n","protected":false},"excerpt":{"rendered":"<p>Anabela ha pasado a\u00f1os escondida en su laboratorio intentando sintetizar la vacuna XJ-1. La pista para empezar la investigaci\u00f3n la encontr\u00f3 en un viejo libro&hellip;<\/p>\n","protected":false},"author":6073,"featured_media":0,"parent":0,"menu_order":0,"comment_status":"closed","ping_status":"closed","template":"","meta":{"footnotes":""},"aioseo_notices":[],"_links":{"self":[{"href":"https:\/\/blogsaverroes.juntadeandalucia.es\/ultimadosis\/wp-json\/wp\/v2\/pages\/50"}],"collection":[{"href":"https:\/\/blogsaverroes.juntadeandalucia.es\/ultimadosis\/wp-json\/wp\/v2\/pages"}],"about":[{"href":"https:\/\/blogsaverroes.juntadeandalucia.es\/ultimadosis\/wp-json\/wp\/v2\/types\/page"}],"author":[{"embeddable":true,"href":"https:\/\/blogsaverroes.juntadeandalucia.es\/ultimadosis\/wp-json\/wp\/v2\/users\/6073"}],"replies":[{"embeddable":true,"href":"https:\/\/blogsaverroes.juntadeandalucia.es\/ultimadosis\/wp-json\/wp\/v2\/comments?post=50"}],"version-history":[{"count":6,"href":"https:\/\/blogsaverroes.juntadeandalucia.es\/ultimadosis\/wp-json\/wp\/v2\/pages\/50\/revisions"}],"predecessor-version":[{"id":211,"href":"https:\/\/blogsaverroes.juntadeandalucia.es\/ultimadosis\/wp-json\/wp\/v2\/pages\/50\/revisions\/211"}],"wp:attachment":[{"href":"https:\/\/blogsaverroes.juntadeandalucia.es\/ultimadosis\/wp-json\/wp\/v2\/media?parent=50"}],"curies":[{"name":"wp","href":"https:\/\/api.w.org\/{rel}","templated":true}]}}