{"id":2,"date":"2019-10-14T22:31:56","date_gmt":"2019-10-14T20:31:56","guid":{"rendered":"https:\/\/blogsaverroes.juntadeandalucia.es\/unaodiseaespecial\/?page_id=2"},"modified":"2020-03-31T18:24:32","modified_gmt":"2020-03-31T16:24:32","slug":"pagina-ejemplo","status":"publish","type":"page","link":"https:\/\/blogsaverroes.juntadeandalucia.es\/unaodiseaespecial\/pagina-ejemplo\/","title":{"rendered":"Sobre m\u00ed"},"content":{"rendered":"\r\n<h3 id=\"post-body-3333395660675077599\">\u00a1Bienvenidos\/as al blog Una odisea Especial!<\/h3>\r\n<table style=\"font-family: 'Open Sans', sans-serif;font-size: 15px;width: 100%\">\r\n<tbody>\r\n<tr>\r\n<td style=\"width: 30%;vertical-align: middle\" rowspan=\"2\"><img loading=\"lazy\" decoding=\"async\" class=\"wp-image-43 aligncenter\" src=\"https:\/\/blogsaverroes.juntadeandalucia.es\/unaodiseaespecial\/files\/2019\/10\/Tron-150x150.png\" alt=\"\" width=\"160\" height=\"160\"><\/td>\r\n<td style=\"text-align: left;vertical-align: middle\">A trav\u00e9s de esta nave tripulada por Jesica Rosa Delgado (maestra de Pedagog\u00eda Terap\u00e9utica), compartiremos <strong>recursos para atender a la diversidad<\/strong> en las aulas.<\/td>\r\n<\/tr>\r\n<tr>\r\n<td style=\"text-align: left;vertical-align: middle\">\r\n<blockquote>Nuestra misi\u00f3n: ser un punto de encuentro desde el que podamos intercambiar experiencias, materiales o ideas caminar hacia la inclusi\u00f3n.<\/blockquote>\r\n<\/td>\r\n<\/tr>\r\n<\/tbody>\r\n<\/table>\r\n<p><\/p>\r\n<p>&nbsp;<\/p>\r\n<p style=\"text-align: center\"><iframe loading=\"lazy\" src=\"https:\/\/www.youtube.com\/embed\/9Lnk0-xBleg\" width=\"560\" height=\"315\" frameborder=\"0\"><\/iframe><\/p>","protected":false},"excerpt":{"rendered":"<p>\u00a1Bienvenidos\/as al blog Una odisea Especial! A trav\u00e9s de esta nave tripulada por Jesica Rosa Delgado (maestra de Pedagog\u00eda Terap\u00e9utica), compartiremos recursos para atender a la diversidad en las aulas. Nuestra misi\u00f3n: ser un&#46;&#46;&#46;<\/p>\n","protected":false},"author":7752,"featured_media":0,"parent":0,"menu_order":0,"comment_status":"closed","ping_status":"open","template":"","meta":{"ngg_post_thumbnail":0,"footnotes":""},"aioseo_notices":[],"_links":{"self":[{"href":"https:\/\/blogsaverroes.juntadeandalucia.es\/unaodiseaespecial\/wp-json\/wp\/v2\/pages\/2"}],"collection":[{"href":"https:\/\/blogsaverroes.juntadeandalucia.es\/unaodiseaespecial\/wp-json\/wp\/v2\/pages"}],"about":[{"href":"https:\/\/blogsaverroes.juntadeandalucia.es\/unaodiseaespecial\/wp-json\/wp\/v2\/types\/page"}],"author":[{"embeddable":true,"href":"https:\/\/blogsaverroes.juntadeandalucia.es\/unaodiseaespecial\/wp-json\/wp\/v2\/users\/7752"}],"replies":[{"embeddable":true,"href":"https:\/\/blogsaverroes.juntadeandalucia.es\/unaodiseaespecial\/wp-json\/wp\/v2\/comments?post=2"}],"version-history":[{"count":3,"href":"https:\/\/blogsaverroes.juntadeandalucia.es\/unaodiseaespecial\/wp-json\/wp\/v2\/pages\/2\/revisions"}],"predecessor-version":[{"id":116,"href":"https:\/\/blogsaverroes.juntadeandalucia.es\/unaodiseaespecial\/wp-json\/wp\/v2\/pages\/2\/revisions\/116"}],"wp:attachment":[{"href":"https:\/\/blogsaverroes.juntadeandalucia.es\/unaodiseaespecial\/wp-json\/wp\/v2\/media?parent=2"}],"curies":[{"name":"wp","href":"https:\/\/api.w.org\/{rel}","templated":true}]}}