{"id":6273,"date":"2024-02-23T11:45:59","date_gmt":"2024-02-23T10:45:59","guid":{"rendered":"https:\/\/blogsaverroes.juntadeandalucia.es\/valderrubio\/?page_id=6273"},"modified":"2024-04-30T09:48:03","modified_gmt":"2024-04-30T07:48:03","slug":"catalogo","status":"publish","type":"page","link":"https:\/\/blogsaverroes.juntadeandalucia.es\/valderrubio\/catalogo\/","title":{"rendered":"Cat\u00e1logo"},"content":{"rendered":"<p>Puedes acceder al cat\u00e1logo del colegio desde cualquier navegador a trav\u00e9s de este enlace.<\/p>\n<p>&nbsp;<\/p>\n<p><a title=\"Cat\u00e1logo de la biblioteca del colegio\" href=\"https:\/\/www.juntadeandalucia.es\/educacion\/senecav2\/seneca\/biblioweb\/portal\/18007678\">Cat\u00e1logo de la biblioteca del colegio<\/a><\/p>\n","protected":false},"excerpt":{"rendered":"<p>Puedes acceder al cat\u00e1logo del colegio desde cualquier navegador a trav\u00e9s de este enlace. &nbsp; Cat\u00e1logo de la biblioteca del colegio<\/p>\n","protected":false},"author":4031,"featured_media":0,"parent":0,"menu_order":0,"comment_status":"closed","ping_status":"closed","template":"","meta":{"_exactmetrics_skip_tracking":false,"_exactmetrics_sitenote_active":false,"_exactmetrics_sitenote_note":"","_exactmetrics_sitenote_category":0,"ngg_post_thumbnail":0,"footnotes":""},"aioseo_notices":[],"_links":{"self":[{"href":"https:\/\/blogsaverroes.juntadeandalucia.es\/valderrubio\/wp-json\/wp\/v2\/pages\/6273"}],"collection":[{"href":"https:\/\/blogsaverroes.juntadeandalucia.es\/valderrubio\/wp-json\/wp\/v2\/pages"}],"about":[{"href":"https:\/\/blogsaverroes.juntadeandalucia.es\/valderrubio\/wp-json\/wp\/v2\/types\/page"}],"author":[{"embeddable":true,"href":"https:\/\/blogsaverroes.juntadeandalucia.es\/valderrubio\/wp-json\/wp\/v2\/users\/4031"}],"replies":[{"embeddable":true,"href":"https:\/\/blogsaverroes.juntadeandalucia.es\/valderrubio\/wp-json\/wp\/v2\/comments?post=6273"}],"version-history":[{"count":3,"href":"https:\/\/blogsaverroes.juntadeandalucia.es\/valderrubio\/wp-json\/wp\/v2\/pages\/6273\/revisions"}],"predecessor-version":[{"id":6417,"href":"https:\/\/blogsaverroes.juntadeandalucia.es\/valderrubio\/wp-json\/wp\/v2\/pages\/6273\/revisions\/6417"}],"wp:attachment":[{"href":"https:\/\/blogsaverroes.juntadeandalucia.es\/valderrubio\/wp-json\/wp\/v2\/media?parent=6273"}],"curies":[{"name":"wp","href":"https:\/\/api.w.org\/{rel}","templated":true}]}}