{"id":1058,"date":"2021-04-27T17:15:54","date_gmt":"2021-04-27T17:15:54","guid":{"rendered":"https:\/\/blogsaverroes.juntadeandalucia.es\/vegabilinguismo\/?page_id=1058"},"modified":"2025-03-13T09:08:45","modified_gmt":"2025-03-13T09:08:45","slug":"improve-your-grammar","status":"publish","type":"page","link":"https:\/\/blogsaverroes.juntadeandalucia.es\/vegabilinguismo\/improve-your-grammar\/","title":{"rendered":"Improve Your Grammar"},"content":{"rendered":"<h3><img loading=\"lazy\" decoding=\"async\" class=\" wp-image-1761 aligncenter\" src=\"https:\/\/blogsaverroes.juntadeandalucia.es\/vegabilinguismo\/files\/2022\/02\/LogoMakr-88df0t.png\" alt=\"\" width=\"427\" height=\"198\"><\/h3>\n<h3><img loading=\"lazy\" decoding=\"async\" class=\"wp-image-754 alignright\" src=\"https:\/\/blogsaverroes.juntadeandalucia.es\/vegabilinguismo\/files\/2021\/01\/created-with-logomakr.png\" alt=\"\" width=\"85\" height=\"37\" srcset=\"https:\/\/blogsaverroes.juntadeandalucia.es\/vegabilinguismo\/files\/2021\/01\/created-with-logomakr.png 210w, https:\/\/blogsaverroes.juntadeandalucia.es\/vegabilinguismo\/files\/2021\/01\/created-with-logomakr-24x11.png 24w, https:\/\/blogsaverroes.juntadeandalucia.es\/vegabilinguismo\/files\/2021\/01\/created-with-logomakr-36x16.png 36w, https:\/\/blogsaverroes.juntadeandalucia.es\/vegabilinguismo\/files\/2021\/01\/created-with-logomakr-48x21.png 48w\" sizes=\"(max-width: 85px) 100vw, 85px\" \/><\/h3>\n<h3>&nbsp;<\/h3>\n<p><span style=\"color: #ff0000\"><strong>Click on this image to review&nbsp;<\/strong><\/span> <a href=\"https:\/\/blogsaverroes.juntadeandalucia.es\/vegabilinguismo\/basic-grammar\/\" target=\"_blank\" rel=\"noopener noreferrer\"><img loading=\"lazy\" decoding=\"async\" class=\"\" src=\"https:\/\/blogsaverroes.juntadeandalucia.es\/vegabilinguismo\/files\/2022\/10\/basic-grammar-2-300x58.png\" width=\"207\" height=\"40\"><\/a><\/p>\n<h3 class=\"font_3\" style=\"text-align: center\"><span style=\"color: #993300\"><strong><span style=\"font-size: 14pt\">Good grammar <\/span><\/strong><\/span><span style=\"font-size: 14pt\"><strong style=\"color: #993300\">helps you to express your ideas more easily&nbsp; &amp; to improve your English skills: reading, writing, listening &amp; speaking.<\/strong><\/span><\/h3>\n<p style=\"text-align: center\"><strong><span style=\"color: #993300\">Click on the structure you would like to practise to access the activities:<\/span><\/strong><\/p>\n<p style=\"text-align: center\"><span style=\"font-size: 14pt\"><a href=\"https:\/\/blogsaverroes.juntadeandalucia.es\/vegabilinguismo\/tenses\/\" target=\"_blank\" rel=\"noopener noreferrer\"><span style=\"color: #ff6600\"><strong>Tenses<\/strong><\/span><\/a><\/span><\/p>\n<p style=\"text-align: center\"><span style=\"font-size: 14pt\"><a href=\"https:\/\/blogsaverroes.juntadeandalucia.es\/vegabilinguismo\/conditionals\/\" target=\"_blank\" rel=\"noopener noreferrer\"><span style=\"color: #808000\"><strong><span style=\"color: #ff6600\">Conditionals<\/span><\/strong><\/span><\/a><\/span><\/p>\n<p style=\"text-align: center\"><a href=\"https:\/\/blogsaverroes.juntadeandalucia.es\/vegabilinguismo\/time-clauses\/\" target=\"_blank\" rel=\"noopener noreferrer\"><span style=\"font-size: 14pt\"><strong><span style=\"color: #ff6600\">Time Clauses<\/span><\/strong><\/span><\/a><\/p>\n<p style=\"text-align: center\"><a href=\"https:\/\/blogsaverroes.juntadeandalucia.es\/vegabilinguismo\/wish-clauses\/\" target=\"_blank\" rel=\"noopener noreferrer\"><span style=\"font-size: 14pt\"><strong><span style=\"color: #ff6600\">Wish Clauses<\/span><\/strong><\/span><\/a><\/p>\n<p style=\"text-align: center\"><span style=\"font-size: 14pt\"><a href=\"https:\/\/blogsaverroes.juntadeandalucia.es\/vegabilinguismo\/passsive-voice\/\" target=\"_blank\" rel=\"noopener noreferrer\"><span style=\"color: #ff6600\"><strong>Passive Voice \/ The Causative<\/strong><\/span><\/a><\/span><\/p>\n<p style=\"text-align: center\"><a href=\"https:\/\/blogsaverroes.juntadeandalucia.es\/vegabilinguismo\/gerunds-infinitives\/\" target=\"_blank\" rel=\"noopener noreferrer\"><span style=\"font-size: 14pt\"><span style=\"color: #ff6600\"><strong>Gerunds &amp; Infinitives<\/strong><\/span><\/span><\/a><\/p>\n<p style=\"text-align: center\"><a href=\"https:\/\/blogsaverroes.juntadeandalucia.es\/vegabilinguismo\/relative-clauses\/\" target=\"_blank\" rel=\"noopener noreferrer\"><span style=\"font-size: 14pt\"><span style=\"color: #ff6600\"><strong>Relative Clauses<\/strong><\/span><\/span><\/a><\/p>\n<p style=\"text-align: center\"><span style=\"font-size: 14pt\"><a href=\"https:\/\/blogsaverroes.juntadeandalucia.es\/vegabilinguismo\/reported-speech\/\" target=\"_blank\" rel=\"noopener noreferrer\"><span style=\"color: #ff6600\"><strong>Reported Speech<\/strong><\/span><\/a><\/span><\/p>\n<p style=\"text-align: center\"><span style=\"font-size: 14pt\"><a href=\"https:\/\/blogsaverroes.juntadeandalucia.es\/vegabilinguismo\/modal-verbs\/\" target=\"_blank\" rel=\"noopener noreferrer\"><span style=\"color: #ff6600\"><strong>Modal Verbs<\/strong><\/span><\/a><\/span><\/p>\n<p style=\"text-align: center\"><a href=\"https:\/\/blogsaverroes.juntadeandalucia.es\/vegabilinguismo\/linking-words-or-connectors\/\" target=\"_blank\" rel=\"noopener noreferrer\"><span style=\"font-size: 14pt\"><span style=\"color: #ff6600\"><strong>Linking Words or Connectors<\/strong><\/span><\/span><\/a><\/p>\n<p style=\"text-align: center\"><a href=\"https:\/\/blogsaverroes.juntadeandalucia.es\/vegabilinguismo\/adjectives-adverbs-comparativessuperlatives\/\" target=\"_blank\" rel=\"noopener\"><span style=\"font-size: 14pt;color: #ff6600\"><strong>Adjectives &amp; Adverbs &#8211; comparatives, superlatives<\/strong><\/span><\/a><\/p>\n<p style=\"text-align: center\"><a href=\"https:\/\/blogsaverroes.juntadeandalucia.es\/vegabilinguismo\/grammar-revision\/\" target=\"_blank\" rel=\"noopener noreferrer\"><span style=\"font-size: 14pt\"><span style=\"color: #ff6600\"><strong>Grammar Revision \/ Error Correction<\/strong><\/span><\/span><\/a><\/p>\n<p>&nbsp;<\/p>\n<p><img loading=\"lazy\" decoding=\"async\" class=\"alignnone wp-image-1766 aligncenter\" src=\"https:\/\/blogsaverroes.juntadeandalucia.es\/vegabilinguismo\/files\/2022\/02\/LogoMakr-9tyJvy.png\" alt=\"\" width=\"229\" height=\"64\"><\/p>\n<p>&nbsp;<\/p>\n<p style=\"text-align: center\"><img loading=\"lazy\" decoding=\"async\" class=\"wp-image-1765 aligncenter\" src=\"https:\/\/blogsaverroes.juntadeandalucia.es\/vegabilinguismo\/files\/2022\/02\/LogoMakr-1vTaW3.png\" alt=\"\" width=\"258\" height=\"76\"><span style=\"color: #ff9900\"><em><strong><span style=\"font-size: 10pt\"><span lang=\"ES-TRAD\">\u00abEstas m\u00e1s de<\/span><span lang=\"ES-TRAD\"><span style=\"color: #0000ff\">&nbsp;<\/span><a style=\"color: #ff9900\" href=\"https:\/\/www.gramaticainglesamanas.com\/ejercicios.html\" target=\"_blank\" rel=\"noopener noreferrer\"><span style=\"color: #0000ff\">1.100 p\u00e1ginas&nbsp;<\/span><\/a><\/span><span lang=\"ES-TRAD\">de ejercicios se iniciaron con las estructuras m\u00e1s b\u00e1sicas de la lengua inglesa, empleando tambi\u00e9n el vocabulario m\u00e1s sencillo. El uso de esta metodolog\u00eda tiene como objetivo que el estudiante de ingl\u00e9s como lengua extranjera adquiera una base s\u00f3lida que le vaya dando confianza y que progresivamente adquiera nuevos conocimientos que est\u00e9n al alcance en su zona de desarrollo pr\u00f3ximo.\u00bb<\/span><\/span><\/strong><\/em><\/span><\/p>\n<p style=\"text-align: center\"><strong><span style=\"color: #993300;font-size: 10pt\">Look at the table of contents to select the stucture you want to practise and&nbsp; scroll down until you find the activities.&nbsp;<\/span><\/strong><\/p>\n<p><a href=\"https:\/\/www.gramaticainglesamanas.com\/ejercicios.html\" target=\"_blank\" rel=\"noopener noreferrer\"><img loading=\"lazy\" decoding=\"async\" class=\"alignnone wp-image-1769 aligncenter\" src=\"https:\/\/blogsaverroes.juntadeandalucia.es\/vegabilinguismo\/files\/2022\/02\/gramatica-inglesa-para-estudiantes-de-espa\u00f1ol-300x126.png\" alt=\"\" width=\"407\" height=\"171\" srcset=\"https:\/\/blogsaverroes.juntadeandalucia.es\/vegabilinguismo\/files\/2022\/02\/gramatica-inglesa-para-estudiantes-de-espa\u00f1ol-300x126.png 300w, https:\/\/blogsaverroes.juntadeandalucia.es\/vegabilinguismo\/files\/2022\/02\/gramatica-inglesa-para-estudiantes-de-espa\u00f1ol-1024x429.png 1024w, https:\/\/blogsaverroes.juntadeandalucia.es\/vegabilinguismo\/files\/2022\/02\/gramatica-inglesa-para-estudiantes-de-espa\u00f1ol-768x321.png 768w, https:\/\/blogsaverroes.juntadeandalucia.es\/vegabilinguismo\/files\/2022\/02\/gramatica-inglesa-para-estudiantes-de-espa\u00f1ol.png 1209w\" sizes=\"(max-width: 407px) 100vw, 407px\" \/><\/a><\/p>\n<p>&nbsp;<\/p>\n<table style=\"border-collapse: collapse;width: 100%\">\n<tbody>\n<tr>\n<td style=\"width: 100%\">&nbsp;<\/td>\n<\/tr>\n<\/tbody>\n<\/table>\n","protected":false},"excerpt":{"rendered":"<p>&nbsp; Click on this image to review&nbsp; Good grammar helps you to express your ideas more easily&nbsp; &amp; to improve your English skills: reading, writing, listening &amp; speaking. Click on the structure you would like to practise to access the activities: Tenses Conditionals Time Clauses Wish Clauses Passive Voice \/ The Causative Gerunds &amp; Infinitives &hellip; <\/p>\n<p><a class=\"more-link btn\" href=\"https:\/\/blogsaverroes.juntadeandalucia.es\/vegabilinguismo\/improve-your-grammar\/\">Seguir leyendo<\/a><\/p>\n","protected":false},"author":10546,"featured_media":0,"parent":0,"menu_order":0,"comment_status":"closed","ping_status":"closed","template":"","meta":{"ngg_post_thumbnail":0,"footnotes":""},"aioseo_notices":[],"_links":{"self":[{"href":"https:\/\/blogsaverroes.juntadeandalucia.es\/vegabilinguismo\/wp-json\/wp\/v2\/pages\/1058"}],"collection":[{"href":"https:\/\/blogsaverroes.juntadeandalucia.es\/vegabilinguismo\/wp-json\/wp\/v2\/pages"}],"about":[{"href":"https:\/\/blogsaverroes.juntadeandalucia.es\/vegabilinguismo\/wp-json\/wp\/v2\/types\/page"}],"author":[{"embeddable":true,"href":"https:\/\/blogsaverroes.juntadeandalucia.es\/vegabilinguismo\/wp-json\/wp\/v2\/users\/10546"}],"replies":[{"embeddable":true,"href":"https:\/\/blogsaverroes.juntadeandalucia.es\/vegabilinguismo\/wp-json\/wp\/v2\/comments?post=1058"}],"version-history":[{"count":153,"href":"https:\/\/blogsaverroes.juntadeandalucia.es\/vegabilinguismo\/wp-json\/wp\/v2\/pages\/1058\/revisions"}],"predecessor-version":[{"id":3454,"href":"https:\/\/blogsaverroes.juntadeandalucia.es\/vegabilinguismo\/wp-json\/wp\/v2\/pages\/1058\/revisions\/3454"}],"wp:attachment":[{"href":"https:\/\/blogsaverroes.juntadeandalucia.es\/vegabilinguismo\/wp-json\/wp\/v2\/media?parent=1058"}],"curies":[{"name":"wp","href":"https:\/\/api.w.org\/{rel}","templated":true}]}}