{"id":87,"date":"2020-12-19T21:04:30","date_gmt":"2020-12-19T21:04:30","guid":{"rendered":"https:\/\/blogsaverroes.juntadeandalucia.es\/vegabilinguismo\/?page_id=87"},"modified":"2024-09-07T10:25:07","modified_gmt":"2024-09-07T10:25:07","slug":"auxiliares","status":"publish","type":"page","link":"https:\/\/blogsaverroes.juntadeandalucia.es\/vegabilinguismo\/auxiliares\/","title":{"rendered":"Auxiliares"},"content":{"rendered":"<p>&nbsp;<\/p>\n<table style=\"border-collapse: collapse;width: 100%\">\n<tbody>\n<tr>\n<td style=\"width: 33.3333%\"><img loading=\"lazy\" decoding=\"async\" class=\"wp-image-1854 aligncenter\" src=\"https:\/\/blogsaverroes.juntadeandalucia.es\/vegabilinguismo\/files\/2022\/03\/junta-andalucia-300x182.jpg\" alt=\"\" width=\"206\" height=\"125\" srcset=\"https:\/\/blogsaverroes.juntadeandalucia.es\/vegabilinguismo\/files\/2022\/03\/junta-andalucia-300x182.jpg 300w, https:\/\/blogsaverroes.juntadeandalucia.es\/vegabilinguismo\/files\/2022\/03\/junta-andalucia.jpg 490w\" sizes=\"(max-width: 206px) 100vw, 206px\" \/><\/td>\n<td style=\"width: 34.1818%\"><img loading=\"lazy\" decoding=\"async\" class=\"alignnone size-medium wp-image-1846\" src=\"https:\/\/blogsaverroes.juntadeandalucia.es\/vegabilinguismo\/files\/2022\/03\/andalucia-se-mueve-con-europa-300x178.jpg\" alt=\"\" width=\"300\" height=\"178\" srcset=\"https:\/\/blogsaverroes.juntadeandalucia.es\/vegabilinguismo\/files\/2022\/03\/andalucia-se-mueve-con-europa-300x178.jpg 300w, https:\/\/blogsaverroes.juntadeandalucia.es\/vegabilinguismo\/files\/2022\/03\/andalucia-se-mueve-con-europa.jpg 366w\" sizes=\"(max-width: 300px) 100vw, 300px\" \/><\/td>\n<td style=\"width: 32.4848%\"><img loading=\"lazy\" decoding=\"async\" class=\"wp-image-1548 aligncenter\" src=\"https:\/\/blogsaverroes.juntadeandalucia.es\/vegabilinguismo\/files\/2021\/11\/logo-fondo-social-europeo-300x226.png\" alt=\"\" width=\"210\" height=\"158\" srcset=\"https:\/\/blogsaverroes.juntadeandalucia.es\/vegabilinguismo\/files\/2021\/11\/logo-fondo-social-europeo-300x226.png 300w, https:\/\/blogsaverroes.juntadeandalucia.es\/vegabilinguismo\/files\/2021\/11\/logo-fondo-social-europeo.png 600w\" sizes=\"(max-width: 210px) 100vw, 210px\" \/><\/td>\n<\/tr>\n<\/tbody>\n<\/table>\n<table style=\"border-collapse: collapse;width: 100%;height: 265px\">\n<tbody>\n<tr style=\"height: 21px\">\n<td style=\"width: 67.5565%;height: 21px;text-align: center\">\n<p style=\"text-align: center\"><span style=\"color: #993300\"><strong>Una de las acciones del Plan de Fomento del Pluriling\u00fcismo en Andaluc\u00eda que m\u00e1s incide positivamente en los centros es la incorporaci\u00f3n de auxiliares de conversaci\u00f3n. Se trata de un excelente recurso ling\u00fc\u00edstico y sociocultural.<\/strong><\/span><\/p>\n<p style=\"text-align: center\"><span style=\"color: #993300\"><strong>Cada a\u00f1o, contamos con uno o dos auxiliares de conversaci\u00f3n. La labor de nuestros nativos es colaborar con los profesores de ANLs&nbsp;(<span style=\"font-size: 10pt\">\u00c1reas No Ling\u00fc\u00edsticas<\/span>)&nbsp;, trabajar con el alumnado en la mejora de sus destrezas orales, acercarnos a sus pa\u00edses de origen y hacernos part\u00edcipes de su cultura.&nbsp;<\/strong><\/span><\/p>\n<\/td>\n<td style=\"width: 32.4435%;height: 21px\">\n<p style=\"text-align: center\"><img loading=\"lazy\" decoding=\"async\" class=\"wp-image-93 aligncenter\" src=\"https:\/\/blogsaverroes.juntadeandalucia.es\/vegabilinguismo\/files\/2020\/12\/Word-Art-corazon-rojo-2-small-300x261.jpeg\" alt=\"\" width=\"174\" height=\"151\" srcset=\"https:\/\/blogsaverroes.juntadeandalucia.es\/vegabilinguismo\/files\/2020\/12\/Word-Art-corazon-rojo-2-small-300x261.jpeg 300w, https:\/\/blogsaverroes.juntadeandalucia.es\/vegabilinguismo\/files\/2020\/12\/Word-Art-corazon-rojo-2-small-24x21.jpeg 24w, https:\/\/blogsaverroes.juntadeandalucia.es\/vegabilinguismo\/files\/2020\/12\/Word-Art-corazon-rojo-2-small-36x31.jpeg 36w, https:\/\/blogsaverroes.juntadeandalucia.es\/vegabilinguismo\/files\/2020\/12\/Word-Art-corazon-rojo-2-small-48x42.jpeg 48w, https:\/\/blogsaverroes.juntadeandalucia.es\/vegabilinguismo\/files\/2020\/12\/Word-Art-corazon-rojo-2-small.jpeg 758w\" sizes=\"(max-width: 174px) 100vw, 174px\" \/><\/p>\n<\/td>\n<\/tr>\n<tr style=\"height: 96px\">\n<td style=\"text-align: center;width: 100%;height: 96px\" colspan=\"2\"><span style=\"color: #ff6600;font-size: 18pt\"><strong>Information sheet for language assistants<\/strong><\/span><\/p>\n<p><a href=\"https:\/\/blogsaverroes.juntadeandalucia.es\/vegabilinguismo\/files\/2024\/09\/Information-Sheet-for-LANGUAGE-Assistants-21-22-23-24.pdf\" target=\"_blank\" rel=\"noopener\"><img loading=\"lazy\" decoding=\"async\" class=\"alignnone wp-image-1907\" src=\"https:\/\/blogsaverroes.juntadeandalucia.es\/vegabilinguismo\/files\/2022\/05\/Imagen2.jpg\" alt=\"\" width=\"564\" height=\"267\" srcset=\"https:\/\/blogsaverroes.juntadeandalucia.es\/vegabilinguismo\/files\/2022\/05\/Imagen2.jpg 1735w, https:\/\/blogsaverroes.juntadeandalucia.es\/vegabilinguismo\/files\/2022\/05\/Imagen2-300x142.jpg 300w, https:\/\/blogsaverroes.juntadeandalucia.es\/vegabilinguismo\/files\/2022\/05\/Imagen2-1024x485.jpg 1024w, https:\/\/blogsaverroes.juntadeandalucia.es\/vegabilinguismo\/files\/2022\/05\/Imagen2-768x364.jpg 768w, https:\/\/blogsaverroes.juntadeandalucia.es\/vegabilinguismo\/files\/2022\/05\/Imagen2-1536x728.jpg 1536w\" sizes=\"(max-width: 564px) 100vw, 564px\" \/><\/a><\/td>\n<\/tr>\n<\/tbody>\n<\/table>\n<p>&nbsp;<\/p>\n<table style=\"border-collapse: collapse;width: 100%\">\n<tbody>\n<tr>\n<td style=\"width: 33.3333%;text-align: center\"><a href=\"https:\/\/blogsaverroes.juntadeandalucia.es\/vegabilinguismo\/washington\/\" target=\"_blank\" rel=\"noopener noreferrer\"><img loading=\"lazy\" decoding=\"async\" class=\"alignnone size-full wp-image-2057\" src=\"https:\/\/blogsaverroes.juntadeandalucia.es\/vegabilinguismo\/files\/2022\/09\/LogoMakr-5yQmsa.png\" alt=\"\" width=\"200\" height=\"84\"><\/a><\/td>\n<td style=\"width: 33.3333%;text-align: center\"><a href=\"https:\/\/blogsaverroes.juntadeandalucia.es\/vegabilinguismo\/working-with-shalenah\/\" target=\"_blank\" rel=\"noopener noreferrer\"><img loading=\"lazy\" decoding=\"async\" class=\"alignnone size-full wp-image-2058\" src=\"https:\/\/blogsaverroes.juntadeandalucia.es\/vegabilinguismo\/files\/2022\/09\/LogoMakr-working-with-shalenah.png\" alt=\"\" width=\"200\" height=\"72\"><\/a><\/td>\n<td style=\"width: 33.3333%;text-align: center\"><a href=\"https:\/\/blogsaverroes.juntadeandalucia.es\/vegabilinguismo\/working-with-our-auxiliares\/\" target=\"_blank\" rel=\"noopener noreferrer\"><img loading=\"lazy\" decoding=\"async\" class=\"alignnone wp-image-2060\" src=\"https:\/\/blogsaverroes.juntadeandalucia.es\/vegabilinguismo\/files\/2022\/09\/LogoMakr-1KentO.png\" alt=\"\" width=\"162\" height=\"73\"><\/a><\/td>\n<\/tr>\n<tr>\n<td style=\"width: 33.3333%;text-align: center\"><a href=\"https:\/\/blogsaverroes.juntadeandalucia.es\/vegabilinguismo\/working-with-ellen\/\" target=\"_blank\" rel=\"noopener noreferrer\"><img loading=\"lazy\" decoding=\"async\" class=\"alignnone wp-image-2507\" src=\"https:\/\/blogsaverroes.juntadeandalucia.es\/vegabilinguismo\/files\/2023\/02\/LogoMakr-2CGIXx.png\" alt=\"\" width=\"197\" height=\"81\"><\/a><\/td>\n<td style=\"width: 33.3333%;text-align: center\"><a href=\"https:\/\/blogsaverroes.juntadeandalucia.es\/vegabilinguismo\/working-with-kaye\/\" target=\"_blank\" rel=\"noopener noreferrer\"><img loading=\"lazy\" decoding=\"async\" class=\"alignnone wp-image-2509\" src=\"https:\/\/blogsaverroes.juntadeandalucia.es\/vegabilinguismo\/files\/2023\/02\/LogoMakr-2acUGj.png\" alt=\"\" width=\"189\" height=\"87\"><\/a><\/td>\n<td style=\"width: 33.3333%;text-align: center\">&nbsp;<\/td>\n<\/tr>\n<\/tbody>\n<\/table>\n<p style=\"text-align: right\"><img loading=\"lazy\" decoding=\"async\" class=\"alignnone wp-image-754\" src=\"https:\/\/blogsaverroes.juntadeandalucia.es\/vegabilinguismo\/files\/2021\/01\/created-with-logomakr.png\" alt=\"\" width=\"126\" height=\"56\" srcset=\"https:\/\/blogsaverroes.juntadeandalucia.es\/vegabilinguismo\/files\/2021\/01\/created-with-logomakr.png 210w, https:\/\/blogsaverroes.juntadeandalucia.es\/vegabilinguismo\/files\/2021\/01\/created-with-logomakr-24x11.png 24w, https:\/\/blogsaverroes.juntadeandalucia.es\/vegabilinguismo\/files\/2021\/01\/created-with-logomakr-36x16.png 36w, https:\/\/blogsaverroes.juntadeandalucia.es\/vegabilinguismo\/files\/2021\/01\/created-with-logomakr-48x21.png 48w\" sizes=\"(max-width: 126px) 100vw, 126px\" \/><\/p>\n","protected":false},"excerpt":{"rendered":"<p>&nbsp; Una de las acciones del Plan de Fomento del Pluriling\u00fcismo en Andaluc\u00eda que m\u00e1s incide positivamente en los centros es la incorporaci\u00f3n de auxiliares de conversaci\u00f3n. Se trata de un excelente recurso ling\u00fc\u00edstico y sociocultural. Cada a\u00f1o, contamos con uno o dos auxiliares de conversaci\u00f3n. La labor de nuestros nativos es colaborar con los &hellip; <\/p>\n<p><a class=\"more-link btn\" href=\"https:\/\/blogsaverroes.juntadeandalucia.es\/vegabilinguismo\/auxiliares\/\">Seguir leyendo<\/a><\/p>\n","protected":false},"author":10546,"featured_media":0,"parent":0,"menu_order":0,"comment_status":"closed","ping_status":"closed","template":"","meta":{"ngg_post_thumbnail":0,"footnotes":""},"aioseo_notices":[],"_links":{"self":[{"href":"https:\/\/blogsaverroes.juntadeandalucia.es\/vegabilinguismo\/wp-json\/wp\/v2\/pages\/87"}],"collection":[{"href":"https:\/\/blogsaverroes.juntadeandalucia.es\/vegabilinguismo\/wp-json\/wp\/v2\/pages"}],"about":[{"href":"https:\/\/blogsaverroes.juntadeandalucia.es\/vegabilinguismo\/wp-json\/wp\/v2\/types\/page"}],"author":[{"embeddable":true,"href":"https:\/\/blogsaverroes.juntadeandalucia.es\/vegabilinguismo\/wp-json\/wp\/v2\/users\/10546"}],"replies":[{"embeddable":true,"href":"https:\/\/blogsaverroes.juntadeandalucia.es\/vegabilinguismo\/wp-json\/wp\/v2\/comments?post=87"}],"version-history":[{"count":30,"href":"https:\/\/blogsaverroes.juntadeandalucia.es\/vegabilinguismo\/wp-json\/wp\/v2\/pages\/87\/revisions"}],"predecessor-version":[{"id":3298,"href":"https:\/\/blogsaverroes.juntadeandalucia.es\/vegabilinguismo\/wp-json\/wp\/v2\/pages\/87\/revisions\/3298"}],"wp:attachment":[{"href":"https:\/\/blogsaverroes.juntadeandalucia.es\/vegabilinguismo\/wp-json\/wp\/v2\/media?parent=87"}],"curies":[{"name":"wp","href":"https:\/\/api.w.org\/{rel}","templated":true}]}}

<p>&nbsp;</p>
<table style="border-collapse: collapse;width: 100%">
<tbody>
<tr>
<td style="width: 33.3333%"><img loading="lazy" decoding="async" class="wp-image-1854 aligncenter" src="https://blogsaverroes.juntadeandalucia.es/vegabilinguismo/files/2022/03/junta-andalucia-300x182.jpg" alt="" width="206" height="125" srcset="https://blogsaverroes.juntadeandalucia.es/vegabilinguismo/files/2022/03/junta-andalucia-300x182.jpg 300w, https://blogsaverroes.juntadeandalucia.es/vegabilinguismo/files/2022/03/junta-andalucia.jpg 490w" sizes="(max-width: 206px) 100vw, 206px" /></td>
<td style="width: 34.1818%"><img loading="lazy" decoding="async" class="alignnone size-medium wp-image-1846" src="https://blogsaverroes.juntadeandalucia.es/vegabilinguismo/files/2022/03/andalucia-se-mueve-con-europa-300x178.jpg" alt="" width="300" height="178" srcset="https://blogsaverroes.juntadeandalucia.es/vegabilinguismo/files/2022/03/andalucia-se-mueve-con-europa-300x178.jpg 300w, https://blogsaverroes.juntadeandalucia.es/vegabilinguismo/files/2022/03/andalucia-se-mueve-con-europa.jpg 366w" sizes="(max-width: 300px) 100vw, 300px" /></td>
<td style="width: 32.4848%"><img loading="lazy" decoding="async" class="wp-image-1548 aligncenter" src="https://blogsaverroes.juntadeandalucia.es/vegabilinguismo/files/2021/11/logo-fondo-social-europeo-300x226.png" alt="" width="210" height="158" srcset="https://blogsaverroes.juntadeandalucia.es/vegabilinguismo/files/2021/11/logo-fondo-social-europeo-300x226.png 300w, https://blogsaverroes.juntadeandalucia.es/vegabilinguismo/files/2021/11/logo-fondo-social-europeo.png 600w" sizes="(max-width: 210px) 100vw, 210px" /></td>
</tr>
</tbody>
</table>
<table style="border-collapse: collapse;width: 100%;height: 265px">
<tbody>
<tr style="height: 21px">
<td style="width: 67.5565%;height: 21px;text-align: center">
<p style="text-align: center"><span style="color: #993300"><strong>Una de las acciones del Plan de Fomento del Plurilingüismo en Andalucía que más incide positivamente en los centros es la incorporación de auxiliares de conversación. Se trata de un excelente recurso lingüístico y sociocultural.</strong></span></p>
<p style="text-align: center"><span style="color: #993300"><strong>Cada año, contamos con uno o dos auxiliares de conversación. La labor de nuestros nativos es colaborar con los profesores de ANLs&nbsp;(<span style="font-size: 10pt">Áreas No Lingüísticas</span>)&nbsp;, trabajar con el alumnado en la mejora de sus destrezas orales, acercarnos a sus países de origen y hacernos partícipes de su cultura.&nbsp;</strong></span></p>
</td>
<td style="width: 32.4435%;height: 21px">
<p style="text-align: center"><img loading="lazy" decoding="async" class="wp-image-93 aligncenter" src="https://blogsaverroes.juntadeandalucia.es/vegabilinguismo/files/2020/12/Word-Art-corazon-rojo-2-small-300x261.jpeg" alt="" width="174" height="151" srcset="https://blogsaverroes.juntadeandalucia.es/vegabilinguismo/files/2020/12/Word-Art-corazon-rojo-2-small-300x261.jpeg 300w, https://blogsaverroes.juntadeandalucia.es/vegabilinguismo/files/2020/12/Word-Art-corazon-rojo-2-small-24x21.jpeg 24w, https://blogsaverroes.juntadeandalucia.es/vegabilinguismo/files/2020/12/Word-Art-corazon-rojo-2-small-36x31.jpeg 36w, https://blogsaverroes.juntadeandalucia.es/vegabilinguismo/files/2020/12/Word-Art-corazon-rojo-2-small-48x42.jpeg 48w, https://blogsaverroes.juntadeandalucia.es/vegabilinguismo/files/2020/12/Word-Art-corazon-rojo-2-small.jpeg 758w" sizes="(max-width: 174px) 100vw, 174px" /></p>
</td>
</tr>
<tr style="height: 96px">
<td style="text-align: center;width: 100%;height: 96px" colspan="2"><span style="color: #ff6600;font-size: 18pt"><strong>Information sheet for language assistants</strong></span></p>
<p><a href="https://blogsaverroes.juntadeandalucia.es/vegabilinguismo/files/2024/09/Information-Sheet-for-LANGUAGE-Assistants-21-22-23-24.pdf" target="_blank" rel="noopener"><img loading="lazy" decoding="async" class="alignnone wp-image-1907" src="https://blogsaverroes.juntadeandalucia.es/vegabilinguismo/files/2022/05/Imagen2.jpg" alt="" width="564" height="267" srcset="https://blogsaverroes.juntadeandalucia.es/vegabilinguismo/files/2022/05/Imagen2.jpg 1735w, https://blogsaverroes.juntadeandalucia.es/vegabilinguismo/files/2022/05/Imagen2-300x142.jpg 300w, https://blogsaverroes.juntadeandalucia.es/vegabilinguismo/files/2022/05/Imagen2-1024x485.jpg 1024w, https://blogsaverroes.juntadeandalucia.es/vegabilinguismo/files/2022/05/Imagen2-768x364.jpg 768w, https://blogsaverroes.juntadeandalucia.es/vegabilinguismo/files/2022/05/Imagen2-1536x728.jpg 1536w" sizes="(max-width: 564px) 100vw, 564px" /></a></td>
</tr>
</tbody>
</table>
<p>&nbsp;</p>
<table style="border-collapse: collapse;width: 100%">
<tbody>
<tr>
<td style="width: 33.3333%;text-align: center"><a href="https://blogsaverroes.juntadeandalucia.es/vegabilinguismo/washington/" target="_blank" rel="noopener noreferrer"><img loading="lazy" decoding="async" class="alignnone size-full wp-image-2057" src="https://blogsaverroes.juntadeandalucia.es/vegabilinguismo/files/2022/09/LogoMakr-5yQmsa.png" alt="" width="200" height="84"></a></td>
<td style="width: 33.3333%;text-align: center"><a href="https://blogsaverroes.juntadeandalucia.es/vegabilinguismo/working-with-shalenah/" target="_blank" rel="noopener noreferrer"><img loading="lazy" decoding="async" class="alignnone size-full wp-image-2058" src="https://blogsaverroes.juntadeandalucia.es/vegabilinguismo/files/2022/09/LogoMakr-working-with-shalenah.png" alt="" width="200" height="72"></a></td>
<td style="width: 33.3333%;text-align: center"><a href="https://blogsaverroes.juntadeandalucia.es/vegabilinguismo/working-with-our-auxiliares/" target="_blank" rel="noopener noreferrer"><img loading="lazy" decoding="async" class="alignnone wp-image-2060" src="https://blogsaverroes.juntadeandalucia.es/vegabilinguismo/files/2022/09/LogoMakr-1KentO.png" alt="" width="162" height="73"></a></td>
</tr>
<tr>
<td style="width: 33.3333%;text-align: center"><a href="https://blogsaverroes.juntadeandalucia.es/vegabilinguismo/working-with-ellen/" target="_blank" rel="noopener noreferrer"><img loading="lazy" decoding="async" class="alignnone wp-image-2507" src="https://blogsaverroes.juntadeandalucia.es/vegabilinguismo/files/2023/02/LogoMakr-2CGIXx.png" alt="" width="197" height="81"></a></td>
<td style="width: 33.3333%;text-align: center"><a href="https://blogsaverroes.juntadeandalucia.es/vegabilinguismo/working-with-kaye/" target="_blank" rel="noopener noreferrer"><img loading="lazy" decoding="async" class="alignnone wp-image-2509" src="https://blogsaverroes.juntadeandalucia.es/vegabilinguismo/files/2023/02/LogoMakr-2acUGj.png" alt="" width="189" height="87"></a></td>
<td style="width: 33.3333%;text-align: center">&nbsp;</td>
</tr>
</tbody>
</table>
<p style="text-align: right"><img loading="lazy" decoding="async" class="alignnone wp-image-754" src="https://blogsaverroes.juntadeandalucia.es/vegabilinguismo/files/2021/01/created-with-logomakr.png" alt="" width="126" height="56" srcset="https://blogsaverroes.juntadeandalucia.es/vegabilinguismo/files/2021/01/created-with-logomakr.png 210w, https://blogsaverroes.juntadeandalucia.es/vegabilinguismo/files/2021/01/created-with-logomakr-24x11.png 24w, https://blogsaverroes.juntadeandalucia.es/vegabilinguismo/files/2021/01/created-with-logomakr-36x16.png 36w, https://blogsaverroes.juntadeandalucia.es/vegabilinguismo/files/2021/01/created-with-logomakr-48x21.png 48w" sizes="(max-width: 126px) 100vw, 126px" /></p>

<p>&nbsp; Una de las acciones del Plan de Fomento del Plurilingüismo en Andalucía que más incide positivamente en los centros es la incorporación de auxiliares de conversación. Se trata de un excelente recurso lingüístico y sociocultural. Cada año, contamos con uno o dos auxiliares de conversación. La labor de nuestros nativos es colaborar con los &hellip; </p>
<p><a class="more-link btn" href="https://blogsaverroes.juntadeandalucia.es/vegabilinguismo/auxiliares/">Seguir leyendo</a></p>
