{"id":2,"date":"2022-11-08T12:19:39","date_gmt":"2022-11-08T12:19:39","guid":{"rendered":"https:\/\/blogsaverroes.juntadeandalucia.es\/vegadptofrances\/?page_id=2"},"modified":"2025-12-18T08:15:52","modified_gmt":"2025-12-18T08:15:52","slug":"pagina-ejemplo","status":"publish","type":"page","link":"https:\/\/blogsaverroes.juntadeandalucia.es\/vegadptofrances\/","title":{"rendered":"Departamento de Franc\u00e9s"},"content":{"rendered":"<p><span style=\"font-size: 24pt\">Responsable: Isabel G\u00f3ngora C\u00e1rdenas<\/span><\/p>\n<p><span style=\"color: #ff6600;font-size: 24pt\">Componentes:<\/span><\/p>\n<ul>\n<li><span style=\"font-size: 14pt\"><span style=\"color: #d00808\">D\u00f1a. Isabel G\u00f3ngora C\u00e1rdenas&nbsp;<\/span>(Jefa de departamento)<\/span><\/li>\n<li><span style=\"font-size: 14pt\">D\u00f1a. Mar\u00eda Jos\u00e9 Ruiz de Valdivia Lafuente<\/span><\/li>\n<\/ul>\n<p><a href=\"https:\/\/blogsaverroes.juntadeandalucia.es\/vegadptofisicayquimica\/\"><span style=\"font-size: 24pt;color: #ff6600\">Materiales y libros de texto:<\/span><\/a><\/p>\n<p><span style=\"font-size: 14pt\">En este Departamento trabajaremos b\u00e1sicamente con pizarra digital o proyector y con acceso a Internet para visualizar documentos aut\u00e9nticos.<\/span><br \/>\n<span style=\"font-size: 14pt\">Los libros de texto son los siguientes, seg\u00fan los cursos:<\/span><\/p>\n<p>1\u00ba ESO:&nbsp; En Situation 1 (Santillana fran\u00e7ais)<\/p>\n<p>2\u00ba ESO: En Situation 2 (Santillana fran\u00e7ais)<\/p>\n<p>3\u00ba ESO: En Situation 3 (Santillana fran\u00e7ais)<\/p>\n<p>4\u00ba ESO: En Situation 4 (Santillana fran\u00e7ais)<\/p>\n<p>1\u00ba Y 2\u00ba BCH: Partage&nbsp; B1&nbsp; (Santillana fran\u00e7ais- DIDIER)<\/p>\n<p>&nbsp;<\/p>\n<p><span style=\"font-size: 24pt;color: #ff6600\">Enlaces de Inter\u00e9s:<\/span><\/p>\n<p><span style=\"font-size: 14pt\"><a href=\"https:\/\/momes.parents.fr\/apprendre\"><span style=\"color: #00ccff\">&nbsp; &nbsp; &nbsp; &nbsp; &nbsp;www.momes.net\/education<\/span><\/a><\/span><\/p>\n<p><span style=\"font-size: 14pt\"><a href=\"https:\/\/www.tv5monde.com\/\"><span style=\"color: #00ccff\">&nbsp; &nbsp; &nbsp; &nbsp; &nbsp;www.tv5monde.org<\/span><\/a><\/span><\/p>\n<p>&nbsp;<\/p>\n","protected":false},"excerpt":{"rendered":"<p>Responsable: Isabel G\u00f3ngora C\u00e1rdenas Componentes: D\u00f1a. Isabel G\u00f3ngora C\u00e1rdenas&nbsp;(Jefa de departamento) D\u00f1a. Mar\u00eda Jos\u00e9 Ruiz de Valdivia Lafuente Materiales y libros de texto: En este Departamento trabajaremos b\u00e1sicamente con pizarra digital o proyector y con acceso a Internet para visualizar documentos aut\u00e9nticos. Los libros de texto son los siguientes, seg\u00fan los cursos: 1\u00ba ESO:&nbsp; En &hellip; <\/p>\n<p><a class=\"more-link btn\" href=\"https:\/\/blogsaverroes.juntadeandalucia.es\/vegadptofrances\/\">Seguir leyendo<\/a><\/p>\n","protected":false},"author":7647,"featured_media":0,"parent":0,"menu_order":0,"comment_status":"closed","ping_status":"open","template":"","meta":{"ngg_post_thumbnail":0,"footnotes":""},"aioseo_notices":[],"_links":{"self":[{"href":"https:\/\/blogsaverroes.juntadeandalucia.es\/vegadptofrances\/wp-json\/wp\/v2\/pages\/2"}],"collection":[{"href":"https:\/\/blogsaverroes.juntadeandalucia.es\/vegadptofrances\/wp-json\/wp\/v2\/pages"}],"about":[{"href":"https:\/\/blogsaverroes.juntadeandalucia.es\/vegadptofrances\/wp-json\/wp\/v2\/types\/page"}],"author":[{"embeddable":true,"href":"https:\/\/blogsaverroes.juntadeandalucia.es\/vegadptofrances\/wp-json\/wp\/v2\/users\/7647"}],"replies":[{"embeddable":true,"href":"https:\/\/blogsaverroes.juntadeandalucia.es\/vegadptofrances\/wp-json\/wp\/v2\/comments?post=2"}],"version-history":[{"count":18,"href":"https:\/\/blogsaverroes.juntadeandalucia.es\/vegadptofrances\/wp-json\/wp\/v2\/pages\/2\/revisions"}],"predecessor-version":[{"id":95,"href":"https:\/\/blogsaverroes.juntadeandalucia.es\/vegadptofrances\/wp-json\/wp\/v2\/pages\/2\/revisions\/95"}],"wp:attachment":[{"href":"https:\/\/blogsaverroes.juntadeandalucia.es\/vegadptofrances\/wp-json\/wp\/v2\/media?parent=2"}],"curies":[{"name":"wp","href":"https:\/\/api.w.org\/{rel}","templated":true}]}}