{"id":1132,"date":"2024-04-07T17:33:26","date_gmt":"2024-04-07T15:33:26","guid":{"rendered":"https:\/\/blogsaverroes.juntadeandalucia.es\/vegaerasmusplus\/?page_id=1132"},"modified":"2025-08-31T20:12:46","modified_gmt":"2025-08-31T18:12:46","slug":"consorcio-adultos","status":"publish","type":"page","link":"https:\/\/blogsaverroes.juntadeandalucia.es\/vegaerasmusplus\/consorcio-adultos\/","title":{"rendered":"Consorcio KA1 Adultos"},"content":{"rendered":"<p><span style=\"font-size: 14pt\"><strong><span style=\"color: #3366ff\">KA121 Consorcio para Personas Adultas<\/span><\/strong><\/span><\/p>\n<p>Nuestro centro forma parte del Consorcio Erasmus+ KA 1 para personas adultas de la EOI Accitania de Guadix junto al IES Pedro Antonio de Alarc\u00f3n, el CEPER Sierra y Agua y el CEPER Albayc\u00edn-Chana<\/p>\n<p><span style=\"font-size: 24pt\"><strong><span style=\"color: #ff00ff\">Curso 24\/25<\/span><\/strong><\/span><\/p>\n<table style=\"width: 100%;border-collapse: collapse;border-color: #9e2424;background-color: #e3e29a\">\n<tbody>\n<tr>\n<td style=\"width: 32.1333%\"><span style=\"font-size: 18pt;font-family: 'book antiqua', palatino, serif\"><strong>Acogida a Portugal<\/strong><\/span><\/p>\n<p><span style=\"font-size: 18pt;font-family: 'book antiqua', palatino, serif\"><strong>Mayo 2025<\/strong><\/span><\/td>\n<td style=\"width: 67.8667%\"><span style=\"font-size: 18pt;font-family: 'book antiqua', palatino, serif\"><strong><a href=\"https:\/\/www.canva.com\/design\/DAGmjPP3imk\/IAnLEEZy9Rz0OroERLa_RQ\/view?utm_content=DAGmjPP3imk&amp;utm_campaign=designshare&amp;utm_medium=link2&amp;utm_source=uniquelinks&amp;utlId=h9ba2de6bb0\" target=\"_blank\" rel=\"noopener\"><img loading=\"lazy\" decoding=\"async\" class=\"alignnone wp-image-1303 size-large\" src=\"https:\/\/blogsaverroes.juntadeandalucia.es\/vegaerasmusplus\/files\/2025\/05\/Visita-Adultos-1-1024x576.jpg\" alt=\"\" width=\"1024\" height=\"576\" srcset=\"https:\/\/blogsaverroes.juntadeandalucia.es\/vegaerasmusplus\/files\/2025\/05\/Visita-Adultos-1-1024x576.jpg 1024w, https:\/\/blogsaverroes.juntadeandalucia.es\/vegaerasmusplus\/files\/2025\/05\/Visita-Adultos-1-300x169.jpg 300w, https:\/\/blogsaverroes.juntadeandalucia.es\/vegaerasmusplus\/files\/2025\/05\/Visita-Adultos-1-768x432.jpg 768w, https:\/\/blogsaverroes.juntadeandalucia.es\/vegaerasmusplus\/files\/2025\/05\/Visita-Adultos-1-1536x864.jpg 1536w, https:\/\/blogsaverroes.juntadeandalucia.es\/vegaerasmusplus\/files\/2025\/05\/Visita-Adultos-1.jpg 1920w\" sizes=\"(max-width: 1024px) 100vw, 1024px\" \/><\/a><br \/>\n<\/strong><\/span><\/td>\n<\/tr>\n<\/tbody>\n<\/table>\n<p><span style=\"color: #ffcc00\">_________________________<\/span><\/p>\n<table style=\"height: 415px;width: 100%;border-collapse: collapse;background-color: #e3e29a;border-color: #852222\">\n<tbody>\n<tr style=\"height: 197px\">\n<td style=\"width: 50%;height: 197px\"><span style=\"font-size: 18pt;font-family: 'book antiqua', palatino, serif\"><strong>Movilidad LISBOA 2025<\/strong><\/span><\/p>\n<p><span style=\"font-size: 14pt;font-family: 'book antiqua', palatino, serif\"><strong>Participantes: <\/strong>Arc\u00e1ngel D\u00edaz, Ana Bel\u00e9n \u00c1guila y Silvia P\u00ed\u00f1ar<\/span><\/p>\n<p><span style=\"font-size: 14pt\"><strong>Alumnado<\/strong>: Miguel Cano, Antonio Morales, \u00c1lvaro G\u00e1mez, Carlos Pe\u00f1a, H\u00e9ctor Serrano<\/span><\/p>\n<p><span style=\"font-size: 14pt\"><strong>Fecha<\/strong>: 13 a 18 de mayo de 2024<\/span><\/p>\n<p><span style=\"font-size: 14pt\"><strong>Modalidad<\/strong>: Per\u00edodo de observaci\u00f3n, Docencia y acompa\u00f1amiento de alumnado<\/span><\/td>\n<td style=\"width: 58.1333%;height: 197px\"><span style=\"font-size: 18pt;font-family: 'book antiqua', palatino, serif\"><strong>Movilidad ESTAMBUL 2025<\/strong><\/span><\/p>\n<p><span style=\"font-size: 14pt;font-family: 'book antiqua', palatino, serif\"><strong>Participante: <\/strong>Montserrat Jim\u00e9nez<\/span><\/p>\n<p><span style=\"font-size: 14pt\"><strong>Fecha<\/strong>: 10 a 14 de febrero de 2025<\/span><\/p>\n<p><span style=\"font-size: 14pt\"><strong>Modalidad<\/strong>: Per\u00edodo de observaci\u00f3n<\/span><\/td>\n<\/tr>\n<tr style=\"height: 218px\">\n<td style=\"width: 50%;height: 218px\"><a href=\"https:\/\/www.canva.com\/design\/DAGd8t4BWEY\/M16q29cLzjlha15aWyZw0Q\/view?utm_content=DAGd8t4BWEY&amp;utm_campaign=designshare&amp;utm_medium=link2&amp;utm_source=uniquelinks&amp;utlId=ha247294228\" target=\"_blank\" rel=\"noopener\"><img loading=\"lazy\" decoding=\"async\" class=\"alignnone wp-image-1402 size-full\" style=\"margin-top: 6px\" src=\"https:\/\/blogsaverroes.juntadeandalucia.es\/vegaerasmusplus\/files\/2025\/08\/Adultos-Presentacion-PROF2025.jpg\" alt=\"\" width=\"1920\" height=\"1080\" srcset=\"https:\/\/blogsaverroes.juntadeandalucia.es\/vegaerasmusplus\/files\/2025\/08\/Adultos-Presentacion-PROF2025.jpg 1920w, https:\/\/blogsaverroes.juntadeandalucia.es\/vegaerasmusplus\/files\/2025\/08\/Adultos-Presentacion-PROF2025-300x169.jpg 300w, https:\/\/blogsaverroes.juntadeandalucia.es\/vegaerasmusplus\/files\/2025\/08\/Adultos-Presentacion-PROF2025-1024x576.jpg 1024w, https:\/\/blogsaverroes.juntadeandalucia.es\/vegaerasmusplus\/files\/2025\/08\/Adultos-Presentacion-PROF2025-768x432.jpg 768w, https:\/\/blogsaverroes.juntadeandalucia.es\/vegaerasmusplus\/files\/2025\/08\/Adultos-Presentacion-PROF2025-1536x864.jpg 1536w, https:\/\/blogsaverroes.juntadeandalucia.es\/vegaerasmusplus\/files\/2025\/08\/Adultos-Presentacion-PROF2025-944x531.jpg 944w\" sizes=\"(max-width: 1920px) 100vw, 1920px\" \/><\/a><\/td>\n<td style=\"width: 58.1333%;height: 218px\"><a href=\"https:\/\/www.canva.com\/design\/DAGfkLatAQs\/jpq1Q0afMb8HOpWibfiILQ\/view?utm_content=DAGfkLatAQs&amp;utm_campaign=share_your_design&amp;utm_medium=link2&amp;utm_source=shareyourdesignpanel\" target=\"_blank\" rel=\"noopener\"><img loading=\"lazy\" decoding=\"async\" class=\"alignnone wp-image-1285 size-full\" src=\"https:\/\/blogsaverroes.juntadeandalucia.es\/vegaerasmusplus\/files\/2025\/04\/Presentacion-Diapositivas-Propuesta-Proyecto-Organico-Marron-y-Beige.jpg\" alt=\"\" width=\"1920\" height=\"1080\" srcset=\"https:\/\/blogsaverroes.juntadeandalucia.es\/vegaerasmusplus\/files\/2025\/04\/Presentacion-Diapositivas-Propuesta-Proyecto-Organico-Marron-y-Beige.jpg 1920w, https:\/\/blogsaverroes.juntadeandalucia.es\/vegaerasmusplus\/files\/2025\/04\/Presentacion-Diapositivas-Propuesta-Proyecto-Organico-Marron-y-Beige-300x169.jpg 300w, https:\/\/blogsaverroes.juntadeandalucia.es\/vegaerasmusplus\/files\/2025\/04\/Presentacion-Diapositivas-Propuesta-Proyecto-Organico-Marron-y-Beige-1024x576.jpg 1024w, https:\/\/blogsaverroes.juntadeandalucia.es\/vegaerasmusplus\/files\/2025\/04\/Presentacion-Diapositivas-Propuesta-Proyecto-Organico-Marron-y-Beige-768x432.jpg 768w, https:\/\/blogsaverroes.juntadeandalucia.es\/vegaerasmusplus\/files\/2025\/04\/Presentacion-Diapositivas-Propuesta-Proyecto-Organico-Marron-y-Beige-1536x864.jpg 1536w\" sizes=\"(max-width: 1920px) 100vw, 1920px\" \/><\/a><\/td>\n<\/tr>\n<\/tbody>\n<\/table>\n<p>&nbsp;<\/p>\n<p><strong style=\"font-size: 24pt\"><span style=\"color: #ff00ff\">Curso 23\/24<\/span><\/strong><\/p>\n<table style=\"height: 109px;width: 100%;border-collapse: collapse;background-color: #ded7d7;border-style: solid;border-color: #000000\">\n<tbody>\n<tr style=\"height: 109px\">\n<td style=\"width: 41.7333%;height: 109px\"><span style=\"font-size: 18pt;font-family: 'book antiqua', palatino, serif\"><strong>Movilidad ROMA 2024<\/strong><\/span><\/p>\n<p><span style=\"font-size: 18pt;font-family: 'book antiqua', palatino, serif\"><strong>Participante: Silvia P\u00ed\u00f1ar<\/strong><\/span><\/p>\n<p><strong>Fecha<\/strong>: 13 a 18 de mayo de 2024<\/p>\n<p><strong>Modalidad<\/strong>: Curso estructurado<\/td>\n<td style=\"width: 95.2%\"><span style=\"font-size: 18pt;font-family: 'book antiqua', palatino, serif\"><strong>Movilidad LISBOA 2024<\/strong><\/span><\/p>\n<p><span style=\"font-size: 18pt;font-family: 'book antiqua', palatino, serif\"><strong>Participante: Isabel Esteban<\/strong><\/span><\/p>\n<p><strong>Fecha<\/strong>: 08 a 12 de abril de 2024<\/p>\n<p><strong>Modalidad: <\/strong>Periodo de observaci\u00f3n<\/td>\n<\/tr>\n<tr>\n<td style=\"width: 41.7333%\">&nbsp;<\/p>\n<p><span style=\"font-size: 12pt;font-family: arial, helvetica, sans-serif\">Gracias a la colaboraci\u00f3n de la Escuela de Idiomas Accitana con el IES Vega de Atarfe, instituto en el que trabajo como profesora de Geograf\u00eda e Historia en la modalidad de bachillerato de personas adultas, pude asistir a un curso titulado <em>ICY Tools for a Creative and Collaborative Classroom<\/em> en el mes de mayo.<\/span><\/td>\n<td style=\"width: 95.2%\"><span style=\"font-size: 18pt;font-family: 'book antiqua', palatino, serif\"><strong><a href=\"https:\/\/www.canva.com\/design\/DAGCnMV0yB4\/JYaWbCsgGZaxxHGQMQPP_Q\/watch?utm_content=DAGCnMV0yB4&amp;utm_campaign=designshare&amp;utm_medium=link&amp;utm_source=editor\" target=\"_blank\" rel=\"noopener\"><img loading=\"lazy\" decoding=\"async\" class=\"aligncenter wp-image-1152 size-large\" src=\"https:\/\/blogsaverroes.juntadeandalucia.es\/vegaerasmusplus\/files\/2024\/07\/isabel-2024-1024x587.jpg\" alt=\"\" width=\"944\" height=\"541\" srcset=\"https:\/\/blogsaverroes.juntadeandalucia.es\/vegaerasmusplus\/files\/2024\/07\/isabel-2024-1024x587.jpg 1024w, https:\/\/blogsaverroes.juntadeandalucia.es\/vegaerasmusplus\/files\/2024\/07\/isabel-2024-300x172.jpg 300w, https:\/\/blogsaverroes.juntadeandalucia.es\/vegaerasmusplus\/files\/2024\/07\/isabel-2024-768x440.jpg 768w, https:\/\/blogsaverroes.juntadeandalucia.es\/vegaerasmusplus\/files\/2024\/07\/isabel-2024.jpg 1470w\" sizes=\"(max-width: 944px) 100vw, 944px\" \/><\/a><\/strong><\/span><\/td>\n<\/tr>\n<\/tbody>\n<\/table>\n<p><img loading=\"lazy\" decoding=\"async\" class=\"wp-image-1292 size-medium alignleft\" src=\"https:\/\/blogsaverroes.juntadeandalucia.es\/vegaerasmusplus\/files\/2025\/05\/2024-05-16-a-las-16.43.39_437d3f61-225x300.jpg\" alt=\"\" width=\"225\" height=\"300\" srcset=\"https:\/\/blogsaverroes.juntadeandalucia.es\/vegaerasmusplus\/files\/2025\/05\/2024-05-16-a-las-16.43.39_437d3f61-225x300.jpg 225w, https:\/\/blogsaverroes.juntadeandalucia.es\/vegaerasmusplus\/files\/2025\/05\/2024-05-16-a-las-16.43.39_437d3f61-768x1024.jpg 768w, https:\/\/blogsaverroes.juntadeandalucia.es\/vegaerasmusplus\/files\/2025\/05\/2024-05-16-a-las-16.43.39_437d3f61-1152x1536.jpg 1152w, https:\/\/blogsaverroes.juntadeandalucia.es\/vegaerasmusplus\/files\/2025\/05\/2024-05-16-a-las-16.43.39_437d3f61.jpg 1200w\" sizes=\"(max-width: 225px) 100vw, 225px\" \/>El programa del curso era muy adecuado para mis clases porque la modalidad en la que trabajo es semipresencial y ha sido muy \u00fatil profundizar en el conocimiento de herramientas relacionadas con internet y su aplicaci\u00f3n en el aula como Canva; Genially; Kahoot y conocer nuevas herramientas como Google Gemini; la radio internacional; Google Arts; Edutropia, etc. Realizamos un trabajo en com\u00fan en grupos de tres personas aplicando Canva y Toonstake 3D y otro trabajo de manera individual en el que desarroll\u00e9 c\u00f3mo utilizar\u00eda Google Arts&nbsp; y Akinator en mis clases.<\/p>\n<p>Una vez presentadas las herramientas de internet para su utilizaci\u00f3n en clase, otro aspecto del curso consisti\u00f3 en valorar los aspectos positivos y negativos de la utilizaci\u00f3n de estas herramientas y reflexionar sobre cu\u00e1les son las m\u00e1s adecuadas para nuestro alumnado.<\/p>\n<p>Adem\u00e1s, me ha parecido muy interesante las presentaciones de los centros educativos de los compa\u00f1eros y compa\u00f1eras del curso llegados de Polonia, Ruman\u00eda, Dinamarca y otros centros de Espa\u00f1a. Pude comprobar que, aunque tengamos distintas formas de organizar nuestras ense\u00f1anzas, hay valores que compartimos como la igualdad de g\u00e9nero; la preocupaci\u00f3n por el medio ambiente, la inclusi\u00f3n de personas desfavorecidas en el sistema educativo, la preocupaci\u00f3n por la innovaci\u00f3n en los m\u00e9todos de ense\u00f1anza y aprendizaje y el desarrollo de valores sobre la comunidad europea.<\/p>\n<p><img loading=\"lazy\" decoding=\"async\" class=\"wp-image-1297 alignleft\" src=\"https:\/\/blogsaverroes.juntadeandalucia.es\/vegaerasmusplus\/files\/2025\/05\/Silvia3-300x151.jpg\" alt=\"\" width=\"328\" height=\"165\" srcset=\"https:\/\/blogsaverroes.juntadeandalucia.es\/vegaerasmusplus\/files\/2025\/05\/Silvia3-300x151.jpg 300w, https:\/\/blogsaverroes.juntadeandalucia.es\/vegaerasmusplus\/files\/2025\/05\/Silvia3-1024x516.jpg 1024w, https:\/\/blogsaverroes.juntadeandalucia.es\/vegaerasmusplus\/files\/2025\/05\/Silvia3-768x387.jpg 768w, https:\/\/blogsaverroes.juntadeandalucia.es\/vegaerasmusplus\/files\/2025\/05\/Silvia3.jpg 1482w\" sizes=\"(max-width: 328px) 100vw, 328px\" \/><\/p>\n<p>Otro aspecto importante del curso es la comunicaci\u00f3n y el di\u00e1logo con el que comenz\u00e1bamos cada clase: la profesora nos recomendaba lugares de inter\u00e9s en Roma y cada ma\u00f1ana coment\u00e1bamos qu\u00e9 lugares hab\u00edamos visitado la tarde anterior. As\u00ed, intercambiamos informaci\u00f3n sobre monumentos y lugares conocidos o poco frecuentados; cafeter\u00edas, restaurantes, barrios, etc. utilizando el ingl\u00e9s como lengua com\u00fan.<\/p>\n<p>Para finalizar, espero que el contacto con algunos centros pueda llevar a realizar proyectos en com\u00fan de visita e intercambio.<\/p>\n<p><img loading=\"lazy\" decoding=\"async\" class=\"wp-image-1295 size-medium aligncenter\" src=\"https:\/\/blogsaverroes.juntadeandalucia.es\/vegaerasmusplus\/files\/2025\/05\/Silvia2-300x222.jpg\" alt=\"\" width=\"300\" height=\"222\" srcset=\"https:\/\/blogsaverroes.juntadeandalucia.es\/vegaerasmusplus\/files\/2025\/05\/Silvia2-300x222.jpg 300w, https:\/\/blogsaverroes.juntadeandalucia.es\/vegaerasmusplus\/files\/2025\/05\/Silvia2-1024x757.jpg 1024w, https:\/\/blogsaverroes.juntadeandalucia.es\/vegaerasmusplus\/files\/2025\/05\/Silvia2-768x568.jpg 768w, https:\/\/blogsaverroes.juntadeandalucia.es\/vegaerasmusplus\/files\/2025\/05\/Silvia2.jpg 1247w\" sizes=\"(max-width: 300px) 100vw, 300px\" \/><\/p>\n<table style=\"border-collapse: collapse;border-style: double;border-color: #525050;background-color: #dbd0d0\">\n<tbody>\n<tr>\n<td style=\"width: 100%;text-align: center\"><a href=\"https:\/\/sites.google.com\/view\/acreditacionerasmusguadix\/el-proyecto\"><span style=\"font-size: 18pt;font-family: 'book antiqua', palatino, serif\"><strong>Enlace blog Erasmus de la EOI Accitania de Guadix<\/strong><\/span><\/a><\/td>\n<\/tr>\n<\/tbody>\n<\/table>\n<p>&nbsp;<\/p>\n","protected":false},"excerpt":{"rendered":"<p>KA121 Consorcio para Personas Adultas Nuestro centro forma parte del Consorcio Erasmus+ KA 1 para personas adultas de la EOI Accitania de Guadix junto al IES Pedro Antonio de Alarc\u00f3n, el CEPER Sierra y Agua y el CEPER Albayc\u00edn-Chana Curso 24\/25 Acogida a Portugal Mayo 2025 _________________________ Movilidad LISBOA 2025 Participantes: Arc\u00e1ngel D\u00edaz, Ana Bel\u00e9n &hellip; <\/p>\n<p><a class=\"more-link btn\" href=\"https:\/\/blogsaverroes.juntadeandalucia.es\/vegaerasmusplus\/consorcio-adultos\/\">Seguir leyendo<\/a><\/p>\n","protected":false},"author":8182,"featured_media":0,"parent":0,"menu_order":0,"comment_status":"closed","ping_status":"closed","template":"","meta":{"ngg_post_thumbnail":0,"footnotes":""},"aioseo_notices":[],"_links":{"self":[{"href":"https:\/\/blogsaverroes.juntadeandalucia.es\/vegaerasmusplus\/wp-json\/wp\/v2\/pages\/1132"}],"collection":[{"href":"https:\/\/blogsaverroes.juntadeandalucia.es\/vegaerasmusplus\/wp-json\/wp\/v2\/pages"}],"about":[{"href":"https:\/\/blogsaverroes.juntadeandalucia.es\/vegaerasmusplus\/wp-json\/wp\/v2\/types\/page"}],"author":[{"embeddable":true,"href":"https:\/\/blogsaverroes.juntadeandalucia.es\/vegaerasmusplus\/wp-json\/wp\/v2\/users\/8182"}],"replies":[{"embeddable":true,"href":"https:\/\/blogsaverroes.juntadeandalucia.es\/vegaerasmusplus\/wp-json\/wp\/v2\/comments?post=1132"}],"version-history":[{"count":31,"href":"https:\/\/blogsaverroes.juntadeandalucia.es\/vegaerasmusplus\/wp-json\/wp\/v2\/pages\/1132\/revisions"}],"predecessor-version":[{"id":1412,"href":"https:\/\/blogsaverroes.juntadeandalucia.es\/vegaerasmusplus\/wp-json\/wp\/v2\/pages\/1132\/revisions\/1412"}],"wp:attachment":[{"href":"https:\/\/blogsaverroes.juntadeandalucia.es\/vegaerasmusplus\/wp-json\/wp\/v2\/media?parent=1132"}],"curies":[{"name":"wp","href":"https:\/\/api.w.org\/{rel}","templated":true}]}}