{"id":1414,"date":"2025-08-31T20:17:03","date_gmt":"2025-08-31T18:17:03","guid":{"rendered":"https:\/\/blogsaverroes.juntadeandalucia.es\/vegaerasmusplus\/?page_id=1414"},"modified":"2025-08-31T20:23:45","modified_gmt":"2025-08-31T18:23:45","slug":"movilidades-ed-superior","status":"publish","type":"page","link":"https:\/\/blogsaverroes.juntadeandalucia.es\/vegaerasmusplus\/movilidades-ed-superior\/","title":{"rendered":"Movilidades ED SUPERIOR"},"content":{"rendered":"<p><span style=\"font-family: verdana, geneva, sans-serif\"><strong><span style=\"font-size: 24pt;color: #ff6600\">Curso 24\/25<\/span><\/strong><\/span><\/p>\n<table style=\"border-collapse: collapse;width: 100%\">\n<tbody>\n<tr>\n<td style=\"width: 50%\"><strong>Movilidad CELLE (Alemania) 2025<\/strong>&nbsp;<\/p>\n<p><strong>Centro<\/strong>: BBS1 Celle<\/p>\n<p><strong>Participantes: <\/strong>M\u00aa Carmen Rodr\u00edguez y Antonia Trujillo<\/p>\n<p><strong>Fecha<\/strong>: 22 a 24 de abril de 2025<\/p>\n<p><strong>Modalidad<\/strong>: Per\u00edodo de observaci\u00f3n<\/td>\n<td style=\"width: 50%\"><a href=\"https:\/\/www.canva.com\/design\/DAGkIABYCZw\/ePyD9bpg06nm1S_pVucjYw\/view?utm_content=DAGkIABYCZw&amp;utm_campaign=designshare&amp;utm_medium=link2&amp;utm_source=uniquelinks&amp;utlId=h9ccea6b724\" target=\"_blank\" rel=\"noopener\"><img loading=\"lazy\" decoding=\"async\" class=\"alignnone wp-image-1417 size-full\" style=\"margin-top: 6px\" src=\"https:\/\/blogsaverroes.juntadeandalucia.es\/vegaerasmusplus\/files\/2025\/08\/HED-Presentacion-PROF2025.png\" alt=\"\" width=\"1920\" height=\"1080\" srcset=\"https:\/\/blogsaverroes.juntadeandalucia.es\/vegaerasmusplus\/files\/2025\/08\/HED-Presentacion-PROF2025.png 1920w, https:\/\/blogsaverroes.juntadeandalucia.es\/vegaerasmusplus\/files\/2025\/08\/HED-Presentacion-PROF2025-300x169.png 300w, https:\/\/blogsaverroes.juntadeandalucia.es\/vegaerasmusplus\/files\/2025\/08\/HED-Presentacion-PROF2025-1024x576.png 1024w, https:\/\/blogsaverroes.juntadeandalucia.es\/vegaerasmusplus\/files\/2025\/08\/HED-Presentacion-PROF2025-768x432.png 768w, https:\/\/blogsaverroes.juntadeandalucia.es\/vegaerasmusplus\/files\/2025\/08\/HED-Presentacion-PROF2025-1536x864.png 1536w, https:\/\/blogsaverroes.juntadeandalucia.es\/vegaerasmusplus\/files\/2025\/08\/HED-Presentacion-PROF2025-944x531.png 944w\" sizes=\"(max-width: 1920px) 100vw, 1920px\" \/><\/a><\/td>\n<\/tr>\n<\/tbody>\n<\/table>\n<p>&nbsp;<\/p>\n","protected":false},"excerpt":{"rendered":"<p>Curso 24\/25 Movilidad CELLE (Alemania) 2025&nbsp; Centro: BBS1 Celle Participantes: M\u00aa Carmen Rodr\u00edguez y Antonia Trujillo Fecha: 22 a 24 de abril de 2025 Modalidad: Per\u00edodo de observaci\u00f3n &nbsp;<\/p>\n","protected":false},"author":8182,"featured_media":0,"parent":0,"menu_order":0,"comment_status":"closed","ping_status":"closed","template":"","meta":{"ngg_post_thumbnail":0,"footnotes":""},"aioseo_notices":[],"_links":{"self":[{"href":"https:\/\/blogsaverroes.juntadeandalucia.es\/vegaerasmusplus\/wp-json\/wp\/v2\/pages\/1414"}],"collection":[{"href":"https:\/\/blogsaverroes.juntadeandalucia.es\/vegaerasmusplus\/wp-json\/wp\/v2\/pages"}],"about":[{"href":"https:\/\/blogsaverroes.juntadeandalucia.es\/vegaerasmusplus\/wp-json\/wp\/v2\/types\/page"}],"author":[{"embeddable":true,"href":"https:\/\/blogsaverroes.juntadeandalucia.es\/vegaerasmusplus\/wp-json\/wp\/v2\/users\/8182"}],"replies":[{"embeddable":true,"href":"https:\/\/blogsaverroes.juntadeandalucia.es\/vegaerasmusplus\/wp-json\/wp\/v2\/comments?post=1414"}],"version-history":[{"count":5,"href":"https:\/\/blogsaverroes.juntadeandalucia.es\/vegaerasmusplus\/wp-json\/wp\/v2\/pages\/1414\/revisions"}],"predecessor-version":[{"id":1420,"href":"https:\/\/blogsaverroes.juntadeandalucia.es\/vegaerasmusplus\/wp-json\/wp\/v2\/pages\/1414\/revisions\/1420"}],"wp:attachment":[{"href":"https:\/\/blogsaverroes.juntadeandalucia.es\/vegaerasmusplus\/wp-json\/wp\/v2\/media?parent=1414"}],"curies":[{"name":"wp","href":"https:\/\/api.w.org\/{rel}","templated":true}]}}