{"id":1440,"date":"2025-09-02T21:27:33","date_gmt":"2025-09-02T19:27:33","guid":{"rendered":"https:\/\/blogsaverroes.juntadeandalucia.es\/vegaerasmusplus\/?page_id=1440"},"modified":"2025-09-03T17:54:19","modified_gmt":"2025-09-03T15:54:19","slug":"acogida-23-24","status":"publish","type":"page","link":"https:\/\/blogsaverroes.juntadeandalucia.es\/vegaerasmusplus\/acogida-23-24\/","title":{"rendered":"Acogida Zile 2023\/24"},"content":{"rendered":"<p><span style=\"color: #ff0000;font-size: 18pt\"><strong>ATARFE-ZILE<\/strong><\/span><\/p>\n<p><span style=\"color: #ff0000;font-size: 18pt\"><strong> 06 al 10 mayo 2024<\/strong><\/span><\/p>\n<table style=\"border-collapse: collapse;width: 100%\">\n<tbody>\n<tr>\n<td style=\"width: 50%\"><a href=\"https:\/\/blogsaverroes.juntadeandalucia.es\/iesvaetwinning\/proyectos-2023-24\/\" target=\"_blank\" rel=\"noopener\"><img loading=\"lazy\" decoding=\"async\" class=\"alignnone wp-image-1441 size-full\" style=\"margin-top: 6px\" src=\"https:\/\/blogsaverroes.juntadeandalucia.es\/vegaerasmusplus\/files\/2025\/09\/Logo-A-Z.jpeg\" alt=\"\" width=\"560\" height=\"560\" srcset=\"https:\/\/blogsaverroes.juntadeandalucia.es\/vegaerasmusplus\/files\/2025\/09\/Logo-A-Z.jpeg 560w, https:\/\/blogsaverroes.juntadeandalucia.es\/vegaerasmusplus\/files\/2025\/09\/Logo-A-Z-300x300.jpeg 300w, https:\/\/blogsaverroes.juntadeandalucia.es\/vegaerasmusplus\/files\/2025\/09\/Logo-A-Z-150x150.jpeg 150w\" sizes=\"(max-width: 560px) 100vw, 560px\" \/><\/a><\/p>\n<p><a href=\"https:\/\/blogsaverroes.juntadeandalucia.es\/iesvaetwinning\/proyectos-2023-24\/\" target=\"_blank\" rel=\"noopener\">Enlace al proyecto eTwinning<\/a><\/td>\n<td style=\"width: 50%\"><strong>Proyecto realizado con 1\u00ba ESO como acogida Erasmus de alumnado del centro Zile Bilim ve Sanat Merkezi de Zile (Turqu\u00eda)<\/strong><\/p>\n<p>Las profesoras Derya Dem\u00ecry\u00fcrek y Sevgi&nbsp;Bekta\u015f Bedir, acompa\u00f1adas de 10 estudiantes trabajan en nuestro centro la tem\u00e1tica de la diversidad cultural, la integraci\u00f3n y el bullying con nuestro alumnado de 1\u00ba ESO.<\/p>\n<p>La acogida y la colaboraci\u00f3n de las familias ha hecho f\u00e1cil la experiencia.<\/p>\n<p>La colaboraci\u00f3n de nuestro profesorado en el acompa\u00f1amiento y en la elaboraci\u00f3n de actividades ha hecho f\u00e1cil el aprendizaje.<\/p>\n<p>Juntos hemos hecho posible una experiencia inolvidable&nbsp;<\/td>\n<\/tr>\n<\/tbody>\n<\/table>\n<table style=\"border-collapse: collapse;width: 100%\">\n<tbody>\n<tr>\n<td style=\"width: 100%\"><img loading=\"lazy\" decoding=\"async\" class=\"alignnone size-full wp-image-1445\" src=\"https:\/\/blogsaverroes.juntadeandalucia.es\/vegaerasmusplus\/files\/2025\/09\/bf763bb2-12d5-419d-81dc-543a5c63e5bc.jpg\" alt=\"\" width=\"560\" height=\"560\" srcset=\"https:\/\/blogsaverroes.juntadeandalucia.es\/vegaerasmusplus\/files\/2025\/09\/bf763bb2-12d5-419d-81dc-543a5c63e5bc.jpg 560w, https:\/\/blogsaverroes.juntadeandalucia.es\/vegaerasmusplus\/files\/2025\/09\/bf763bb2-12d5-419d-81dc-543a5c63e5bc-300x300.jpg 300w, https:\/\/blogsaverroes.juntadeandalucia.es\/vegaerasmusplus\/files\/2025\/09\/bf763bb2-12d5-419d-81dc-543a5c63e5bc-150x150.jpg 150w\" sizes=\"(max-width: 560px) 100vw, 560px\" \/><\/td>\n<\/tr>\n<\/tbody>\n<\/table>\n","protected":false},"excerpt":{"rendered":"<p>ATARFE-ZILE 06 al 10 mayo 2024 Enlace al proyecto eTwinning Proyecto realizado con 1\u00ba ESO como acogida Erasmus de alumnado del centro Zile Bilim ve Sanat Merkezi de Zile (Turqu\u00eda) Las profesoras Derya Dem\u00ecry\u00fcrek y Sevgi&nbsp;Bekta\u015f Bedir, acompa\u00f1adas de 10 estudiantes trabajan en nuestro centro la tem\u00e1tica de la diversidad cultural, la integraci\u00f3n y el &hellip; <\/p>\n<p><a class=\"more-link btn\" href=\"https:\/\/blogsaverroes.juntadeandalucia.es\/vegaerasmusplus\/acogida-23-24\/\">Seguir leyendo<\/a><\/p>\n","protected":false},"author":8182,"featured_media":0,"parent":0,"menu_order":0,"comment_status":"closed","ping_status":"closed","template":"","meta":{"ngg_post_thumbnail":0,"footnotes":""},"aioseo_notices":[],"_links":{"self":[{"href":"https:\/\/blogsaverroes.juntadeandalucia.es\/vegaerasmusplus\/wp-json\/wp\/v2\/pages\/1440"}],"collection":[{"href":"https:\/\/blogsaverroes.juntadeandalucia.es\/vegaerasmusplus\/wp-json\/wp\/v2\/pages"}],"about":[{"href":"https:\/\/blogsaverroes.juntadeandalucia.es\/vegaerasmusplus\/wp-json\/wp\/v2\/types\/page"}],"author":[{"embeddable":true,"href":"https:\/\/blogsaverroes.juntadeandalucia.es\/vegaerasmusplus\/wp-json\/wp\/v2\/users\/8182"}],"replies":[{"embeddable":true,"href":"https:\/\/blogsaverroes.juntadeandalucia.es\/vegaerasmusplus\/wp-json\/wp\/v2\/comments?post=1440"}],"version-history":[{"count":5,"href":"https:\/\/blogsaverroes.juntadeandalucia.es\/vegaerasmusplus\/wp-json\/wp\/v2\/pages\/1440\/revisions"}],"predecessor-version":[{"id":1462,"href":"https:\/\/blogsaverroes.juntadeandalucia.es\/vegaerasmusplus\/wp-json\/wp\/v2\/pages\/1440\/revisions\/1462"}],"wp:attachment":[{"href":"https:\/\/blogsaverroes.juntadeandalucia.es\/vegaerasmusplus\/wp-json\/wp\/v2\/media?parent=1440"}],"curies":[{"name":"wp","href":"https:\/\/api.w.org\/{rel}","templated":true}]}}