{"id":1484,"date":"2025-09-21T22:16:26","date_gmt":"2025-09-21T20:16:26","guid":{"rendered":"https:\/\/blogsaverroes.juntadeandalucia.es\/vegaerasmusplus\/?page_id=1484"},"modified":"2025-09-21T22:16:41","modified_gmt":"2025-09-21T20:16:41","slug":"internacionalizacion-de-la-fp","status":"publish","type":"page","link":"https:\/\/blogsaverroes.juntadeandalucia.es\/vegaerasmusplus\/internacionalizacion-de-la-fp\/","title":{"rendered":"Internacionalizaci\u00f3n de la FP"},"content":{"rendered":"<p>Participaci\u00f3n en la I Feria de la Orientaci\u00f3n de Formaci\u00f3n Profesional en Atarfe<\/p>\n<p><a href=\"https:\/\/www.canva.com\/design\/DAGB3X6M8is\/mXfORsRa-xRup8YTpiL9Dg\/edit?utm_content=DAGB3X6M8is&amp;utm_campaign=designshare&amp;utm_medium=link2&amp;utm_source=sharebutton\"><img loading=\"lazy\" decoding=\"async\" class=\"alignnone size-full wp-image-1485\" src=\"https:\/\/blogsaverroes.juntadeandalucia.es\/vegaerasmusplus\/files\/2025\/09\/Oportunidades-FP.png\" alt=\"\" width=\"1920\" height=\"1080\" srcset=\"https:\/\/blogsaverroes.juntadeandalucia.es\/vegaerasmusplus\/files\/2025\/09\/Oportunidades-FP.png 1920w, https:\/\/blogsaverroes.juntadeandalucia.es\/vegaerasmusplus\/files\/2025\/09\/Oportunidades-FP-300x169.png 300w, https:\/\/blogsaverroes.juntadeandalucia.es\/vegaerasmusplus\/files\/2025\/09\/Oportunidades-FP-1024x576.png 1024w, https:\/\/blogsaverroes.juntadeandalucia.es\/vegaerasmusplus\/files\/2025\/09\/Oportunidades-FP-768x432.png 768w, https:\/\/blogsaverroes.juntadeandalucia.es\/vegaerasmusplus\/files\/2025\/09\/Oportunidades-FP-1536x864.png 1536w, https:\/\/blogsaverroes.juntadeandalucia.es\/vegaerasmusplus\/files\/2025\/09\/Oportunidades-FP-944x531.png 944w\" sizes=\"(max-width: 1920px) 100vw, 1920px\" \/><\/a><\/p>\n<p>&nbsp;<\/p>\n<div class=\"embed-container\"><iframe loading=\"lazy\" title=\"\ud83c\udf1f\ud83d\udcbc \u00a1Un Futuro Lleno de Posibilidades: Feria de Orientaci\u00f3n a la Formaci\u00f3n Profesional en Atarfe! \ud83d\udcbc\ud83c\udf1f\" width=\"944\" height=\"531\" src=\"https:\/\/www.youtube.com\/embed\/eymPRJ6Etkw?feature=oembed\" frameborder=\"0\" allow=\"accelerometer; autoplay; clipboard-write; encrypted-media; gyroscope; picture-in-picture; web-share\" referrerpolicy=\"strict-origin-when-cross-origin\" allowfullscreen><\/iframe><\/div>\n<p><img loading=\"lazy\" decoding=\"async\" class=\"alignnone size-full wp-image-1486\" src=\"https:\/\/blogsaverroes.juntadeandalucia.es\/vegaerasmusplus\/files\/2025\/09\/programa-Feria-FP.jpg\" alt=\"\" width=\"2110\" height=\"1470\" srcset=\"https:\/\/blogsaverroes.juntadeandalucia.es\/vegaerasmusplus\/files\/2025\/09\/programa-Feria-FP.jpg 2110w, https:\/\/blogsaverroes.juntadeandalucia.es\/vegaerasmusplus\/files\/2025\/09\/programa-Feria-FP-300x209.jpg 300w, https:\/\/blogsaverroes.juntadeandalucia.es\/vegaerasmusplus\/files\/2025\/09\/programa-Feria-FP-1024x713.jpg 1024w, https:\/\/blogsaverroes.juntadeandalucia.es\/vegaerasmusplus\/files\/2025\/09\/programa-Feria-FP-768x535.jpg 768w, https:\/\/blogsaverroes.juntadeandalucia.es\/vegaerasmusplus\/files\/2025\/09\/programa-Feria-FP-1536x1070.jpg 1536w, https:\/\/blogsaverroes.juntadeandalucia.es\/vegaerasmusplus\/files\/2025\/09\/programa-Feria-FP-2048x1427.jpg 2048w, https:\/\/blogsaverroes.juntadeandalucia.es\/vegaerasmusplus\/files\/2025\/09\/programa-Feria-FP-944x658.jpg 944w\" sizes=\"(max-width: 2110px) 100vw, 2110px\" \/><\/p>\n<p><a href=\"https:\/\/miradordeatarfe.es\/?p=68615\" target=\"_blank\" rel=\"noopener\">Enlace a la noticia en El Mirador de Atarfe<\/a><\/p>\n<p>&nbsp;<\/p>\n","protected":false},"excerpt":{"rendered":"<p>Participaci\u00f3n en la I Feria de la Orientaci\u00f3n de Formaci\u00f3n Profesional en Atarfe &nbsp; Enlace a la noticia en El Mirador de Atarfe &nbsp;<\/p>\n","protected":false},"author":8182,"featured_media":0,"parent":0,"menu_order":0,"comment_status":"closed","ping_status":"closed","template":"","meta":{"ngg_post_thumbnail":0,"footnotes":""},"aioseo_notices":[],"_links":{"self":[{"href":"https:\/\/blogsaverroes.juntadeandalucia.es\/vegaerasmusplus\/wp-json\/wp\/v2\/pages\/1484"}],"collection":[{"href":"https:\/\/blogsaverroes.juntadeandalucia.es\/vegaerasmusplus\/wp-json\/wp\/v2\/pages"}],"about":[{"href":"https:\/\/blogsaverroes.juntadeandalucia.es\/vegaerasmusplus\/wp-json\/wp\/v2\/types\/page"}],"author":[{"embeddable":true,"href":"https:\/\/blogsaverroes.juntadeandalucia.es\/vegaerasmusplus\/wp-json\/wp\/v2\/users\/8182"}],"replies":[{"embeddable":true,"href":"https:\/\/blogsaverroes.juntadeandalucia.es\/vegaerasmusplus\/wp-json\/wp\/v2\/comments?post=1484"}],"version-history":[{"count":1,"href":"https:\/\/blogsaverroes.juntadeandalucia.es\/vegaerasmusplus\/wp-json\/wp\/v2\/pages\/1484\/revisions"}],"predecessor-version":[{"id":1487,"href":"https:\/\/blogsaverroes.juntadeandalucia.es\/vegaerasmusplus\/wp-json\/wp\/v2\/pages\/1484\/revisions\/1487"}],"wp:attachment":[{"href":"https:\/\/blogsaverroes.juntadeandalucia.es\/vegaerasmusplus\/wp-json\/wp\/v2\/media?parent=1484"}],"curies":[{"name":"wp","href":"https:\/\/api.w.org\/{rel}","templated":true}]}}

Internacionalización de la FP

<p>Participación en la I Feria de la Orientación de Formación Profesional en Atarfe</p>
<p><a href="https://www.canva.com/design/DAGB3X6M8is/mXfORsRa-xRup8YTpiL9Dg/edit?utm_content=DAGB3X6M8is&amp;utm_campaign=designshare&amp;utm_medium=link2&amp;utm_source=sharebutton"><img loading="lazy" decoding="async" class="alignnone size-full wp-image-1485" src="https://blogsaverroes.juntadeandalucia.es/vegaerasmusplus/files/2025/09/Oportunidades-FP.png" alt="" width="1920" height="1080" srcset="https://blogsaverroes.juntadeandalucia.es/vegaerasmusplus/files/2025/09/Oportunidades-FP.png 1920w, https://blogsaverroes.juntadeandalucia.es/vegaerasmusplus/files/2025/09/Oportunidades-FP-300x169.png 300w, https://blogsaverroes.juntadeandalucia.es/vegaerasmusplus/files/2025/09/Oportunidades-FP-1024x576.png 1024w, https://blogsaverroes.juntadeandalucia.es/vegaerasmusplus/files/2025/09/Oportunidades-FP-768x432.png 768w, https://blogsaverroes.juntadeandalucia.es/vegaerasmusplus/files/2025/09/Oportunidades-FP-1536x864.png 1536w, https://blogsaverroes.juntadeandalucia.es/vegaerasmusplus/files/2025/09/Oportunidades-FP-944x531.png 944w" sizes="(max-width: 1920px) 100vw, 1920px" /></a></p>
<p>&nbsp;</p>
<div class="embed-container"><iframe loading="lazy" title="🌟💼 ¡Un Futuro Lleno de Posibilidades: Feria de Orientación a la Formación Profesional en Atarfe! 💼🌟" width="944" height="531" src="https://www.youtube.com/embed/eymPRJ6Etkw?feature=oembed" frameborder="0" allow="accelerometer; autoplay; clipboard-write; encrypted-media; gyroscope; picture-in-picture; web-share" referrerpolicy="strict-origin-when-cross-origin" allowfullscreen></iframe></div>
<p><img loading="lazy" decoding="async" class="alignnone size-full wp-image-1486" src="https://blogsaverroes.juntadeandalucia.es/vegaerasmusplus/files/2025/09/programa-Feria-FP.jpg" alt="" width="2110" height="1470" srcset="https://blogsaverroes.juntadeandalucia.es/vegaerasmusplus/files/2025/09/programa-Feria-FP.jpg 2110w, https://blogsaverroes.juntadeandalucia.es/vegaerasmusplus/files/2025/09/programa-Feria-FP-300x209.jpg 300w, https://blogsaverroes.juntadeandalucia.es/vegaerasmusplus/files/2025/09/programa-Feria-FP-1024x713.jpg 1024w, https://blogsaverroes.juntadeandalucia.es/vegaerasmusplus/files/2025/09/programa-Feria-FP-768x535.jpg 768w, https://blogsaverroes.juntadeandalucia.es/vegaerasmusplus/files/2025/09/programa-Feria-FP-1536x1070.jpg 1536w, https://blogsaverroes.juntadeandalucia.es/vegaerasmusplus/files/2025/09/programa-Feria-FP-2048x1427.jpg 2048w, https://blogsaverroes.juntadeandalucia.es/vegaerasmusplus/files/2025/09/programa-Feria-FP-944x658.jpg 944w" sizes="(max-width: 2110px) 100vw, 2110px" /></p>
<p><a href="https://miradordeatarfe.es/?p=68615" target="_blank" rel="noopener">Enlace a la noticia en El Mirador de Atarfe</a></p>
<p>&nbsp;</p>

<p>Participación en la I Feria de la Orientación de Formación Profesional en Atarfe &nbsp; Enlace a la noticia en El Mirador de Atarfe &nbsp;</p>
