{"id":963,"date":"2023-04-22T13:54:58","date_gmt":"2023-04-22T11:54:58","guid":{"rendered":"https:\/\/blogsaverroes.juntadeandalucia.es\/vegaerasmusplus\/?page_id=963"},"modified":"2024-03-26T22:03:35","modified_gmt":"2024-03-26T21:03:35","slug":"climate-mates","status":"publish","type":"page","link":"https:\/\/blogsaverroes.juntadeandalucia.es\/vegaerasmusplus\/climate-mates\/","title":{"rendered":"Climate mates 22\/23"},"content":{"rendered":"<p><img loading=\"lazy\" decoding=\"async\" class=\"alignnone wp-image-996 size-full\" src=\"https:\/\/blogsaverroes.juntadeandalucia.es\/vegaerasmusplus\/files\/2023\/11\/5_20231006_134531_0004.png\" alt=\"\" width=\"1748\" height=\"1240\" srcset=\"https:\/\/blogsaverroes.juntadeandalucia.es\/vegaerasmusplus\/files\/2023\/11\/5_20231006_134531_0004.png 1748w, https:\/\/blogsaverroes.juntadeandalucia.es\/vegaerasmusplus\/files\/2023\/11\/5_20231006_134531_0004-300x213.png 300w, https:\/\/blogsaverroes.juntadeandalucia.es\/vegaerasmusplus\/files\/2023\/11\/5_20231006_134531_0004-1024x726.png 1024w, https:\/\/blogsaverroes.juntadeandalucia.es\/vegaerasmusplus\/files\/2023\/11\/5_20231006_134531_0004-768x545.png 768w, https:\/\/blogsaverroes.juntadeandalucia.es\/vegaerasmusplus\/files\/2023\/11\/5_20231006_134531_0004-1536x1090.png 1536w\" sizes=\"(max-width: 1748px) 100vw, 1748px\" \/><\/p>\n<p><a href=\"https:\/\/sites.google.com\/g.educaand.es\/climatemates?usp=sharing\">Project website<\/a><\/p>\n<p>Schools\/Centros&nbsp;<\/p>\n<p><img loading=\"lazy\" decoding=\"async\" class=\"alignnone wp-image-999 size-large\" src=\"https:\/\/blogsaverroes.juntadeandalucia.es\/vegaerasmusplus\/files\/2023\/11\/mapa-1024x454.jpg\" alt=\"\" width=\"1024\" height=\"454\" srcset=\"https:\/\/blogsaverroes.juntadeandalucia.es\/vegaerasmusplus\/files\/2023\/11\/mapa-1024x454.jpg 1024w, https:\/\/blogsaverroes.juntadeandalucia.es\/vegaerasmusplus\/files\/2023\/11\/mapa-300x133.jpg 300w, https:\/\/blogsaverroes.juntadeandalucia.es\/vegaerasmusplus\/files\/2023\/11\/mapa-768x341.jpg 768w, https:\/\/blogsaverroes.juntadeandalucia.es\/vegaerasmusplus\/files\/2023\/11\/mapa.jpg 1053w\" sizes=\"(max-width: 1024px) 100vw, 1024px\" \/><\/p>\n<p><span style=\"font-size: 10pt;font-family: verdana, geneva, sans-serif\"><strong>Turqu\u00eda<\/strong>: <span style=\"color: #1c314c\"><a href=\"https:\/\/canakkalebilsem.meb.k12.tr\/\">\u00c7ANAKKALE B\u0130L\u0130M VE SANAT MERKEZ\u0130<\/a>. <span style=\"color: #808080\"><strong>\u00c7anakkale (Turqu\u00eda)<\/strong><\/span><\/span><\/span><\/p>\n<p><span style=\"font-size: 10pt;font-family: verdana, geneva, sans-serif\"><strong>Portugal<\/strong>: <a href=\"https:\/\/www.aert3.pt\/index.php\/m-agrupamento\/agrup-esrt\">Aert3<\/a>, Agrupamento de Escolas de Rio Tinto N\u00ba 3.&nbsp; <strong>Gondomar (Oporto)<\/strong><\/span><\/p>\n<table style=\"height: 36px;width: 100%;border-collapse: collapse;border-color: #453636;border-style: double;background-color: #948888\">\n<tbody>\n<tr style=\"height: 36px\">\n<td style=\"width: 100%;height: 36px;text-align: center\"><span style=\"font-size: 18pt;color: #ccffff\"><strong><a style=\"color: #ccffff\" href=\"https:\/\/sites.google.com\/g.educaand.es\/climatemates\/home\" target=\"_blank\" rel=\"noopener noreferrer\">ENLACE A WEB DEL PROYECTO<\/a><\/strong><\/span><\/td>\n<\/tr>\n<\/tbody>\n<\/table>\n<table class=\" aligncenter\" style=\"height: 40px;width: 47.5869%;border-collapse: collapse;border-color: #d1b0b0\">\n<tbody>\n<tr>\n<td style=\"width: 100%\"><strong><a href=\"https:\/\/instagram.com\/climate_matess?utm_source=qr&amp;igshid=MzNlNGNkZWQ4Mg==\">ENLACE A DIFUSI\u00d3N DEL PROYECTO<\/a><\/strong><\/td>\n<\/tr>\n<\/tbody>\n<\/table>\n<table style=\"width: 100%;border-collapse: collapse;background-color: #f0e92e\">\n<tbody>\n<tr>\n<td style=\"width: 100%\">Movilidad en Espa\u00f1a: WHAT A WONDERFUL WORLD!<\/td>\n<\/tr>\n<\/tbody>\n<\/table>\n<p>01.10.2023 \/ 07.10.2023<\/p>\n<table style=\"border-collapse: collapse;width: 100%\">\n<tbody>\n<tr>\n<td style=\"width: 50%\"><a href=\"https:\/\/drive.google.com\/file\/d\/1GRN5xJh2DzQr-gVe9Bd4QNUh0e_KqcQR\/view?usp=drive_link\">PROGRAMA DE ACTIVIDADES<\/a><\/p>\n<p><span style=\"color: #000000\">La movilidad en Espa\u00f1a tiene como objetivo la concienciaci\u00f3n sobre la importancia del agua como elemento esencial para la vida desde distintos aspectos:<\/span><\/p>\n<p><span style=\"color: #000000\">&#8211; en la agricultura<\/span><\/p>\n<p><span style=\"color: #000000\">&#8211; en el hogar<\/span><\/p>\n<p><span style=\"color: #000000\">&#8211; en el arte<\/span><\/p>\n<p><span style=\"color: #000000\">&#8211; como factor econ\u00f3mico<\/span><\/p>\n<p>&nbsp;<\/td>\n<td style=\"width: 50%\">D\u00eda 1.- ONE POTATO, TWO TOMATOES<\/p>\n<p>Recepci\u00f3n y bienvenida, desayuno internacional.<\/p>\n<p>Tareas en el huerto de nuestro centro y visita a la localidad de Atarfe<\/p>\n<p>D\u00eda 2: A FORTRESS IN MY GARDEN<\/p>\n<p>Visita a Granada centrada en los aljibes del Albaic\u00edn. El uso y almacenamiento del agua en la ciudad y en la Alhambra.<\/p>\n<p>D\u00eda 3.- FILM STARS FOR ONE DAY<\/p>\n<p>Visita al desierto de Tabernas, plantaforma solar de Almer\u00eda y el uso del paisaje des\u00e9rtico en el arte: el parque Mini Hollywood<\/p>\n<p>D\u00eda 4.- BUSY BEES<\/p>\n<p>Visita a la cueva La Gruta de las Ventanas. Observaci\u00f3n de los efectos del agua en zonas calizas y labor de las abejas en la naturaleza. Visita a la granja escuela de P\u00ed\u00f1ar.<\/p>\n<p>D\u00eda 5.- NO FISH IN THE POND<\/p>\n<p>El clima subtropical y su influencia en la agricultura. Visita a la cooperativa La Palma. Visita a la f\u00e1brica de salazones de Almu\u00f1\u00e9car<\/td>\n<\/tr>\n<\/tbody>\n<\/table>\n<p>&nbsp;<\/p>\n<table style=\"width: 100%;border-collapse: collapse;background-color: #f73131\">\n<tbody>\n<tr>\n<td style=\"width: 100%\">Movilidad en Turqu\u00eda: CLIMATE CHANGE<\/td>\n<\/tr>\n<\/tbody>\n<\/table>\n<p>22.10.2023 \/ 28.10.2023<\/p>\n<table style=\"border-collapse: collapse;width: 100%\">\n<tbody>\n<tr>\n<td style=\"width: 50%\"><a href=\"https:\/\/drive.google.com\/file\/d\/1G5B6hD520uz8KLwbVFIXnCw8raUuCS8e\/view?usp=drive_link\">PROGRAMA DE ACTIVIDADES<\/a><\/p>\n<p>&nbsp;<\/p>\n<p>Aumentar la concienciaci\u00f3n sobre el cambio clim\u00e1tico<br \/>\nsus razones y sus impactos, aumentando los cambios de comportamiento en las preferencias individuales y el compromiso activo con el desarrollo sostenible.<br \/>\nEl taller \u00abFashion fixers\u00bb y la receta sostenible permiten a los participantes aprender c\u00f3mo una simple actividad de la vida cotidiana, cocinar, afecta al clima mundial,<br \/>\nIncluye el transporte, la agricultura, la energ\u00eda, los residuos y el reciclaje.<\/p>\n<p>Al utilizar ropa vieja como materia prima, reduciremos el uso de materia prima primaria, con lo que obtendremos resultados econ\u00f3micos y reduciremos nuestra huella de carbono.<\/td>\n<td style=\"width: 50%\">D\u00eda 1.- Recepci\u00f3n, rompehielos y visita al centro; Fashion Fixers, taller de costura y reciclado de ropa.<\/p>\n<p>D\u00eda 2: Visita a la Estanci\u00f3n de Meteorolog\u00eda y a la Central E\u00f3lica de \u00c7anakkale<\/p>\n<p>D\u00eda 3.- Gu\u00eda Verde<\/p>\n<p>Visita a la Direcci\u00f3n de Gesti\u00f3n Forestal de Ezine<\/p>\n<p>Visita a la antigua ciudad de Troya y al Museo de Troya<\/p>\n<p>D\u00eda 4- Visita a lugares culturales de \u00c7anakkale: la Pen\u00ednsula de Gallipoli y visita a los Cementerios de los M\u00e1rtires de \u00c7anakkale.<\/p>\n<p><a href=\"https:\/\/www.instagram.com\/reel\/CzVVBDwI_jG\/\">D\u00eda 5.- Receta sostenible<\/a><\/p>\n<p>Visita a un mercado de cooperativas de cr\u00e9dito agr\u00edcola, comprar alimentos locales y de temporada utilizando sus bolsas reutilizables.<\/p>\n<p>Evento de recetas sostenibles &#8211; Los grupos preparan sus platos en clase de Gastronom\u00eda. Comida y degustacion de los platos preparados.&nbsp;<\/p>\n<p><a href=\"https:\/\/www.instagram.com\/p\/CzR74W0onGV\/\">Concierto<\/a> de m\u00fasica por alumnos del centro&nbsp;<\/td>\n<\/tr>\n<\/tbody>\n<\/table>\n<p>&nbsp;<\/p>\n<p>&nbsp;<\/p>\n<table style=\"height: 24px;width: 100%;border-collapse: collapse;background-color: #23a125\">\n<tbody>\n<tr style=\"height: 24px\">\n<td style=\"width: 100%;height: 24px\">Movilidad en Portugal: FRIENDS OF BIODIVERSITY<\/td>\n<\/tr>\n<\/tbody>\n<\/table>\n<p>19.11.2023 \/ 25.11.2023<\/p>\n<table style=\"border-collapse: collapse;width: 100%\">\n<tbody>\n<tr>\n<td style=\"width: 50%\"><a href=\"https:\/\/drive.google.com\/file\/d\/1G5B6hD520uz8KLwbVFIXnCw8raUuCS8e\/view?usp=drive_link\">PROGRAMA DE ACTIVIDADES<\/a><\/p>\n<p>&nbsp;<\/p>\n<p>Las actividades experimentales involucrar\u00e1n a los alumnos y les ayudar\u00e1n a comprender mejor los temas medioambientales y las causas e impactos del cambio clim\u00e1tico.<\/td>\n<td style=\"width: 71.2727%\" width=\"567\">D\u00eda 1<\/p>\n<p>&#8211; Reuni\u00f3n en la sede de la escuela (rompehielos, visita a la escuela y reuni\u00f3n de trabajo);<\/p>\n<p>&#8211; Visita a la \u00abEsta\u00e7\u00e3o Litoral da Aguda\u00bb;<\/p>\n<p>D\u00eda 2<\/p>\n<p>&#8211; Actividades en \u00abHorta da Formiga\u00bb &#8211; LIPOR;<\/p>\n<p>D\u00eda 3<\/p>\n<p>&#8211; Juegos Ambientales promovidos por Quinta do Passal en nuestra escuela (\u00abJogos sem Fronteiras\u00bb (Juegos sin Fronteras) y<\/p>\n<p>\u00abEm defesa dos polinizadores\u00bb (En defensa de los polinizadores);<\/p>\n<p>&#8211; Visita a una exposici\u00f3n (\u00abMariposas y otros insectos\u00bb)<\/p>\n<p>D\u00eda 4<\/p>\n<p>&#8211; Actividades experimentales en nuestra escuela (p.ej. producci\u00f3n de biopl\u00e1stico, efecto invernadero, extracci\u00f3n de clorofila, experimentos de fotos\u00edntesis, impermeabilizaci\u00f3n de plumas, etc.) experimentos de fotos\u00edntesis, impermeabilizaci\u00f3n de plumas, experimentos de contaminaci\u00f3n atmosf\u00e9rica)<\/p>\n<p>D\u00eda 5<\/p>\n<p>&#8211; Visita al \u00abCircuito Interpretativo do Trilho Ecol\u00f3gico\u00bb (Circuito Interpretativo del Sendero Ecol\u00f3gico) &#8211; LIPOR.<\/td>\n<\/tr>\n<\/tbody>\n<\/table>\n<p>&nbsp;<\/p>\n","protected":false},"excerpt":{"rendered":"<p>Project website Schools\/Centros&nbsp; Turqu\u00eda: \u00c7ANAKKALE B\u0130L\u0130M VE SANAT MERKEZ\u0130. \u00c7anakkale (Turqu\u00eda) Portugal: Aert3, Agrupamento de Escolas de Rio Tinto N\u00ba 3.&nbsp; Gondomar (Oporto) ENLACE A WEB DEL PROYECTO ENLACE A DIFUSI\u00d3N DEL PROYECTO Movilidad en Espa\u00f1a: WHAT A WONDERFUL WORLD! 01.10.2023 \/ 07.10.2023 PROGRAMA DE ACTIVIDADES La movilidad en Espa\u00f1a tiene como objetivo la concienciaci\u00f3n &hellip; <\/p>\n<p><a class=\"more-link btn\" href=\"https:\/\/blogsaverroes.juntadeandalucia.es\/vegaerasmusplus\/climate-mates\/\">Seguir leyendo<\/a><\/p>\n","protected":false},"author":8182,"featured_media":0,"parent":0,"menu_order":0,"comment_status":"closed","ping_status":"closed","template":"","meta":{"ngg_post_thumbnail":0,"footnotes":""},"aioseo_notices":[],"_links":{"self":[{"href":"https:\/\/blogsaverroes.juntadeandalucia.es\/vegaerasmusplus\/wp-json\/wp\/v2\/pages\/963"}],"collection":[{"href":"https:\/\/blogsaverroes.juntadeandalucia.es\/vegaerasmusplus\/wp-json\/wp\/v2\/pages"}],"about":[{"href":"https:\/\/blogsaverroes.juntadeandalucia.es\/vegaerasmusplus\/wp-json\/wp\/v2\/types\/page"}],"author":[{"embeddable":true,"href":"https:\/\/blogsaverroes.juntadeandalucia.es\/vegaerasmusplus\/wp-json\/wp\/v2\/users\/8182"}],"replies":[{"embeddable":true,"href":"https:\/\/blogsaverroes.juntadeandalucia.es\/vegaerasmusplus\/wp-json\/wp\/v2\/comments?post=963"}],"version-history":[{"count":42,"href":"https:\/\/blogsaverroes.juntadeandalucia.es\/vegaerasmusplus\/wp-json\/wp\/v2\/pages\/963\/revisions"}],"predecessor-version":[{"id":1119,"href":"https:\/\/blogsaverroes.juntadeandalucia.es\/vegaerasmusplus\/wp-json\/wp\/v2\/pages\/963\/revisions\/1119"}],"wp:attachment":[{"href":"https:\/\/blogsaverroes.juntadeandalucia.es\/vegaerasmusplus\/wp-json\/wp\/v2\/media?parent=963"}],"curies":[{"name":"wp","href":"https:\/\/api.w.org\/{rel}","templated":true}]}}