{"id":32,"date":"2023-01-24T16:42:37","date_gmt":"2023-01-24T16:42:37","guid":{"rendered":"https:\/\/blogsaverroes.juntadeandalucia.es\/vegaimpulsa\/?page_id=32"},"modified":"2023-01-24T16:42:37","modified_gmt":"2023-01-24T16:42:37","slug":"taller-de-croma","status":"publish","type":"page","link":"https:\/\/blogsaverroes.juntadeandalucia.es\/vegaimpulsa\/taller-de-croma\/","title":{"rendered":"Taller de croma"},"content":{"rendered":"<ol>\n<li>DESCRIPCI\u00d3N DE LA ACTIVIDA<\/li>\n<\/ol>\n<p>El taller de croma contribuye en la expresi\u00f3n oral de los participantes, interviene en el control de los movimientos corporales y tiene la capacidad de otorgar a los participantes seguridad en s\u00ed mismo.<\/p>\n<p>Los talleres de car\u00e1cter te\u00f3rico-pr\u00e1ctico utilizan el croma como herramienta educativa, recurso de atenci\u00f3n a la diversidad y en prevenci\u00f3n del absentismo escolar. En los talleres se desarrollan m\u00faltiples experiencias de car\u00e1cter personal, emocional, poniendo en pr\u00e1ctica un elevado n\u00famero de actitudes.<\/p>\n<p>2. OBJETIVOS<\/p>\n<ul>\n<li>Conocer las t\u00e9cnicas de v\u00eddeo, expresi\u00f3n e interpretaci\u00f3n utilizadas en cine.<\/li>\n<li>Controlar los sentimientos y las emociones.<\/li>\n<li>Experimentar con diversas actitudes corporales y la intervenci\u00f3n oral.<\/li>\n<li>Manipular las herramientas que intervienen en la edici\u00f3n de im\u00e1genes a trav\u00e9s de croma.<\/li>\n<li>Prevenir el absentismo escolar.<\/li>\n<\/ul>\n<p>3. METODOLOG\u00cdA<\/p>\n<p>Los objetivos se desarrollan a trav\u00e9s de los siguientes aspectos metodol\u00f3gicos:<\/p>\n<ul>\n<li>Actitud flexible ante la ense\u00f1anza de las actividades propuestas, traducida en un continuo an\u00e1lisis de la acci\u00f3n y una constante revisi\u00f3n de la programaci\u00f3n, para desarrollar las estrategias que aborden los cambios constantes en nuestro campo de conocimiento.<\/li>\n<li>Ense\u00f1anza basada en una atenci\u00f3n individualizada, fomentando el trabajo en grupo.<\/li>\n<li>Aprendizaje basado en la interdisciplinariedad del conocimiento.<\/li>\n<li>Debate abierto, fomentando la divergencia de los puntos de vista.<\/li>\n<li>Estrategias que incita a los participantes a justificar sus respuestas para estimular su inter\u00e9s, valorando una postura cr\u00edtica y coherente.<\/li>\n<\/ul>\n<p>De este modo las actividades se distribuyen en actividades expositivas y pr\u00e1cticas en torno a los conceptos y contenidos propuestos.<\/p>\n","protected":false},"excerpt":{"rendered":"<p>DESCRIPCI\u00d3N DE LA ACTIVIDA El taller de croma contribuye en la expresi\u00f3n oral de los participantes, interviene en el control de los movimientos corporales y tiene la capacidad de otorgar a los participantes seguridad en s\u00ed mismo. Los talleres de car\u00e1cter te\u00f3rico-pr\u00e1ctico utilizan el croma como herramienta educativa, recurso de atenci\u00f3n a la diversidad y &hellip; <\/p>\n<p><a class=\"more-link btn\" href=\"https:\/\/blogsaverroes.juntadeandalucia.es\/vegaimpulsa\/taller-de-croma\/\">Seguir leyendo<\/a><\/p>\n","protected":false},"author":7650,"featured_media":0,"parent":0,"menu_order":0,"comment_status":"closed","ping_status":"closed","template":"","meta":{"ngg_post_thumbnail":0,"footnotes":""},"aioseo_notices":[],"_links":{"self":[{"href":"https:\/\/blogsaverroes.juntadeandalucia.es\/vegaimpulsa\/wp-json\/wp\/v2\/pages\/32"}],"collection":[{"href":"https:\/\/blogsaverroes.juntadeandalucia.es\/vegaimpulsa\/wp-json\/wp\/v2\/pages"}],"about":[{"href":"https:\/\/blogsaverroes.juntadeandalucia.es\/vegaimpulsa\/wp-json\/wp\/v2\/types\/page"}],"author":[{"embeddable":true,"href":"https:\/\/blogsaverroes.juntadeandalucia.es\/vegaimpulsa\/wp-json\/wp\/v2\/users\/7650"}],"replies":[{"embeddable":true,"href":"https:\/\/blogsaverroes.juntadeandalucia.es\/vegaimpulsa\/wp-json\/wp\/v2\/comments?post=32"}],"version-history":[{"count":1,"href":"https:\/\/blogsaverroes.juntadeandalucia.es\/vegaimpulsa\/wp-json\/wp\/v2\/pages\/32\/revisions"}],"predecessor-version":[{"id":33,"href":"https:\/\/blogsaverroes.juntadeandalucia.es\/vegaimpulsa\/wp-json\/wp\/v2\/pages\/32\/revisions\/33"}],"wp:attachment":[{"href":"https:\/\/blogsaverroes.juntadeandalucia.es\/vegaimpulsa\/wp-json\/wp\/v2\/media?parent=32"}],"curies":[{"name":"wp","href":"https:\/\/api.w.org\/{rel}","templated":true}]}}

<ol>
<li>DESCRIPCIÓN DE LA ACTIVIDA</li>
</ol>
<p>El taller de croma contribuye en la expresión oral de los participantes, interviene en el control de los movimientos corporales y tiene la capacidad de otorgar a los participantes seguridad en sí mismo.</p>
<p>Los talleres de carácter teórico-práctico utilizan el croma como herramienta educativa, recurso de atención a la diversidad y en prevención del absentismo escolar. En los talleres se desarrollan múltiples experiencias de carácter personal, emocional, poniendo en práctica un elevado número de actitudes.</p>
<p>2. OBJETIVOS</p>
<ul>
<li>Conocer las técnicas de vídeo, expresión e interpretación utilizadas en cine.</li>
<li>Controlar los sentimientos y las emociones.</li>
<li>Experimentar con diversas actitudes corporales y la intervención oral.</li>
<li>Manipular las herramientas que intervienen en la edición de imágenes a través de croma.</li>
<li>Prevenir el absentismo escolar.</li>
</ul>
<p>3. METODOLOGÍA</p>
<p>Los objetivos se desarrollan a través de los siguientes aspectos metodológicos:</p>
<ul>
<li>Actitud flexible ante la enseñanza de las actividades propuestas, traducida en un continuo análisis de la acción y una constante revisión de la programación, para desarrollar las estrategias que aborden los cambios constantes en nuestro campo de conocimiento.</li>
<li>Enseñanza basada en una atención individualizada, fomentando el trabajo en grupo.</li>
<li>Aprendizaje basado en la interdisciplinariedad del conocimiento.</li>
<li>Debate abierto, fomentando la divergencia de los puntos de vista.</li>
<li>Estrategias que incita a los participantes a justificar sus respuestas para estimular su interés, valorando una postura crítica y coherente.</li>
</ul>
<p>De este modo las actividades se distribuyen en actividades expositivas y prácticas en torno a los conceptos y contenidos propuestos.</p>

<p>DESCRIPCIÓN DE LA ACTIVIDA El taller de croma contribuye en la expresión oral de los participantes, interviene en el control de los movimientos corporales y tiene la capacidad de otorgar a los participantes seguridad en sí mismo. Los talleres de carácter teórico-práctico utilizan el croma como herramienta educativa, recurso de atención a la diversidad y &hellip; </p>
<p><a class="more-link btn" href="https://blogsaverroes.juntadeandalucia.es/vegaimpulsa/taller-de-croma/">Seguir leyendo</a></p>
