{"id":438,"date":"2024-06-12T15:36:06","date_gmt":"2024-06-12T15:36:06","guid":{"rendered":"https:\/\/blogsaverroes.juntadeandalucia.es\/vegaimpulsa\/?page_id=438"},"modified":"2024-06-12T15:36:06","modified_gmt":"2024-06-12T15:36:06","slug":"objetivos-de-los-talleres-artes-plasticas-y-emociones","status":"publish","type":"page","link":"https:\/\/blogsaverroes.juntadeandalucia.es\/vegaimpulsa\/objetivos-de-los-talleres-artes-plasticas-y-emociones\/","title":{"rendered":"Objetivos de los talleres artes pl\u00e1sticas y emociones"},"content":{"rendered":"<ul>\n<li>Profundizar en la inteligencia emocional a trav\u00e9s de la Historia de las Artes Pl\u00e1sticas.<\/li>\n<li>Adquirir conocimientos te\u00f3ricos y habilidades pr\u00e1cticas sobre la Historia de las Artes pl\u00e1sticas.<\/li>\n<li>Fomentar la experimentaci\u00f3n de las principales t\u00e9cnicas art\u00edsticas.<\/li>\n<li>Contribuir al conocimiento de diferentes materiales y herramientas art\u00edsticas.<\/li>\n<\/ul>\n","protected":false},"excerpt":{"rendered":"<p>Profundizar en la inteligencia emocional a trav\u00e9s de la Historia de las Artes Pl\u00e1sticas. Adquirir conocimientos te\u00f3ricos y habilidades pr\u00e1cticas sobre la Historia de las Artes pl\u00e1sticas. Fomentar la experimentaci\u00f3n de las principales t\u00e9cnicas art\u00edsticas. Contribuir al conocimiento de diferentes materiales y herramientas art\u00edsticas.<\/p>\n","protected":false},"author":7650,"featured_media":0,"parent":0,"menu_order":0,"comment_status":"closed","ping_status":"closed","template":"","meta":{"ngg_post_thumbnail":0,"footnotes":""},"aioseo_notices":[],"_links":{"self":[{"href":"https:\/\/blogsaverroes.juntadeandalucia.es\/vegaimpulsa\/wp-json\/wp\/v2\/pages\/438"}],"collection":[{"href":"https:\/\/blogsaverroes.juntadeandalucia.es\/vegaimpulsa\/wp-json\/wp\/v2\/pages"}],"about":[{"href":"https:\/\/blogsaverroes.juntadeandalucia.es\/vegaimpulsa\/wp-json\/wp\/v2\/types\/page"}],"author":[{"embeddable":true,"href":"https:\/\/blogsaverroes.juntadeandalucia.es\/vegaimpulsa\/wp-json\/wp\/v2\/users\/7650"}],"replies":[{"embeddable":true,"href":"https:\/\/blogsaverroes.juntadeandalucia.es\/vegaimpulsa\/wp-json\/wp\/v2\/comments?post=438"}],"version-history":[{"count":1,"href":"https:\/\/blogsaverroes.juntadeandalucia.es\/vegaimpulsa\/wp-json\/wp\/v2\/pages\/438\/revisions"}],"predecessor-version":[{"id":439,"href":"https:\/\/blogsaverroes.juntadeandalucia.es\/vegaimpulsa\/wp-json\/wp\/v2\/pages\/438\/revisions\/439"}],"wp:attachment":[{"href":"https:\/\/blogsaverroes.juntadeandalucia.es\/vegaimpulsa\/wp-json\/wp\/v2\/media?parent=438"}],"curies":[{"name":"wp","href":"https:\/\/api.w.org\/{rel}","templated":true}]}}

Objetivos de los talleres artes plásticas y emociones

<ul>
<li>Profundizar en la inteligencia emocional a través de la Historia de las Artes Plásticas.</li>
<li>Adquirir conocimientos teóricos y habilidades prácticas sobre la Historia de las Artes plásticas.</li>
<li>Fomentar la experimentación de las principales técnicas artísticas.</li>
<li>Contribuir al conocimiento de diferentes materiales y herramientas artísticas.</li>
</ul>

<p>Profundizar en la inteligencia emocional a través de la Historia de las Artes Plásticas. Adquirir conocimientos teóricos y habilidades prácticas sobre la Historia de las Artes plásticas. Fomentar la experimentación de las principales técnicas artísticas. Contribuir al conocimiento de diferentes materiales y herramientas artísticas.</p>
