{"id":440,"date":"2024-06-12T15:37:02","date_gmt":"2024-06-12T15:37:02","guid":{"rendered":"https:\/\/blogsaverroes.juntadeandalucia.es\/vegaimpulsa\/?page_id=440"},"modified":"2024-06-12T15:37:02","modified_gmt":"2024-06-12T15:37:02","slug":"descripcion-de-la-actividad-artes-plasticas-y-emociones","status":"publish","type":"page","link":"https:\/\/blogsaverroes.juntadeandalucia.es\/vegaimpulsa\/descripcion-de-la-actividad-artes-plasticas-y-emociones\/","title":{"rendered":"Descripci\u00f3n de la actividad: artes pl\u00e1sticas y emociones"},"content":{"rendered":"<p style=\"font-weight: 400;text-align: center\">Talleres de car\u00e1cter te\u00f3rico-pr\u00e1ctico que utilizan las artes pl\u00e1sticas como herramienta de educaci\u00f3n emocional, recurso de atenci\u00f3n a la diversidad y en prevenci\u00f3n del absentismo escolar. En los talleres se desarrollan m\u00faltiples experiencias de car\u00e1cter conceptual y experimental, centr\u00e1ndose las actividades en el conocimiento de materiales, herramientas y desarrollo de las principales t\u00e9cnicas art\u00edsticas.<\/p>\n<p style=\"font-weight: 400;text-align: center\">Las actividades facilitan la conexi\u00f3n de las diversas \u00e1reas del curr\u00edculo: Ciencias Naturales, Ciencias Sociales, Lengua, Matem\u00e1ticas y Educaci\u00f3n Art\u00edstica con materias transversales como la Educaci\u00f3n para la Convivencia.<\/p>\n","protected":false},"excerpt":{"rendered":"<p>Talleres de car\u00e1cter te\u00f3rico-pr\u00e1ctico que utilizan las artes pl\u00e1sticas como herramienta de educaci\u00f3n emocional, recurso de atenci\u00f3n a la diversidad y en prevenci\u00f3n del absentismo escolar. En los talleres se desarrollan m\u00faltiples experiencias de car\u00e1cter conceptual y experimental, centr\u00e1ndose las actividades en el conocimiento de materiales, herramientas y desarrollo de las principales t\u00e9cnicas art\u00edsticas. Las &hellip; <\/p>\n<p><a class=\"more-link btn\" href=\"https:\/\/blogsaverroes.juntadeandalucia.es\/vegaimpulsa\/descripcion-de-la-actividad-artes-plasticas-y-emociones\/\">Seguir leyendo<\/a><\/p>\n","protected":false},"author":7650,"featured_media":0,"parent":0,"menu_order":0,"comment_status":"closed","ping_status":"closed","template":"","meta":{"ngg_post_thumbnail":0,"footnotes":""},"aioseo_notices":[],"_links":{"self":[{"href":"https:\/\/blogsaverroes.juntadeandalucia.es\/vegaimpulsa\/wp-json\/wp\/v2\/pages\/440"}],"collection":[{"href":"https:\/\/blogsaverroes.juntadeandalucia.es\/vegaimpulsa\/wp-json\/wp\/v2\/pages"}],"about":[{"href":"https:\/\/blogsaverroes.juntadeandalucia.es\/vegaimpulsa\/wp-json\/wp\/v2\/types\/page"}],"author":[{"embeddable":true,"href":"https:\/\/blogsaverroes.juntadeandalucia.es\/vegaimpulsa\/wp-json\/wp\/v2\/users\/7650"}],"replies":[{"embeddable":true,"href":"https:\/\/blogsaverroes.juntadeandalucia.es\/vegaimpulsa\/wp-json\/wp\/v2\/comments?post=440"}],"version-history":[{"count":1,"href":"https:\/\/blogsaverroes.juntadeandalucia.es\/vegaimpulsa\/wp-json\/wp\/v2\/pages\/440\/revisions"}],"predecessor-version":[{"id":441,"href":"https:\/\/blogsaverroes.juntadeandalucia.es\/vegaimpulsa\/wp-json\/wp\/v2\/pages\/440\/revisions\/441"}],"wp:attachment":[{"href":"https:\/\/blogsaverroes.juntadeandalucia.es\/vegaimpulsa\/wp-json\/wp\/v2\/media?parent=440"}],"curies":[{"name":"wp","href":"https:\/\/api.w.org\/{rel}","templated":true}]}}

Descripción de la actividad: artes plásticas y emociones

<p style="font-weight: 400;text-align: center">Talleres de carácter teórico-práctico que utilizan las artes plásticas como herramienta de educación emocional, recurso de atención a la diversidad y en prevención del absentismo escolar. En los talleres se desarrollan múltiples experiencias de carácter conceptual y experimental, centrándose las actividades en el conocimiento de materiales, herramientas y desarrollo de las principales técnicas artísticas.</p>
<p style="font-weight: 400;text-align: center">Las actividades facilitan la conexión de las diversas áreas del currículo: Ciencias Naturales, Ciencias Sociales, Lengua, Matemáticas y Educación Artística con materias transversales como la Educación para la Convivencia.</p>

<p>Talleres de carácter teórico-práctico que utilizan las artes plásticas como herramienta de educación emocional, recurso de atención a la diversidad y en prevención del absentismo escolar. En los talleres se desarrollan múltiples experiencias de carácter conceptual y experimental, centrándose las actividades en el conocimiento de materiales, herramientas y desarrollo de las principales técnicas artísticas. Las &hellip; </p>
<p><a class="more-link btn" href="https://blogsaverroes.juntadeandalucia.es/vegaimpulsa/descripcion-de-la-actividad-artes-plasticas-y-emociones/">Seguir leyendo</a></p>
