{"id":499,"date":"2024-06-12T16:16:46","date_gmt":"2024-06-12T16:16:46","guid":{"rendered":"https:\/\/blogsaverroes.juntadeandalucia.es\/vegaimpulsa\/?page_id=499"},"modified":"2024-06-12T16:16:46","modified_gmt":"2024-06-12T16:16:46","slug":"sesiones-talleres-inteligencia-emocional","status":"publish","type":"page","link":"https:\/\/blogsaverroes.juntadeandalucia.es\/vegaimpulsa\/sesiones-talleres-inteligencia-emocional\/","title":{"rendered":"Sesiones talleres Inteligencia Emocional"},"content":{"rendered":"<ul>\n<li>Sesi\u00f3n 1: Emociones.<\/li>\n<li>Sesi\u00f3n 2: Conciencia emocional.<\/li>\n<li>Sesi\u00f3n 3: Regulaci\u00f3n emocional.<\/li>\n<li>Sesi\u00f3n 4: Autonom\u00eda emocional.<\/li>\n<li>Sesi\u00f3n 5: Habilidades sociales.<\/li>\n<li>Sesi\u00f3n 6: Habilidades de vida y bienestar.<\/li>\n<\/ul>\n","protected":false},"excerpt":{"rendered":"<p>Sesi\u00f3n 1: Emociones. Sesi\u00f3n 2: Conciencia emocional. Sesi\u00f3n 3: Regulaci\u00f3n emocional. Sesi\u00f3n 4: Autonom\u00eda emocional. Sesi\u00f3n 5: Habilidades sociales. Sesi\u00f3n 6: Habilidades de vida y bienestar.<\/p>\n","protected":false},"author":7650,"featured_media":0,"parent":0,"menu_order":0,"comment_status":"closed","ping_status":"closed","template":"","meta":{"ngg_post_thumbnail":0,"footnotes":""},"aioseo_notices":[],"_links":{"self":[{"href":"https:\/\/blogsaverroes.juntadeandalucia.es\/vegaimpulsa\/wp-json\/wp\/v2\/pages\/499"}],"collection":[{"href":"https:\/\/blogsaverroes.juntadeandalucia.es\/vegaimpulsa\/wp-json\/wp\/v2\/pages"}],"about":[{"href":"https:\/\/blogsaverroes.juntadeandalucia.es\/vegaimpulsa\/wp-json\/wp\/v2\/types\/page"}],"author":[{"embeddable":true,"href":"https:\/\/blogsaverroes.juntadeandalucia.es\/vegaimpulsa\/wp-json\/wp\/v2\/users\/7650"}],"replies":[{"embeddable":true,"href":"https:\/\/blogsaverroes.juntadeandalucia.es\/vegaimpulsa\/wp-json\/wp\/v2\/comments?post=499"}],"version-history":[{"count":1,"href":"https:\/\/blogsaverroes.juntadeandalucia.es\/vegaimpulsa\/wp-json\/wp\/v2\/pages\/499\/revisions"}],"predecessor-version":[{"id":500,"href":"https:\/\/blogsaverroes.juntadeandalucia.es\/vegaimpulsa\/wp-json\/wp\/v2\/pages\/499\/revisions\/500"}],"wp:attachment":[{"href":"https:\/\/blogsaverroes.juntadeandalucia.es\/vegaimpulsa\/wp-json\/wp\/v2\/media?parent=499"}],"curies":[{"name":"wp","href":"https:\/\/api.w.org\/{rel}","templated":true}]}}

<ul>
<li>Sesión 1: Emociones.</li>
<li>Sesión 2: Conciencia emocional.</li>
<li>Sesión 3: Regulación emocional.</li>
<li>Sesión 4: Autonomía emocional.</li>
<li>Sesión 5: Habilidades sociales.</li>
<li>Sesión 6: Habilidades de vida y bienestar.</li>
</ul>

<p>Sesión 1: Emociones. Sesión 2: Conciencia emocional. Sesión 3: Regulación emocional. Sesión 4: Autonomía emocional. Sesión 5: Habilidades sociales. Sesión 6: Habilidades de vida y bienestar.</p>
