{"id":66,"date":"2023-02-17T19:06:49","date_gmt":"2023-02-17T19:06:49","guid":{"rendered":"https:\/\/blogsaverroes.juntadeandalucia.es\/vegainnicia\/?page_id=66"},"modified":"2023-05-06T08:03:28","modified_gmt":"2023-05-06T08:03:28","slug":"cooperando-para-ser-circulares","status":"publish","type":"page","link":"https:\/\/blogsaverroes.juntadeandalucia.es\/vegainnicia\/cooperando-para-ser-circulares\/","title":{"rendered":"COOPERANDO PARA SER CIRCULARES"},"content":{"rendered":"<p><img loading=\"lazy\" decoding=\"async\" class=\"size-medium wp-image-134 alignleft\" src=\"https:\/\/blogsaverroes.juntadeandalucia.es\/vegainnicia\/files\/2023\/05\/Logo-Cooperando-para-ser-circulares-300x300.png\" alt=\"\" width=\"300\" height=\"300\" srcset=\"https:\/\/blogsaverroes.juntadeandalucia.es\/vegainnicia\/files\/2023\/05\/Logo-Cooperando-para-ser-circulares-300x300.png 300w, https:\/\/blogsaverroes.juntadeandalucia.es\/vegainnicia\/files\/2023\/05\/Logo-Cooperando-para-ser-circulares-150x150.png 150w, https:\/\/blogsaverroes.juntadeandalucia.es\/vegainnicia\/files\/2023\/05\/Logo-Cooperando-para-ser-circulares-432x432.png 432w, https:\/\/blogsaverroes.juntadeandalucia.es\/vegainnicia\/files\/2023\/05\/Logo-Cooperando-para-ser-circulares-268x268.png 268w, https:\/\/blogsaverroes.juntadeandalucia.es\/vegainnicia\/files\/2023\/05\/Logo-Cooperando-para-ser-circulares.png 500w\" sizes=\"(max-width: 300px) 100vw, 300px\" \/>Los efectos del cambio clim\u00e1tico y el empeoramiento de la calidad del aire de las ciudades (entre <span style=\"font-family: 'Open Sans', sans-serif;font-size: 15px;font-style: normal;font-weight: 400\">ellas del municipio de Atarfe), establecen la <strong>necesidad de cambiar el modelo productivo lineal<\/strong>, basado en las <\/span><span style=\"font-family: 'Open Sans', sans-serif;font-size: 15px;font-style: normal;font-weight: 400\">premisas usar-consumir-tirar, por otro m\u00e1s eficiente en el uso de las materias primas, que minimice la <\/span><span style=\"font-family: 'Open Sans', sans-serif;font-size: 15px;font-style: normal;font-weight: 400\">contaminaci\u00f3n de suelos y agua, emita menos gases de efecto invernadero, y reduzca la producci\u00f3n de <\/span><span style=\"font-family: 'Open Sans', sans-serif;font-size: 15px;font-style: normal;font-weight: 400\">residuos.<\/span><\/p>\n<p><span style=\"font-family: 'Open Sans', sans-serif;font-size: 15px;font-style: normal;font-weight: 400\">Son muchos los datos que demuestran la ineficiencia del modelo lineal y se presenta la <strong>urgencia del <\/strong><\/span><strong><span style=\"font-family: 'Open Sans', sans-serif;font-size: 15px;font-style: normal\">cambio hacia un modelo productivo en el que los productos, materiales y recursos se mantengan en la <\/span><\/strong><span style=\"font-family: 'Open Sans', sans-serif;font-size: 15px;font-style: normal;font-weight: 400\"><strong>econom\u00eda durante el mayor tiempo posible<\/strong>, y en el que se reduzca al m\u00ednimo la generaci\u00f3n de residuos.<\/span><\/p>\n<p>El nuevo modelo por el que se empieza a apostar, es aquel basado en la <strong>circularidad de los <\/strong><strong style=\"font-family: 'Open Sans', sans-serif;font-size: 15px;font-style: normal\">procesos<\/strong><span style=\"font-family: 'Open Sans', sans-serif;font-size: 15px;font-style: normal;font-weight: 400\">, lo que se consigue a trav\u00e9s del establecimiento de objetivos claros y ambiciosos en busca de una&nbsp;<\/span><span style=\"font-family: 'Open Sans', sans-serif;font-size: 15px;font-style: normal;font-weight: 400\">econom\u00eda baja en carbono y que disminuya la huella ecol\u00f3gica a nivel global.<\/span><\/p>\n<p>Sin embargo, <strong>la transici\u00f3n hacia la econom\u00eda circular solo ser\u00e1 posible a trav\u00e9s de la <\/strong><strong style=\"font-family: 'Open Sans', sans-serif;font-size: 15px;font-style: normal\">colaboraci\u00f3n, participaci\u00f3n e implicaci\u00f3n de toda la sociedad<\/strong><span style=\"font-family: 'Open Sans', sans-serif;font-size: 15px;font-style: normal;font-weight: 400\">, desde las administraciones p\u00fablicas y los&nbsp;<\/span><span style=\"font-family: 'Open Sans', sans-serif;font-size: 15px;font-style: normal;font-weight: 400\">sectores econ\u00f3micos, hasta los agentes sociales y los consumidores y ciudadanos, cuyas decisiones de&nbsp;<\/span><span style=\"font-family: 'Open Sans', sans-serif;font-size: 15px;font-style: normal;font-weight: 400\">compra de productos, as\u00ed como su comportamiento en la separaci\u00f3n de residuos, son fundamentales.<\/span><\/p>\n<p><strong>La econom\u00eda circular es<\/strong>, adem\u00e1s, <strong>parte integrante en el logro de varios de los 17 <\/strong><strong style=\"font-family: 'Open Sans', sans-serif;font-size: 15px;font-style: normal\">Objetivos de Desarrollo Sostenible<\/strong><span style=\"font-family: 'Open Sans', sans-serif;font-size: 15px;font-style: normal;font-weight: 400\">&nbsp;(ODS): ODS 6 Agua limpia y saneamiento; ODS 8 Trabajo decente y&nbsp;<\/span><span style=\"font-family: 'Open Sans', sans-serif;font-size: 15px;font-style: normal;font-weight: 400\">crecimiento econ\u00f3mico; ODS 11 Ciudades y comunidades sostenibles; ODS 12 Producci\u00f3n y consumo&nbsp;<\/span><span style=\"font-family: 'Open Sans', sans-serif;font-size: 15px;font-style: normal;font-weight: 400\">responsables; ODS 13 Acci\u00f3n por el clima; ODS 14 Vida submarina; y ODS 15 Vida de ecosistemas&nbsp;<\/span><span style=\"font-family: 'Open Sans', sans-serif;font-size: 15px;font-style: normal;font-weight: 400\">terrestres.<\/span><\/p>\n<p>El proyecto <strong>\u00abCooperando para ser Circulares\u00bb<\/strong> se basa en las premisas que promueve la econom\u00eda circular. Y, para ello, cinco grupos del centro crear\u00e1n cooperativas de trabajo cuya actividad principal estar\u00e1 basada en las \u00ab3Rs\u00bb: Reciclar, Reutilizar y Reducir.<\/p>\n<p>Adem\u00e1s, <strong>los grupos participantes seguir\u00e1n todos los pasos de creaci\u00f3n de una empresa<\/strong>, en este caso de una cooperativa. Comenzar\u00e1n elaborando un peque\u00f1o plan de empresa para, a continuaci\u00f3n, a trav\u00e9s de una gymkana, constituirla legalmente.<\/p>\n<p>Junto a ello, se desarrollar\u00e1n <strong>actividades paralelas<\/strong>, que se ir\u00e1n definiendo a lo largo del curso.<\/p>\n","protected":false},"excerpt":{"rendered":"<p>Los efectos del cambio clim\u00e1tico y el empeoramiento de la calidad del aire de las ciudades (entre ellas del municipio de Atarfe), establecen la necesidad de cambiar el modelo productivo lineal, basado en las premisas usar-consumir-tirar, por otro m\u00e1s eficiente en el uso de las materias primas, que minimice la contaminaci\u00f3n de suelos y agua, &hellip; <\/p>\n<p><a class=\"more-link btn\" href=\"https:\/\/blogsaverroes.juntadeandalucia.es\/vegainnicia\/cooperando-para-ser-circulares\/\">Seguir leyendo<\/a><\/p>\n","protected":false},"author":16978,"featured_media":0,"parent":0,"menu_order":0,"comment_status":"closed","ping_status":"closed","template":"","meta":{"ngg_post_thumbnail":0,"footnotes":""},"aioseo_notices":[],"_links":{"self":[{"href":"https:\/\/blogsaverroes.juntadeandalucia.es\/vegainnicia\/wp-json\/wp\/v2\/pages\/66"}],"collection":[{"href":"https:\/\/blogsaverroes.juntadeandalucia.es\/vegainnicia\/wp-json\/wp\/v2\/pages"}],"about":[{"href":"https:\/\/blogsaverroes.juntadeandalucia.es\/vegainnicia\/wp-json\/wp\/v2\/types\/page"}],"author":[{"embeddable":true,"href":"https:\/\/blogsaverroes.juntadeandalucia.es\/vegainnicia\/wp-json\/wp\/v2\/users\/16978"}],"replies":[{"embeddable":true,"href":"https:\/\/blogsaverroes.juntadeandalucia.es\/vegainnicia\/wp-json\/wp\/v2\/comments?post=66"}],"version-history":[{"count":6,"href":"https:\/\/blogsaverroes.juntadeandalucia.es\/vegainnicia\/wp-json\/wp\/v2\/pages\/66\/revisions"}],"predecessor-version":[{"id":135,"href":"https:\/\/blogsaverroes.juntadeandalucia.es\/vegainnicia\/wp-json\/wp\/v2\/pages\/66\/revisions\/135"}],"wp:attachment":[{"href":"https:\/\/blogsaverroes.juntadeandalucia.es\/vegainnicia\/wp-json\/wp\/v2\/media?parent=66"}],"curies":[{"name":"wp","href":"https:\/\/api.w.org\/{rel}","templated":true}]}}

<p><img loading="lazy" decoding="async" class="size-medium wp-image-134 alignleft" src="https://blogsaverroes.juntadeandalucia.es/vegainnicia/files/2023/05/Logo-Cooperando-para-ser-circulares-300x300.png" alt="" width="300" height="300" srcset="https://blogsaverroes.juntadeandalucia.es/vegainnicia/files/2023/05/Logo-Cooperando-para-ser-circulares-300x300.png 300w, https://blogsaverroes.juntadeandalucia.es/vegainnicia/files/2023/05/Logo-Cooperando-para-ser-circulares-150x150.png 150w, https://blogsaverroes.juntadeandalucia.es/vegainnicia/files/2023/05/Logo-Cooperando-para-ser-circulares-432x432.png 432w, https://blogsaverroes.juntadeandalucia.es/vegainnicia/files/2023/05/Logo-Cooperando-para-ser-circulares-268x268.png 268w, https://blogsaverroes.juntadeandalucia.es/vegainnicia/files/2023/05/Logo-Cooperando-para-ser-circulares.png 500w" sizes="(max-width: 300px) 100vw, 300px" />Los efectos del cambio climático y el empeoramiento de la calidad del aire de las ciudades (entre <span style="font-family: 'Open Sans', sans-serif;font-size: 15px;font-style: normal;font-weight: 400">ellas del municipio de Atarfe), establecen la <strong>necesidad de cambiar el modelo productivo lineal</strong>, basado en las </span><span style="font-family: 'Open Sans', sans-serif;font-size: 15px;font-style: normal;font-weight: 400">premisas usar-consumir-tirar, por otro más eficiente en el uso de las materias primas, que minimice la </span><span style="font-family: 'Open Sans', sans-serif;font-size: 15px;font-style: normal;font-weight: 400">contaminación de suelos y agua, emita menos gases de efecto invernadero, y reduzca la producción de </span><span style="font-family: 'Open Sans', sans-serif;font-size: 15px;font-style: normal;font-weight: 400">residuos.</span></p>
<p><span style="font-family: 'Open Sans', sans-serif;font-size: 15px;font-style: normal;font-weight: 400">Son muchos los datos que demuestran la ineficiencia del modelo lineal y se presenta la <strong>urgencia del </strong></span><strong><span style="font-family: 'Open Sans', sans-serif;font-size: 15px;font-style: normal">cambio hacia un modelo productivo en el que los productos, materiales y recursos se mantengan en la </span></strong><span style="font-family: 'Open Sans', sans-serif;font-size: 15px;font-style: normal;font-weight: 400"><strong>economía durante el mayor tiempo posible</strong>, y en el que se reduzca al mínimo la generación de residuos.</span></p>
<p>El nuevo modelo por el que se empieza a apostar, es aquel basado en la <strong>circularidad de los </strong><strong style="font-family: 'Open Sans', sans-serif;font-size: 15px;font-style: normal">procesos</strong><span style="font-family: 'Open Sans', sans-serif;font-size: 15px;font-style: normal;font-weight: 400">, lo que se consigue a través del establecimiento de objetivos claros y ambiciosos en busca de una&nbsp;</span><span style="font-family: 'Open Sans', sans-serif;font-size: 15px;font-style: normal;font-weight: 400">economía baja en carbono y que disminuya la huella ecológica a nivel global.</span></p>
<p>Sin embargo, <strong>la transición hacia la economía circular solo será posible a través de la </strong><strong style="font-family: 'Open Sans', sans-serif;font-size: 15px;font-style: normal">colaboración, participación e implicación de toda la sociedad</strong><span style="font-family: 'Open Sans', sans-serif;font-size: 15px;font-style: normal;font-weight: 400">, desde las administraciones públicas y los&nbsp;</span><span style="font-family: 'Open Sans', sans-serif;font-size: 15px;font-style: normal;font-weight: 400">sectores económicos, hasta los agentes sociales y los consumidores y ciudadanos, cuyas decisiones de&nbsp;</span><span style="font-family: 'Open Sans', sans-serif;font-size: 15px;font-style: normal;font-weight: 400">compra de productos, así como su comportamiento en la separación de residuos, son fundamentales.</span></p>
<p><strong>La economía circular es</strong>, además, <strong>parte integrante en el logro de varios de los 17 </strong><strong style="font-family: 'Open Sans', sans-serif;font-size: 15px;font-style: normal">Objetivos de Desarrollo Sostenible</strong><span style="font-family: 'Open Sans', sans-serif;font-size: 15px;font-style: normal;font-weight: 400">&nbsp;(ODS): ODS 6 Agua limpia y saneamiento; ODS 8 Trabajo decente y&nbsp;</span><span style="font-family: 'Open Sans', sans-serif;font-size: 15px;font-style: normal;font-weight: 400">crecimiento económico; ODS 11 Ciudades y comunidades sostenibles; ODS 12 Producción y consumo&nbsp;</span><span style="font-family: 'Open Sans', sans-serif;font-size: 15px;font-style: normal;font-weight: 400">responsables; ODS 13 Acción por el clima; ODS 14 Vida submarina; y ODS 15 Vida de ecosistemas&nbsp;</span><span style="font-family: 'Open Sans', sans-serif;font-size: 15px;font-style: normal;font-weight: 400">terrestres.</span></p>
<p>El proyecto <strong>«Cooperando para ser Circulares»</strong> se basa en las premisas que promueve la economía circular. Y, para ello, cinco grupos del centro crearán cooperativas de trabajo cuya actividad principal estará basada en las «3Rs»: Reciclar, Reutilizar y Reducir.</p>
<p>Además, <strong>los grupos participantes seguirán todos los pasos de creación de una empresa</strong>, en este caso de una cooperativa. Comenzarán elaborando un pequeño plan de empresa para, a continuación, a través de una gymkana, constituirla legalmente.</p>
<p>Junto a ello, se desarrollarán <strong>actividades paralelas</strong>, que se irán definiendo a lo largo del curso.</p>

<p>Los efectos del cambio climático y el empeoramiento de la calidad del aire de las ciudades (entre ellas del municipio de Atarfe), establecen la necesidad de cambiar el modelo productivo lineal, basado en las premisas usar-consumir-tirar, por otro más eficiente en el uso de las materias primas, que minimice la contaminación de suelos y agua, &hellip; </p>
<p><a class="more-link btn" href="https://blogsaverroes.juntadeandalucia.es/vegainnicia/cooperando-para-ser-circulares/">Seguir leyendo</a></p>
