{"id":39,"date":"2022-09-06T08:00:25","date_gmt":"2022-09-06T08:00:25","guid":{"rendered":"https:\/\/blogsaverroes.juntadeandalucia.es\/vegapiiisa\/?page_id=39"},"modified":"2023-05-17T17:20:04","modified_gmt":"2023-05-17T17:20:04","slug":"curso-2022-2023","status":"publish","type":"page","link":"https:\/\/blogsaverroes.juntadeandalucia.es\/vegapiiisa\/curso-2022-2023\/","title":{"rendered":"Curso 2022\/2023"},"content":{"rendered":"<p>En este curso 2022\/23, al IES Vega de Atarfe le ha sido asignado el proyecto <strong><span style=\"color: #ff6600\">\u00ab24A &#8211; Investigaci\u00f3n social sobre desigualdades hombres\/mujeres\u00bb<\/span><\/strong>, organizado por el <em>Departamento de Trabajo Social y Servicios Sociales<\/em> de la Facultad de Trabajo Social de la Universidad de Granada.<\/p>\n<ul>\n<li><a href=\"https:\/\/piiisa.es\/project\/24a-investigacion-social-sobre-desilgualdades-hombresmujeres\/\">24A \u2013 Investigaci\u00f3n social sobre desigualdades hombres\/mujeres | Proyecto PIIISA<\/a><\/li>\n<\/ul>\n<h2><span style=\"color: #ff6600\">Descripci\u00f3n del proyecto<\/span><\/h2>\n<p>Nuestra sociedad se encuentra atravesada por la existencia de diferentes desigualdades, siendo la de g\u00e9nero (aquella que se da entre hombres y mujeres) una de las m\u00e1s evidentes. No obstante, desde distintos espacios se viene promulgando \u201cel fin de la desigualdad de g\u00e9nero\u201d algo que se pretende poner en cuesti\u00f3n mediante el desarrollo de este Proyecto. As\u00ed, a trav\u00e9s de ejercicios b\u00e1sicos que introduzcan al alumnado en la investigaci\u00f3n social sobre desigualdades entre mujeres y hombres, se busca no solo sensibilizar al alumnado acerca de la existencia de esas formas de discriminaci\u00f3n m\u00e1s sutiles, tambi\u00e9n llamadas micromachismos o neomachismo, sino tambi\u00e9n entrenar la mirada de las personas asistentes para poder detectarlas usando las herramientas propias de la investigaci\u00f3n social.<\/p>\n<h2><span style=\"font-size: 24pt;color: #ff6600\">Alumnado participante<\/span><\/h2>\n<p>Participan en este proyecto 5 estudiantes de 1\u00ba de Bachillerato, de la rama de Humanidades, que voluntariamente pidieron formar parte de esta investigaci\u00f3n:<\/p>\n<ul>\n<li>Juan Carlos Arenas Guardia<\/li>\n<li>Ainhoa Delgado Lorca<\/li>\n<li>Alejandro Salas Salcedo<\/li>\n<li>Germ\u00e1n Mole\u00f3n Fern\u00e1ndez<\/li>\n<li>\u00c1lvaro Montiano Garay<\/li>\n<\/ul>\n<div id=\"attachment_49\" style=\"width: 660px\" class=\"wp-caption alignnone\"><img loading=\"lazy\" decoding=\"async\" aria-describedby=\"caption-attachment-49\" class=\"wp-image-49 size-large\" src=\"https:\/\/blogsaverroes.juntadeandalucia.es\/vegapiiisa\/files\/2023\/01\/230119-1024x768.jpg\" alt=\"Alumnado en la puerta de la Facultad de Trabajo Social\" width=\"660\" height=\"495\" srcset=\"https:\/\/blogsaverroes.juntadeandalucia.es\/vegapiiisa\/files\/2023\/01\/230119-1024x768.jpg 1024w, https:\/\/blogsaverroes.juntadeandalucia.es\/vegapiiisa\/files\/2023\/01\/230119-300x225.jpg 300w, https:\/\/blogsaverroes.juntadeandalucia.es\/vegapiiisa\/files\/2023\/01\/230119-768x576.jpg 768w, https:\/\/blogsaverroes.juntadeandalucia.es\/vegapiiisa\/files\/2023\/01\/230119-1536x1152.jpg 1536w, https:\/\/blogsaverroes.juntadeandalucia.es\/vegapiiisa\/files\/2023\/01\/230119-700x525.jpg 700w, https:\/\/blogsaverroes.juntadeandalucia.es\/vegapiiisa\/files\/2023\/01\/230119.jpg 1746w\" sizes=\"(max-width: 660px) 100vw, 660px\" \/><p id=\"caption-attachment-49\" class=\"wp-caption-text\"><span style=\"font-size: 8pt\">Alumnado en la puerta de la Facultad de Trabajo Social<\/span><\/p><\/div>\n<p>&nbsp;<\/p>\n<h2><span style=\"font-size: 24pt;color: #ff6600\">Sesiones<\/span><\/h2>\n<p>El proyecto se desarrollar\u00e1 en 3 sesiones de trabajo, a desarrollar en el <strong><span style=\"color: #ff9900\">Seminario 1 de la Facultad de Trabajo Social<\/span><\/strong>, los d\u00edas:<\/p>\n<ul>\n<li><a href=\"https:\/\/blogsaverroes.juntadeandalucia.es\/vegapiiisa\/2023\/01\/17\/hola-mundo\/\"><strong>17 de enero<\/strong> de 2023<\/a><\/li>\n<li><a href=\"https:\/\/blogsaverroes.juntadeandalucia.es\/vegapiiisa\/2023\/02\/14\/segunda-sesion-del-curso-2022-23\/\"><strong>14 de febrero<\/strong> de 2023<\/a><\/li>\n<li><a href=\"https:\/\/blogsaverroes.juntadeandalucia.es\/vegapiiisa\/2023\/03\/14\/tercera-sesion-del-curso-2022-23\/\"><strong>14 de marzo<\/strong> de 2023<\/a><\/li>\n<\/ul>\n<p>Y finalizar\u00e1 con un Congreso el d\u00eda <strong>17 de mayo<\/strong>, en el <span style=\"color: #ff9900\"><strong><span style=\"color: #ff9900\">Parque de las Ciencias<\/span><\/strong>.<\/span><\/p>\n<ul>\n<li><a href=\"https:\/\/blogsaverroes.juntadeandalucia.es\/vegapiiisa\/2023\/05\/17\/xi-congreso-piiisa-2023\/\">XI Congreso PIIISA 2023<\/a><\/li>\n<\/ul>\n<h2><span style=\"font-size: 24pt;color: #ff6600\">Investigaci\u00f3n<\/span><\/h2>\n<p>Nuestro alumnado realizar\u00e1 una investigaci\u00f3n, dirigida por las siguientes Doctoras e Investigadoras del Departamento de Trabajo Social y Servicios Sociales de la Universidad de Granada:<\/p>\n<ul>\n<li>Lorena Valenzuela Vela<\/li>\n<li>Ana Alc\u00e1zar Campos<\/li>\n<li>Mar\u00eda Espinosa Sp\u00ednola<\/li>\n<li>Mar\u00eda del Pilar Tudela V\u00e1zquez<\/li>\n<li>Mar\u00eda del Valle Medina Rodr\u00edguez<\/li>\n<\/ul>\n<h2><span style=\"color: #ff6600\">Comunicaci\u00f3n<\/span><\/h2>\n<p>En el Congreso final del Proyecto PIIISA se har\u00e1n las comunicaciones de los resultados de las investigaciones realizadas. En este proyecto se presentar\u00e1n en los siguientes formatos:<\/p>\n<ul>\n<li><a href=\"https:\/\/blogsaverroes.juntadeandalucia.es\/vegapiiisa\/2023\/04\/28\/poster-de-este-curso-2022-23\/\">P\u00f3ster<\/a><\/li>\n<li><a href=\"https:\/\/blogsaverroes.juntadeandalucia.es\/vegapiiisa\/2023\/04\/28\/poster-de-este-curso-2022-23\/\">Comunicaci\u00f3n oral<\/a><\/li>\n<\/ul>\n","protected":false},"excerpt":{"rendered":"<p>En este curso 2022\/23, al IES Vega de Atarfe le ha sido asignado el proyecto \u00ab24A &#8211; Investigaci\u00f3n social sobre desigualdades hombres\/mujeres\u00bb, organizado por el Departamento de Trabajo Social y Servicios Sociales de la Facultad de Trabajo Social de la Universidad de Granada. 24A \u2013 Investigaci\u00f3n social sobre desigualdades hombres\/mujeres | Proyecto PIIISA Descripci\u00f3n del &hellip; <\/p>\n<p><a class=\"more-link btn\" href=\"https:\/\/blogsaverroes.juntadeandalucia.es\/vegapiiisa\/curso-2022-2023\/\">Seguir leyendo<\/a><\/p>\n","protected":false},"author":8165,"featured_media":49,"parent":0,"menu_order":0,"comment_status":"closed","ping_status":"closed","template":"","meta":{"ngg_post_thumbnail":0,"footnotes":"","_mc_calendar":[]},"aioseo_notices":[],"_links":{"self":[{"href":"https:\/\/blogsaverroes.juntadeandalucia.es\/vegapiiisa\/wp-json\/wp\/v2\/pages\/39"}],"collection":[{"href":"https:\/\/blogsaverroes.juntadeandalucia.es\/vegapiiisa\/wp-json\/wp\/v2\/pages"}],"about":[{"href":"https:\/\/blogsaverroes.juntadeandalucia.es\/vegapiiisa\/wp-json\/wp\/v2\/types\/page"}],"author":[{"embeddable":true,"href":"https:\/\/blogsaverroes.juntadeandalucia.es\/vegapiiisa\/wp-json\/wp\/v2\/users\/8165"}],"replies":[{"embeddable":true,"href":"https:\/\/blogsaverroes.juntadeandalucia.es\/vegapiiisa\/wp-json\/wp\/v2\/comments?post=39"}],"version-history":[{"count":9,"href":"https:\/\/blogsaverroes.juntadeandalucia.es\/vegapiiisa\/wp-json\/wp\/v2\/pages\/39\/revisions"}],"predecessor-version":[{"id":134,"href":"https:\/\/blogsaverroes.juntadeandalucia.es\/vegapiiisa\/wp-json\/wp\/v2\/pages\/39\/revisions\/134"}],"wp:featuredmedia":[{"embeddable":true,"href":"https:\/\/blogsaverroes.juntadeandalucia.es\/vegapiiisa\/wp-json\/wp\/v2\/media\/49"}],"wp:attachment":[{"href":"https:\/\/blogsaverroes.juntadeandalucia.es\/vegapiiisa\/wp-json\/wp\/v2\/media?parent=39"}],"curies":[{"name":"wp","href":"https:\/\/api.w.org\/{rel}","templated":true}]}}

<p>En este curso 2022/23, al IES Vega de Atarfe le ha sido asignado el proyecto <strong><span style="color: #ff6600">«24A &#8211; Investigación social sobre desigualdades hombres/mujeres»</span></strong>, organizado por el <em>Departamento de Trabajo Social y Servicios Sociales</em> de la Facultad de Trabajo Social de la Universidad de Granada.</p>
<ul>
<li><a href="https://piiisa.es/project/24a-investigacion-social-sobre-desilgualdades-hombresmujeres/">24A – Investigación social sobre desigualdades hombres/mujeres | Proyecto PIIISA</a></li>
</ul>
<h2><span style="color: #ff6600">Descripción del proyecto</span></h2>
<p>Nuestra sociedad se encuentra atravesada por la existencia de diferentes desigualdades, siendo la de género (aquella que se da entre hombres y mujeres) una de las más evidentes. No obstante, desde distintos espacios se viene promulgando “el fin de la desigualdad de género” algo que se pretende poner en cuestión mediante el desarrollo de este Proyecto. Así, a través de ejercicios básicos que introduzcan al alumnado en la investigación social sobre desigualdades entre mujeres y hombres, se busca no solo sensibilizar al alumnado acerca de la existencia de esas formas de discriminación más sutiles, también llamadas micromachismos o neomachismo, sino también entrenar la mirada de las personas asistentes para poder detectarlas usando las herramientas propias de la investigación social.</p>
<h2><span style="font-size: 24pt;color: #ff6600">Alumnado participante</span></h2>
<p>Participan en este proyecto 5 estudiantes de 1º de Bachillerato, de la rama de Humanidades, que voluntariamente pidieron formar parte de esta investigación:</p>
<ul>
<li>Juan Carlos Arenas Guardia</li>
<li>Ainhoa Delgado Lorca</li>
<li>Alejandro Salas Salcedo</li>
<li>Germán Moleón Fernández</li>
<li>Álvaro Montiano Garay</li>
</ul>
<div id="attachment_49" style="width: 660px" class="wp-caption alignnone"><img loading="lazy" decoding="async" aria-describedby="caption-attachment-49" class="wp-image-49 size-large" src="https://blogsaverroes.juntadeandalucia.es/vegapiiisa/files/2023/01/230119-1024x768.jpg" alt="Alumnado en la puerta de la Facultad de Trabajo Social" width="660" height="495" srcset="https://blogsaverroes.juntadeandalucia.es/vegapiiisa/files/2023/01/230119-1024x768.jpg 1024w, https://blogsaverroes.juntadeandalucia.es/vegapiiisa/files/2023/01/230119-300x225.jpg 300w, https://blogsaverroes.juntadeandalucia.es/vegapiiisa/files/2023/01/230119-768x576.jpg 768w, https://blogsaverroes.juntadeandalucia.es/vegapiiisa/files/2023/01/230119-1536x1152.jpg 1536w, https://blogsaverroes.juntadeandalucia.es/vegapiiisa/files/2023/01/230119-700x525.jpg 700w, https://blogsaverroes.juntadeandalucia.es/vegapiiisa/files/2023/01/230119.jpg 1746w" sizes="(max-width: 660px) 100vw, 660px" /><p id="caption-attachment-49" class="wp-caption-text"><span style="font-size: 8pt">Alumnado en la puerta de la Facultad de Trabajo Social</span></p></div>
<p>&nbsp;</p>
<h2><span style="font-size: 24pt;color: #ff6600">Sesiones</span></h2>
<p>El proyecto se desarrollará en 3 sesiones de trabajo, a desarrollar en el <strong><span style="color: #ff9900">Seminario 1 de la Facultad de Trabajo Social</span></strong>, los días:</p>
<ul>
<li><a href="https://blogsaverroes.juntadeandalucia.es/vegapiiisa/2023/01/17/hola-mundo/"><strong>17 de enero</strong> de 2023</a></li>
<li><a href="https://blogsaverroes.juntadeandalucia.es/vegapiiisa/2023/02/14/segunda-sesion-del-curso-2022-23/"><strong>14 de febrero</strong> de 2023</a></li>
<li><a href="https://blogsaverroes.juntadeandalucia.es/vegapiiisa/2023/03/14/tercera-sesion-del-curso-2022-23/"><strong>14 de marzo</strong> de 2023</a></li>
</ul>
<p>Y finalizará con un Congreso el día <strong>17 de mayo</strong>, en el <span style="color: #ff9900"><strong><span style="color: #ff9900">Parque de las Ciencias</span></strong>.</span></p>
<ul>
<li><a href="https://blogsaverroes.juntadeandalucia.es/vegapiiisa/2023/05/17/xi-congreso-piiisa-2023/">XI Congreso PIIISA 2023</a></li>
</ul>
<h2><span style="font-size: 24pt;color: #ff6600">Investigación</span></h2>
<p>Nuestro alumnado realizará una investigación, dirigida por las siguientes Doctoras e Investigadoras del Departamento de Trabajo Social y Servicios Sociales de la Universidad de Granada:</p>
<ul>
<li>Lorena Valenzuela Vela</li>
<li>Ana Alcázar Campos</li>
<li>María Espinosa Spínola</li>
<li>María del Pilar Tudela Vázquez</li>
<li>María del Valle Medina Rodríguez</li>
</ul>
<h2><span style="color: #ff6600">Comunicación</span></h2>
<p>En el Congreso final del Proyecto PIIISA se harán las comunicaciones de los resultados de las investigaciones realizadas. En este proyecto se presentarán en los siguientes formatos:</p>
<ul>
<li><a href="https://blogsaverroes.juntadeandalucia.es/vegapiiisa/2023/04/28/poster-de-este-curso-2022-23/">Póster</a></li>
<li><a href="https://blogsaverroes.juntadeandalucia.es/vegapiiisa/2023/04/28/poster-de-este-curso-2022-23/">Comunicación oral</a></li>
</ul>

<p>En este curso 2022/23, al IES Vega de Atarfe le ha sido asignado el proyecto «24A &#8211; Investigación social sobre desigualdades hombres/mujeres», organizado por el Departamento de Trabajo Social y Servicios Sociales de la Facultad de Trabajo Social de la Universidad de Granada. 24A – Investigación social sobre desigualdades hombres/mujeres | Proyecto PIIISA Descripción del &hellip; </p>
<p><a class="more-link btn" href="https://blogsaverroes.juntadeandalucia.es/vegapiiisa/curso-2022-2023/">Seguir leyendo</a></p>
