{"id":24,"date":"2022-03-28T17:12:08","date_gmt":"2022-03-28T17:12:08","guid":{"rendered":"https:\/\/blogsaverroes.juntadeandalucia.es\/vegapiisa\/?page_id=24"},"modified":"2022-03-28T17:12:08","modified_gmt":"2022-03-28T17:12:08","slug":"que-es","status":"publish","type":"page","link":"https:\/\/blogsaverroes.juntadeandalucia.es\/vegapiisa\/","title":{"rendered":"\u00bfQu\u00e9 es?"},"content":{"rendered":"<p style=\"font-weight: 400\"><span style=\"font-size: 24pt;color: #ff9900\">PROYECTO PIIISA \u00bfQU\u00c9 ES?<\/span><\/p>\n<p style=\"font-weight: 400\"><span style=\"font-size: 14pt\"><span style=\"font-size: 18pt;color: #f05a00\">INTRODUCCI\u00d3N.- <\/span>El proyecto PIIISA surge de la colaboraci\u00f3n entre la Delegaci\u00f3n de Educaci\u00f3n en Granada, el Consejo Superior de Investigaciones Cient\u00edficas (CSIC) y la Universidad de Granada (UGR) con el fin de ofrecer al alumnado granadino de secundaria una forma moderna e innovadora de aprender e interaccionar con la ciencia.<\/span><\/p>\n<p style=\"font-weight: 400\"><span style=\"font-size: 14pt\"><span style=\"font-size: 18pt;color: #f05a00\">OBJETIVOS.- <\/span>Su principal objetivo es mostrar a los estudiantes e secundaria qu\u00e9 es la investigaci\u00f3n y c\u00f3mo se realiza. Los estudiantes tienen la oportunidad de involucrarse en proyectos liderados por cient\u00edficos de reconocido prestigio, y conocer de primera mano en qu\u00e9 consiste el m\u00e9todo cient\u00edfico y c\u00f3mo es el proceso de investigaci\u00f3n, algo que les permitir\u00e1 explorar su posible vocaci\u00f3n por la carrera cient\u00edfica.<\/span><\/p>\n<p style=\"font-weight: 400\"><span style=\"font-size: 14pt\"><span style=\"font-size: 18pt;color: #f05a00\">M\u00c9TODOS.- <\/span>Los estudiantes, tutorizados por sus profesores, trabajar\u00e1n con instrumental cient\u00edfico y t\u00e9cnico y conocer\u00e1n de primera mano porqu\u00e9 la Ciencia es fundamental para el desarrollo social y econ\u00f3mico de un pa\u00eds. El esfuerzo y la imaginaci\u00f3n de los investigadores a la hora de dise\u00f1ar proyectos se trasladar\u00e1 al marco de un proyecto educativo que se desarrolla fuera de las aulas, en los propios centros de investigaci\u00f3n.<\/span><\/p>\n<p style=\"font-weight: 400\"><span style=\"font-size: 14pt\"><span style=\"font-size: 18pt;color: #f05a00\">RESULTADOS.-<\/span> Las instituciones cient\u00edficas de Granada ponen todo su potencial humano y t\u00e9cnico a un proyecto por el que ya han pasado m\u00e1s de 2000 alumnos de 35 institutos que han participado en m\u00e1s de 250 proyectos liderados por 400 cient\u00edficos de la Universidad de Granada y del CSIC. Los resultados finales de este trabajo han formado parte de contribuciones orales y p\u00f3sters de cinco ediciones del \u201cCongreso Final PIIISA\u201d<\/span><\/p>\n<p style=\"font-weight: 400\"><span style=\"font-size: 14pt\"><span style=\"font-size: 18pt;color: #f05a00\">CONCLUSIONES.-<\/span> Los resultados de PIIISA se ver\u00e1n con el tiempo, pero sin duda se ha consolidado como una manera \u00fanica y excepcional de fomentar vocaciones cient\u00edficas, as\u00ed como de una manera innovadora de complementar el trabajo en clase. El \u00e9xito de PIIISA es una excelente prueba de que este tipo de metodolog\u00eda educativa es realmente efectiva<\/span><\/p>\n<p style=\"font-weight: 400\">&nbsp;<\/p>\n","protected":false},"excerpt":{"rendered":"<p>PROYECTO PIIISA \u00bfQU\u00c9 ES? INTRODUCCI\u00d3N.- El proyecto PIIISA surge de la colaboraci\u00f3n entre la Delegaci\u00f3n de Educaci\u00f3n en Granada, el Consejo Superior de Investigaciones Cient\u00edficas (CSIC) y la Universidad de Granada (UGR) con el fin de ofrecer al alumnado granadino de secundaria una forma moderna e innovadora de aprender e interaccionar con la ciencia. OBJETIVOS.- &hellip; <\/p>\n<p><a class=\"more-link btn\" href=\"https:\/\/blogsaverroes.juntadeandalucia.es\/vegapiisa\/\">Seguir leyendo<\/a><\/p>\n","protected":false},"author":7647,"featured_media":0,"parent":0,"menu_order":0,"comment_status":"closed","ping_status":"closed","template":"","meta":{"ngg_post_thumbnail":0,"footnotes":""},"aioseo_notices":[],"_links":{"self":[{"href":"https:\/\/blogsaverroes.juntadeandalucia.es\/vegapiisa\/wp-json\/wp\/v2\/pages\/24"}],"collection":[{"href":"https:\/\/blogsaverroes.juntadeandalucia.es\/vegapiisa\/wp-json\/wp\/v2\/pages"}],"about":[{"href":"https:\/\/blogsaverroes.juntadeandalucia.es\/vegapiisa\/wp-json\/wp\/v2\/types\/page"}],"author":[{"embeddable":true,"href":"https:\/\/blogsaverroes.juntadeandalucia.es\/vegapiisa\/wp-json\/wp\/v2\/users\/7647"}],"replies":[{"embeddable":true,"href":"https:\/\/blogsaverroes.juntadeandalucia.es\/vegapiisa\/wp-json\/wp\/v2\/comments?post=24"}],"version-history":[{"count":1,"href":"https:\/\/blogsaverroes.juntadeandalucia.es\/vegapiisa\/wp-json\/wp\/v2\/pages\/24\/revisions"}],"predecessor-version":[{"id":25,"href":"https:\/\/blogsaverroes.juntadeandalucia.es\/vegapiisa\/wp-json\/wp\/v2\/pages\/24\/revisions\/25"}],"wp:attachment":[{"href":"https:\/\/blogsaverroes.juntadeandalucia.es\/vegapiisa\/wp-json\/wp\/v2\/media?parent=24"}],"curies":[{"name":"wp","href":"https:\/\/api.w.org\/{rel}","templated":true}]}}