{"id":25,"date":"2021-02-06T07:27:24","date_gmt":"2021-02-06T06:27:24","guid":{"rendered":"https:\/\/blogsaverroes.juntadeandalucia.es\/vegatic\/?page_id=25"},"modified":"2021-02-06T07:27:59","modified_gmt":"2021-02-06T06:27:59","slug":"mediacion-o-control-parental","status":"publish","type":"page","link":"https:\/\/blogsaverroes.juntadeandalucia.es\/vegatic\/mediacion-o-control-parental\/","title":{"rendered":"\u00bfMediaci\u00f3n o Control Parental"},"content":{"rendered":"<p><span style=\"font-size: 30pt;color: #b31919\">Mediaci\u00f3n Parental<\/span><\/p>\n<p><span style=\"font-size: 14pt\">Es muy importante guiar al menor en su uso de Internet, establecer unas normas claras y consensuadas de utilizaci\u00f3n, hacer un seguimiento del tiempo de conexi\u00f3n y los contenidos que consume y saber con qui\u00e9n se relaciona.<\/span><\/p>\n<p><span style=\"font-size: 14pt\">Debemos fomentar una relaci\u00f3n de confianza para que el menor no tenga ning\u00fan recelo al pedirnos ayuda o consejo ante situaciones que no sepa manejar y no busque ese apoyo en terceros menos formados (amigos o desconocidos)<\/span><\/p>\n<p><span style=\"font-size: 14pt\">Por \u00faltimo, es recomendable compartir actividades de red en familia para potenciar las habilidades sociales y el pensamiento cr\u00edtico. Debemos ayudarle a crecer tecnol\u00f3gicamente, como ya hemos hecho hasta ahora en la vida real.<\/span><\/p>\n<p><span style=\"font-size: 14pt;color: #9e1b1b\">&nbsp;<\/span><br \/>\n<span style=\"font-size: 30pt;color: #b31919\">Control Parental<\/span><\/p>\n<p><span style=\"font-size: 14pt\">Las \u2018Herramientas de Control Parental\u2019 ayudan a los adultos a proteger al menor &nbsp;en su navegaci\u00f3n y su acceso a la red. Con ellas podremos:<\/span><\/p>\n<ul>\n<li><span style=\"font-size: 14pt\">limitar el acceso del menor a contenidos inadecuados<\/span><\/li>\n<li><span style=\"font-size: 14pt\">aplicar controles de tiempo<\/span><\/li>\n<li><span style=\"font-size: 14pt\">bloquear aplicaciones<\/span><\/li>\n<li><span style=\"font-size: 14pt\">llevar un seguimiento de actividad que realiza<\/span><\/li>\n<li><span style=\"font-size: 14pt\">activar alertas de notificaciones y geolocalizaci\u00f3n<\/span><\/li>\n<li><span style=\"font-size: 14pt\">etc.<\/span><\/li>\n<\/ul>\n<p><span style=\"font-size: 14pt\">En cualquier caso, las distintas opciones de control parental no son infalibles por lo que siempre es recomendable complementarlas con una educaci\u00f3n adecuada sobre el uso seguro de la tecnolog\u00eda, los peligros de Internet y la importancia de que tomar medidas de protecci\u00f3n.<\/span><\/p>\n<p>&nbsp;<\/p>\n<p><span style=\"font-size: 14pt\">Seg\u00fan el INCIBE, las estrategias que sigamos ante el control parental se pueden clasificar en:<\/span><\/p>\n<ul>\n<li><span style=\"font-size: 14pt\">Estrategias activas:<\/span>\n<ul>\n<li><span style=\"font-size: 14pt\">Supervisi\u00f3n<\/span><\/li>\n<li><span style=\"font-size: 14pt\">Acompa\u00f1amiento<\/span><\/li>\n<li><span style=\"font-size: 14pt\">Orientaci\u00f3n<\/span><\/li>\n<\/ul>\n<\/li>\n<li><span style=\"font-size: 14pt\">Estrategias restrictivas:<\/span>\n<ul>\n<li><span style=\"font-size: 14pt\">Normas y l\u00edmites de uso<\/span><\/li>\n<li><span style=\"font-size: 14pt\">Aplicaci\u00f3n de herramientas de control parental<\/span><\/li>\n<li><span style=\"font-size: 14pt\">Configuraci\u00f3n de opciones de privacidad<\/span><\/li>\n<\/ul>\n<\/li>\n<\/ul>\n<p><span style=\"font-size: 14pt\">&nbsp;<\/span><br \/>\n<span style=\"font-size: 30pt;color: #b31919\">Recursos para las familias: <\/span><\/p>\n<p><span style=\"font-size: 24pt;color: #b56b6b\">Enlaces de inter\u00e9s:<\/span><\/p>\n<p><a href=\"https:\/\/www.is4k.es\/sites\/default\/files\/contenidos\/materiales\/Campanas\/is4k-guiamediacionparental.pdf\" target=\"_blank\" rel=\"noopener noreferrer\"><img loading=\"lazy\" decoding=\"async\" class=\"alignleft size-full wp-image-2171\" src=\"https:\/\/blogsaverroes.juntadeandalucia.es\/iesvegadeatarfe\/files\/2020\/05\/Recusos-TIC-Gu\u00eda-de-Mediaci\u00f3n-Parental-INCIBE.png\" alt=\"\" width=\"300\" height=\"790\"><\/a><br \/>\n<a href=\"https:\/\/www.aepd.es\/sites\/default\/files\/2020-04\/nota-tecnica-proteccion-del-menor-en-internet.pdf\" target=\"_blank\" rel=\"noopener noreferrer\"><img loading=\"lazy\" decoding=\"async\" class=\"alignleft size-full wp-image-2172\" src=\"https:\/\/blogsaverroes.juntadeandalucia.es\/iesvegadeatarfe\/files\/2020\/05\/Recusos-TIC-Protecci\u00f3n-del-Menor-en-Internet-AEPD.png\" alt=\"\" width=\"300\" height=\"789\"><\/a><br \/>\n<a href=\"https:\/\/www.is4k.es\/blog\/supervision-tecnica-para-impulsar-la-autonomia-de-los-menores\" target=\"_blank\" rel=\"noopener noreferrer\"><img loading=\"lazy\" decoding=\"async\" class=\"alignleft size-full wp-image-2205\" src=\"https:\/\/blogsaverroes.juntadeandalucia.es\/iesvegadeatarfe\/files\/2020\/05\/Recusos-TIC-Supervisi\u00f3n-de-Menores-IS4K-1.png\" alt=\"\" width=\"300\" height=\"707\"><\/a><br \/>\n<a href=\"https:\/\/www.is4k.es\/blog\/configuraciones-de-seguridad-privacidad-y-control-parental-en-las-aplicaciones-de-moda\" target=\"_blank\" rel=\"noopener noreferrer\"><img loading=\"lazy\" decoding=\"async\" class=\"alignleft size-full wp-image-2198\" src=\"https:\/\/blogsaverroes.juntadeandalucia.es\/iesvegadeatarfe\/files\/2020\/05\/Recusos-TIC-Configuraci\u00f3n-de-Seguridad-1.png\" alt=\"\" width=\"300\" height=\"438\"><\/a><br \/>\n<a href=\"https:\/\/www.is4k.es\/de-utilidad\/herramientas\" target=\"_blank\" rel=\"noopener noreferrer\"><img loading=\"lazy\" decoding=\"async\" class=\"alignleft size-full wp-image-2201\" src=\"https:\/\/blogsaverroes.juntadeandalucia.es\/iesvegadeatarfe\/files\/2020\/05\/Recusos-TIC-Herramientas-IS4K-1.png\" alt=\"\" width=\"300\" height=\"706\"><\/a><\/p>\n","protected":false},"excerpt":{"rendered":"<p>Mediaci\u00f3n Parental Es muy importante guiar al menor en su uso de Internet, establecer unas normas claras y consensuadas de utilizaci\u00f3n, hacer un seguimiento del tiempo de conexi\u00f3n y los contenidos que consume y saber con qui\u00e9n se relaciona. Debemos fomentar una relaci\u00f3n de confianza para que el menor no tenga ning\u00fan recelo al pedirnos &hellip; <\/p>\n<p><a class=\"more-link btn\" href=\"https:\/\/blogsaverroes.juntadeandalucia.es\/vegatic\/mediacion-o-control-parental\/\">Seguir leyendo<\/a><\/p>\n","protected":false},"author":7646,"featured_media":0,"parent":0,"menu_order":0,"comment_status":"closed","ping_status":"closed","template":"","meta":{"ngg_post_thumbnail":0,"footnotes":""},"aioseo_notices":[],"_links":{"self":[{"href":"https:\/\/blogsaverroes.juntadeandalucia.es\/vegatic\/wp-json\/wp\/v2\/pages\/25"}],"collection":[{"href":"https:\/\/blogsaverroes.juntadeandalucia.es\/vegatic\/wp-json\/wp\/v2\/pages"}],"about":[{"href":"https:\/\/blogsaverroes.juntadeandalucia.es\/vegatic\/wp-json\/wp\/v2\/types\/page"}],"author":[{"embeddable":true,"href":"https:\/\/blogsaverroes.juntadeandalucia.es\/vegatic\/wp-json\/wp\/v2\/users\/7646"}],"replies":[{"embeddable":true,"href":"https:\/\/blogsaverroes.juntadeandalucia.es\/vegatic\/wp-json\/wp\/v2\/comments?post=25"}],"version-history":[{"count":1,"href":"https:\/\/blogsaverroes.juntadeandalucia.es\/vegatic\/wp-json\/wp\/v2\/pages\/25\/revisions"}],"predecessor-version":[{"id":26,"href":"https:\/\/blogsaverroes.juntadeandalucia.es\/vegatic\/wp-json\/wp\/v2\/pages\/25\/revisions\/26"}],"wp:attachment":[{"href":"https:\/\/blogsaverroes.juntadeandalucia.es\/vegatic\/wp-json\/wp\/v2\/media?parent=25"}],"curies":[{"name":"wp","href":"https:\/\/api.w.org\/{rel}","templated":true}]}}