{"id":126,"date":"2020-10-03T14:06:53","date_gmt":"2020-10-03T14:06:53","guid":{"rendered":"https:\/\/blogsaverroes.juntadeandalucia.es\/verainqueclase\/?page_id=126"},"modified":"2025-11-01T11:24:38","modified_gmt":"2025-11-01T11:24:38","slug":"erase-una-voz","status":"publish","type":"page","link":"https:\/\/blogsaverroes.juntadeandalucia.es\/verainqueclase\/lengua\/lengua-6o\/erase-una-voz\/","title":{"rendered":"Lengua 6.3- \u00a1Qu\u00e9 suene la m\u00fasica!"},"content":{"rendered":"<p><img loading=\"lazy\" decoding=\"async\" class=\"wp-image-444 alignright\" src=\"https:\/\/blogsaverroes.juntadeandalucia.es\/verainqueclase\/files\/2020\/10\/3f509ce28df56422bdb56144030483582a5fba32d2e2b89fe6355c60b88d03bb.0-300x300.png\" alt=\"\" width=\"225\" height=\"226\" srcset=\"https:\/\/blogsaverroes.juntadeandalucia.es\/verainqueclase\/files\/2020\/10\/3f509ce28df56422bdb56144030483582a5fba32d2e2b89fe6355c60b88d03bb.0-300x300.png 300w, https:\/\/blogsaverroes.juntadeandalucia.es\/verainqueclase\/files\/2020\/10\/3f509ce28df56422bdb56144030483582a5fba32d2e2b89fe6355c60b88d03bb.0-150x150.png 150w, https:\/\/blogsaverroes.juntadeandalucia.es\/verainqueclase\/files\/2020\/10\/3f509ce28df56422bdb56144030483582a5fba32d2e2b89fe6355c60b88d03bb.0-100x100.png 100w, https:\/\/blogsaverroes.juntadeandalucia.es\/verainqueclase\/files\/2020\/10\/3f509ce28df56422bdb56144030483582a5fba32d2e2b89fe6355c60b88d03bb.0-332x332.png 332w, https:\/\/blogsaverroes.juntadeandalucia.es\/verainqueclase\/files\/2020\/10\/3f509ce28df56422bdb56144030483582a5fba32d2e2b89fe6355c60b88d03bb.0-268x268.png 268w, https:\/\/blogsaverroes.juntadeandalucia.es\/verainqueclase\/files\/2020\/10\/3f509ce28df56422bdb56144030483582a5fba32d2e2b89fe6355c60b88d03bb.0-24x24.png 24w, https:\/\/blogsaverroes.juntadeandalucia.es\/verainqueclase\/files\/2020\/10\/3f509ce28df56422bdb56144030483582a5fba32d2e2b89fe6355c60b88d03bb.0-36x36.png 36w, https:\/\/blogsaverroes.juntadeandalucia.es\/verainqueclase\/files\/2020\/10\/3f509ce28df56422bdb56144030483582a5fba32d2e2b89fe6355c60b88d03bb.0-48x48.png 48w, https:\/\/blogsaverroes.juntadeandalucia.es\/verainqueclase\/files\/2020\/10\/3f509ce28df56422bdb56144030483582a5fba32d2e2b89fe6355c60b88d03bb.0.png 398w\" sizes=\"(max-width: 225px) 100vw, 225px\" \/>Holaaaaaaaaaaa, ya estamos en la unidad 3.&nbsp; \u00a1Qu\u00e9 rapidez! Aqu\u00ed aprenderemos:<\/p>\n<ul>\n<li>Qu\u00e9 es una narraci\u00f3n y los tipos de narradores.<\/li>\n<li>Recordaremos los aumentativos y los diminutivos.<\/li>\n<li>Leeremos mitos y leyendas.<\/li>\n<li>Escribiremos una narraci\u00f3n.<\/li>\n<li>Aprenderemos a formar palabras a\u00f1adiendo prefijos y sufijos.<\/li>\n<li>Y sabremos como poner la tilde a las palabras compuestas y a los adverbios acabados en -mente.<\/li>\n<\/ul>\n<h4><strong>LA NARRACI\u00d3N Y LOS TIPOS DE NARRADORES.<\/strong><\/h4>\n<p><a href=\"https:\/\/view.genially.com\/6905eb496df3f13d32d640d2\/horizontal-infographic-review-63-la-narracion\"><img loading=\"lazy\" decoding=\"async\" class=\"alignnone wp-image-4922\" src=\"https:\/\/blogsaverroes.juntadeandalucia.es\/verainqueclase\/files\/2024\/09\/genially-narracion-300x178.jpg\" alt=\"\" width=\"838\" height=\"497\" srcset=\"https:\/\/blogsaverroes.juntadeandalucia.es\/verainqueclase\/files\/2024\/09\/genially-narracion-300x178.jpg 300w, https:\/\/blogsaverroes.juntadeandalucia.es\/verainqueclase\/files\/2024\/09\/genially-narracion-1024x607.jpg 1024w, https:\/\/blogsaverroes.juntadeandalucia.es\/verainqueclase\/files\/2024\/09\/genially-narracion-768x456.jpg 768w, https:\/\/blogsaverroes.juntadeandalucia.es\/verainqueclase\/files\/2024\/09\/genially-narracion-700x415.jpg 700w, https:\/\/blogsaverroes.juntadeandalucia.es\/verainqueclase\/files\/2024\/09\/genially-narracion-332x197.jpg 332w, https:\/\/blogsaverroes.juntadeandalucia.es\/verainqueclase\/files\/2024\/09\/genially-narracion.jpg 1288w\" sizes=\"(max-width: 838px) 100vw, 838px\" \/><\/a><\/p>\n<table style=\"border-collapse: collapse;width: 100%\">\n<tbody>\n<tr>\n<td style=\"width: 33.3333%\">&nbsp;<\/td>\n<td style=\"width: 33.3333%\">&nbsp;<\/td>\n<td style=\"width: 33.3333%\">&nbsp;<\/td>\n<\/tr>\n<\/tbody>\n<\/table>\n<h4><strong>AUMENTATIVOS Y DIMINUTIVOS<\/strong><\/h4>\n<p><a href=\"https:\/\/view.genially.com\/68ffa9803381373c922a0676\/horizontal-infographic-lists-diminutivos-y-aumentativos\"><img loading=\"lazy\" decoding=\"async\" class=\"\" src=\"https:\/\/blogsaverroes.juntadeandalucia.es\/verainqueclase\/files\/2021\/09\/genially-diminutivos-300x167.jpg\" width=\"986\" height=\"549\"><\/a><\/p>\n<table style=\"border-collapse: collapse;width: 100%\">\n<tbody>\n<tr>\n<td style=\"width: 33.3333%\"><a href=\"https:\/\/wordwall.net\/es\/resource\/4464601\/diminutivos-y-aumentativos\"><img decoding=\"async\" src=\"https:\/\/blogsaverroes.juntadeandalucia.es\/verainqueclase\/files\/2021\/09\/juego-diminutivos-1-300x167.jpg\"><\/a><\/td>\n<td style=\"width: 33.3333%\"><a href=\"https:\/\/wordwall.net\/es\/resource\/15243261\/diminutivos-y-aumentativos\"><img decoding=\"async\" src=\"https:\/\/blogsaverroes.juntadeandalucia.es\/verainqueclase\/files\/2021\/09\/juego-diminutivos-3-300x167.jpg\"><\/a><\/td>\n<td style=\"width: 33.3333%\"><a href=\"https:\/\/wordwall.net\/es\/resource\/10673997\/aumentativos-diminutivos-y-tama%c3%b1o-normal\"><img decoding=\"async\" src=\"https:\/\/blogsaverroes.juntadeandalucia.es\/verainqueclase\/files\/2021\/09\/juego-diminutivos-4-300x167.jpg\"><\/a><\/td>\n<\/tr>\n<tr>\n<td style=\"width: 33.3333%\"><a href=\"https:\/\/wordwall.net\/es\/resource\/9999980\/aumentativos\"><img decoding=\"async\" src=\"https:\/\/blogsaverroes.juntadeandalucia.es\/verainqueclase\/files\/2021\/09\/juego-demostrativos-2-300x154.jpg\"><\/a><\/td>\n<td style=\"width: 33.3333%\"><a href=\"https:\/\/wordwall.net\/es\/resource\/6013232\/diminutivos\"><img decoding=\"async\" src=\"https:\/\/blogsaverroes.juntadeandalucia.es\/verainqueclase\/files\/2021\/09\/juego-demostrativos-2-300x154.jpg\"><\/a><\/td>\n<td style=\"width: 33.3333%\"><a href=\"https:\/\/www.mundoprimaria.com\/juegos-educativos\/jueg-len-voc-69\"><img loading=\"lazy\" decoding=\"async\" class=\"alignnone size-medium wp-image-4924\" src=\"https:\/\/blogsaverroes.juntadeandalucia.es\/verainqueclase\/files\/2024\/09\/juego-diminutivos-y-aumentativos-300x178.jpg\" alt=\"\" width=\"300\" height=\"178\" srcset=\"https:\/\/blogsaverroes.juntadeandalucia.es\/verainqueclase\/files\/2024\/09\/juego-diminutivos-y-aumentativos-300x178.jpg 300w, https:\/\/blogsaverroes.juntadeandalucia.es\/verainqueclase\/files\/2024\/09\/juego-diminutivos-y-aumentativos-1024x607.jpg 1024w, https:\/\/blogsaverroes.juntadeandalucia.es\/verainqueclase\/files\/2024\/09\/juego-diminutivos-y-aumentativos-768x456.jpg 768w, https:\/\/blogsaverroes.juntadeandalucia.es\/verainqueclase\/files\/2024\/09\/juego-diminutivos-y-aumentativos-700x415.jpg 700w, https:\/\/blogsaverroes.juntadeandalucia.es\/verainqueclase\/files\/2024\/09\/juego-diminutivos-y-aumentativos-332x197.jpg 332w, https:\/\/blogsaverroes.juntadeandalucia.es\/verainqueclase\/files\/2024\/09\/juego-diminutivos-y-aumentativos.jpg 1288w\" sizes=\"(max-width: 300px) 100vw, 300px\" \/><\/a><\/td>\n<\/tr>\n<tr>\n<td style=\"width: 33.3333%\">&nbsp;<\/td>\n<td style=\"width: 33.3333%\">&nbsp;<\/td>\n<td style=\"width: 33.3333%\">&nbsp;<\/td>\n<\/tr>\n<\/tbody>\n<\/table>\n<h4><strong>LOS MITOS Y LAS LEYENDAS.<\/strong><\/h4>\n<h4><a href=\"https:\/\/view.genially.com\/6905ebdb6df3f13d32d6cf28\/horizontal-infographic-review-63-mitos-y-leyendas\"><img loading=\"lazy\" decoding=\"async\" class=\"alignnone wp-image-4925\" src=\"https:\/\/blogsaverroes.juntadeandalucia.es\/verainqueclase\/files\/2024\/09\/genially-mitos-y-leyendas-300x178.jpg\" alt=\"\" width=\"1011\" height=\"600\" srcset=\"https:\/\/blogsaverroes.juntadeandalucia.es\/verainqueclase\/files\/2024\/09\/genially-mitos-y-leyendas-300x178.jpg 300w, https:\/\/blogsaverroes.juntadeandalucia.es\/verainqueclase\/files\/2024\/09\/genially-mitos-y-leyendas-1024x607.jpg 1024w, https:\/\/blogsaverroes.juntadeandalucia.es\/verainqueclase\/files\/2024\/09\/genially-mitos-y-leyendas-768x456.jpg 768w, https:\/\/blogsaverroes.juntadeandalucia.es\/verainqueclase\/files\/2024\/09\/genially-mitos-y-leyendas-700x415.jpg 700w, https:\/\/blogsaverroes.juntadeandalucia.es\/verainqueclase\/files\/2024\/09\/genially-mitos-y-leyendas-332x197.jpg 332w, https:\/\/blogsaverroes.juntadeandalucia.es\/verainqueclase\/files\/2024\/09\/genially-mitos-y-leyendas.jpg 1288w\" sizes=\"(max-width: 1011px) 100vw, 1011px\" \/><\/a><\/h4>\n<table style=\"border-collapse: collapse;width: 100%\">\n<tbody>\n<tr>\n<td style=\"width: 33.3333%\"><a href=\"https:\/\/wordwall.net\/es\/resource\/4331688\"><img decoding=\"async\" src=\"https:\/\/blogsaverroes.juntadeandalucia.es\/verainqueclase\/files\/2020\/11\/juego-leyendas-300x165.jpg\"><\/a><\/td>\n<td style=\"width: 33.3333%\">&nbsp;<\/td>\n<td style=\"width: 33.3333%\">&nbsp;<\/td>\n<\/tr>\n<\/tbody>\n<\/table>\n<h4><strong>ESCRIBIMOS UNA NARRACI\u00d3N LITERARIA<\/strong><\/h4>\n<p><a href=\"https:\/\/view.genially.com\/6905ec1a2fab0be7f869dc65\/interactive-content-63-escribimos-un-texto-narrativo\"><img loading=\"lazy\" decoding=\"async\" class=\"alignnone wp-image-4927\" src=\"https:\/\/blogsaverroes.juntadeandalucia.es\/verainqueclase\/files\/2024\/09\/genially-elementos-narracion-300x178.jpg\" alt=\"\" width=\"902\" height=\"535\" srcset=\"https:\/\/blogsaverroes.juntadeandalucia.es\/verainqueclase\/files\/2024\/09\/genially-elementos-narracion-300x178.jpg 300w, https:\/\/blogsaverroes.juntadeandalucia.es\/verainqueclase\/files\/2024\/09\/genially-elementos-narracion-1024x607.jpg 1024w, https:\/\/blogsaverroes.juntadeandalucia.es\/verainqueclase\/files\/2024\/09\/genially-elementos-narracion-768x456.jpg 768w, https:\/\/blogsaverroes.juntadeandalucia.es\/verainqueclase\/files\/2024\/09\/genially-elementos-narracion-700x415.jpg 700w, https:\/\/blogsaverroes.juntadeandalucia.es\/verainqueclase\/files\/2024\/09\/genially-elementos-narracion-332x197.jpg 332w, https:\/\/blogsaverroes.juntadeandalucia.es\/verainqueclase\/files\/2024\/09\/genially-elementos-narracion.jpg 1288w\" sizes=\"(max-width: 902px) 100vw, 902px\" \/><\/a><\/p>\n<table style=\"border-collapse: collapse;width: 100%\">\n<tbody>\n<tr>\n<td style=\"width: 33.3333%\">&nbsp;<\/td>\n<td style=\"width: 33.3333%\">&nbsp;<\/td>\n<td style=\"width: 33.3333%\">&nbsp;<\/td>\n<\/tr>\n<\/tbody>\n<\/table>\n<h4><strong>LA PALABRA: DERIVACI\u00d3N Y COMPOSICI\u00d3N.<\/strong><\/h4>\n<p><a href=\"https:\/\/view.genially.com\/6905ec552fab0be7f86a0314\/horizontal-infographic-diagrams-63-la-palabra-derivacion-y-composicion\"><img loading=\"lazy\" decoding=\"async\" class=\"alignnone wp-image-4930\" src=\"https:\/\/blogsaverroes.juntadeandalucia.es\/verainqueclase\/files\/2024\/09\/genially-la-palabra-300x178.jpg\" alt=\"\" width=\"920\" height=\"546\" srcset=\"https:\/\/blogsaverroes.juntadeandalucia.es\/verainqueclase\/files\/2024\/09\/genially-la-palabra-300x178.jpg 300w, https:\/\/blogsaverroes.juntadeandalucia.es\/verainqueclase\/files\/2024\/09\/genially-la-palabra-1024x607.jpg 1024w, https:\/\/blogsaverroes.juntadeandalucia.es\/verainqueclase\/files\/2024\/09\/genially-la-palabra-768x456.jpg 768w, https:\/\/blogsaverroes.juntadeandalucia.es\/verainqueclase\/files\/2024\/09\/genially-la-palabra-700x415.jpg 700w, https:\/\/blogsaverroes.juntadeandalucia.es\/verainqueclase\/files\/2024\/09\/genially-la-palabra-332x197.jpg 332w, https:\/\/blogsaverroes.juntadeandalucia.es\/verainqueclase\/files\/2024\/09\/genially-la-palabra.jpg 1288w\" sizes=\"(max-width: 920px) 100vw, 920px\" \/><\/a><\/p>\n<table style=\"border-collapse: collapse;width: 100%\">\n<tbody>\n<tr>\n<td style=\"width: 33.3333%\"><a href=\"https:\/\/wordwall.net\/es\/resource\/1960802\"><img loading=\"lazy\" decoding=\"async\" class=\"alignnone size-medium wp-image-456\" src=\"https:\/\/blogsaverroes.juntadeandalucia.es\/verainqueclase\/files\/2020\/10\/prefijos-y-sufijos-300x156.jpg\" alt=\"\" width=\"300\" height=\"156\" srcset=\"https:\/\/blogsaverroes.juntadeandalucia.es\/verainqueclase\/files\/2020\/10\/prefijos-y-sufijos-300x156.jpg 300w, https:\/\/blogsaverroes.juntadeandalucia.es\/verainqueclase\/files\/2020\/10\/prefijos-y-sufijos-1024x533.jpg 1024w, https:\/\/blogsaverroes.juntadeandalucia.es\/verainqueclase\/files\/2020\/10\/prefijos-y-sufijos-768x400.jpg 768w, https:\/\/blogsaverroes.juntadeandalucia.es\/verainqueclase\/files\/2020\/10\/prefijos-y-sufijos-700x364.jpg 700w, https:\/\/blogsaverroes.juntadeandalucia.es\/verainqueclase\/files\/2020\/10\/prefijos-y-sufijos-332x173.jpg 332w, https:\/\/blogsaverroes.juntadeandalucia.es\/verainqueclase\/files\/2020\/10\/prefijos-y-sufijos-24x12.jpg 24w, https:\/\/blogsaverroes.juntadeandalucia.es\/verainqueclase\/files\/2020\/10\/prefijos-y-sufijos-36x19.jpg 36w, https:\/\/blogsaverroes.juntadeandalucia.es\/verainqueclase\/files\/2020\/10\/prefijos-y-sufijos-48x25.jpg 48w, https:\/\/blogsaverroes.juntadeandalucia.es\/verainqueclase\/files\/2020\/10\/prefijos-y-sufijos.jpg 1366w\" sizes=\"(max-width: 300px) 100vw, 300px\" \/><\/a><\/td>\n<td style=\"width: 33.3333%\"><a href=\"https:\/\/www.mundoprimaria.com\/juegos-educativos\/jueg-len-voc-45\"><img loading=\"lazy\" decoding=\"async\" class=\"alignnone size-medium wp-image-4934\" src=\"https:\/\/blogsaverroes.juntadeandalucia.es\/verainqueclase\/files\/2024\/09\/juego-morfemas-300x169.jpg\" alt=\"\" width=\"300\" height=\"169\" srcset=\"https:\/\/blogsaverroes.juntadeandalucia.es\/verainqueclase\/files\/2024\/09\/juego-morfemas-300x169.jpg 300w, https:\/\/blogsaverroes.juntadeandalucia.es\/verainqueclase\/files\/2024\/09\/juego-morfemas-1024x576.jpg 1024w, https:\/\/blogsaverroes.juntadeandalucia.es\/verainqueclase\/files\/2024\/09\/juego-morfemas-768x432.jpg 768w, https:\/\/blogsaverroes.juntadeandalucia.es\/verainqueclase\/files\/2024\/09\/juego-morfemas-700x393.jpg 700w, https:\/\/blogsaverroes.juntadeandalucia.es\/verainqueclase\/files\/2024\/09\/juego-morfemas-332x187.jpg 332w, https:\/\/blogsaverroes.juntadeandalucia.es\/verainqueclase\/files\/2024\/09\/juego-morfemas.jpg 1354w\" sizes=\"(max-width: 300px) 100vw, 300px\" \/><\/a><\/td>\n<td style=\"width: 33.3333%\"><a href=\"https:\/\/www.mundoprimaria.com\/juegos-educativos\/jueg-len-voc-39\"><img loading=\"lazy\" decoding=\"async\" class=\"alignnone size-medium wp-image-4936\" src=\"https:\/\/blogsaverroes.juntadeandalucia.es\/verainqueclase\/files\/2024\/09\/juego-prefijos-y-sufijos-2-300x169.jpg\" alt=\"\" width=\"300\" height=\"169\" srcset=\"https:\/\/blogsaverroes.juntadeandalucia.es\/verainqueclase\/files\/2024\/09\/juego-prefijos-y-sufijos-2-300x169.jpg 300w, https:\/\/blogsaverroes.juntadeandalucia.es\/verainqueclase\/files\/2024\/09\/juego-prefijos-y-sufijos-2-1024x576.jpg 1024w, https:\/\/blogsaverroes.juntadeandalucia.es\/verainqueclase\/files\/2024\/09\/juego-prefijos-y-sufijos-2-768x432.jpg 768w, https:\/\/blogsaverroes.juntadeandalucia.es\/verainqueclase\/files\/2024\/09\/juego-prefijos-y-sufijos-2-700x393.jpg 700w, https:\/\/blogsaverroes.juntadeandalucia.es\/verainqueclase\/files\/2024\/09\/juego-prefijos-y-sufijos-2-332x187.jpg 332w, https:\/\/blogsaverroes.juntadeandalucia.es\/verainqueclase\/files\/2024\/09\/juego-prefijos-y-sufijos-2.jpg 1354w\" sizes=\"(max-width: 300px) 100vw, 300px\" \/><\/a><\/td>\n<\/tr>\n<tr>\n<td style=\"width: 33.3333%\"><a href=\"https:\/\/www.mundoprimaria.com\/juegos-educativos\/jueg-len-voc-46\"><img loading=\"lazy\" decoding=\"async\" class=\"alignnone size-medium wp-image-4935\" src=\"https:\/\/blogsaverroes.juntadeandalucia.es\/verainqueclase\/files\/2024\/09\/juego-prefijos-y-sufijos-300x169.jpg\" alt=\"\" width=\"300\" height=\"169\" srcset=\"https:\/\/blogsaverroes.juntadeandalucia.es\/verainqueclase\/files\/2024\/09\/juego-prefijos-y-sufijos-300x169.jpg 300w, https:\/\/blogsaverroes.juntadeandalucia.es\/verainqueclase\/files\/2024\/09\/juego-prefijos-y-sufijos-1024x576.jpg 1024w, https:\/\/blogsaverroes.juntadeandalucia.es\/verainqueclase\/files\/2024\/09\/juego-prefijos-y-sufijos-768x432.jpg 768w, https:\/\/blogsaverroes.juntadeandalucia.es\/verainqueclase\/files\/2024\/09\/juego-prefijos-y-sufijos-700x393.jpg 700w, https:\/\/blogsaverroes.juntadeandalucia.es\/verainqueclase\/files\/2024\/09\/juego-prefijos-y-sufijos-332x187.jpg 332w, https:\/\/blogsaverroes.juntadeandalucia.es\/verainqueclase\/files\/2024\/09\/juego-prefijos-y-sufijos.jpg 1354w\" sizes=\"(max-width: 300px) 100vw, 300px\" \/><\/a><\/td>\n<td style=\"width: 33.3333%\"><a href=\"https:\/\/www.mundoprimaria.com\/juegos-educativos\/jueg-len-voc-25\"><img decoding=\"async\" src=\"https:\/\/blogsaverroes.juntadeandalucia.es\/verainqueclase\/files\/2022\/09\/juego-prefijos-300x184.jpg\"><\/a><\/td>\n<td style=\"width: 33.3333%\"><a href=\"https:\/\/www.mundoprimaria.com\/juegos-educativos\/jueg-len-voc-39\"><img decoding=\"async\" src=\"https:\/\/blogsaverroes.juntadeandalucia.es\/verainqueclase\/files\/2022\/09\/juego-sufijos-3-300x184.jpg\"><\/a><\/td>\n<\/tr>\n<tr>\n<td style=\"width: 33.3333%\"><a href=\"https:\/\/wordwall.net\/es\/resource\/4244451\/prefijos\"><img decoding=\"async\" src=\"https:\/\/blogsaverroes.juntadeandalucia.es\/verainqueclase\/files\/2020\/10\/prefijos-topos-300x156.jpg\"><\/a><\/td>\n<td style=\"width: 33.3333%\"><a href=\"https:\/\/www.mundoprimaria.com\/juegos-educativos\/juegos-lenguaje\/juego-prefijos\"><img decoding=\"async\" src=\"https:\/\/blogsaverroes.juntadeandalucia.es\/verainqueclase\/files\/2021\/09\/juego-prefijos-300x168.jpg\"><\/a><\/td>\n<td style=\"width: 33.3333%\"><a href=\"https:\/\/wordwall.net\/es\/resource\/10079711\/prefijos\"><img decoding=\"async\" src=\"https:\/\/blogsaverroes.juntadeandalucia.es\/verainqueclase\/files\/2021\/09\/juego-prefijos-2-300x168.jpg\"><\/a><\/td>\n<\/tr>\n<tr>\n<td style=\"width: 33.3333%\"><a href=\"https:\/\/wordwall.net\/es\/resource\/11592813\/prefijos\"><img decoding=\"async\" src=\"https:\/\/blogsaverroes.juntadeandalucia.es\/verainqueclase\/files\/2021\/09\/juego-prefijos-3-300x168.jpg\"><\/a><\/td>\n<td style=\"width: 33.3333%\"><a href=\"https:\/\/wordwall.net\/es\/resource\/17982271\/prefijos\"><img decoding=\"async\" src=\"https:\/\/blogsaverroes.juntadeandalucia.es\/verainqueclase\/files\/2021\/09\/juego-prefijos-4-300x168.jpg\"><\/a><\/td>\n<td style=\"width: 33.3333%\"><a href=\"https:\/\/wordwall.net\/es\/resource\/13187155\/prefijos-in-im-des\"><img decoding=\"async\" src=\"https:\/\/blogsaverroes.juntadeandalucia.es\/verainqueclase\/files\/2021\/09\/juego-prefijos-5-300x168.jpg\"><\/a><\/td>\n<\/tr>\n<tr>\n<td style=\"width: 33.3333%\"><a href=\"https:\/\/wordwall.net\/es\/resource\/11195350\/prefijos\"><img decoding=\"async\" src=\"https:\/\/blogsaverroes.juntadeandalucia.es\/verainqueclase\/files\/2021\/09\/juego-prefijos-6-300x168.jpg\"><\/a><\/td>\n<td style=\"width: 33.3333%\">&nbsp;<\/td>\n<td style=\"width: 33.3333%\">&nbsp;<\/td>\n<\/tr>\n<tr>\n<td style=\"width: 33.3333%\">&nbsp;<\/td>\n<td style=\"width: 33.3333%\">&nbsp;<\/td>\n<td style=\"width: 33.3333%\">&nbsp;<\/td>\n<\/tr>\n<\/tbody>\n<\/table>\n<p><a href=\"https:\/\/view.genially.com\/6905ec9e38afef9b6cf1ddc5\/horizontal-infographic-review-63-palabras-derivadas-y-compuestas\"><img loading=\"lazy\" decoding=\"async\" class=\"alignnone wp-image-4939\" src=\"https:\/\/blogsaverroes.juntadeandalucia.es\/verainqueclase\/files\/2024\/09\/genially-palabra-derivadas-300x169.jpg\" alt=\"\" width=\"899\" height=\"506\" srcset=\"https:\/\/blogsaverroes.juntadeandalucia.es\/verainqueclase\/files\/2024\/09\/genially-palabra-derivadas-300x169.jpg 300w, https:\/\/blogsaverroes.juntadeandalucia.es\/verainqueclase\/files\/2024\/09\/genially-palabra-derivadas-1024x576.jpg 1024w, https:\/\/blogsaverroes.juntadeandalucia.es\/verainqueclase\/files\/2024\/09\/genially-palabra-derivadas-768x432.jpg 768w, https:\/\/blogsaverroes.juntadeandalucia.es\/verainqueclase\/files\/2024\/09\/genially-palabra-derivadas-700x393.jpg 700w, https:\/\/blogsaverroes.juntadeandalucia.es\/verainqueclase\/files\/2024\/09\/genially-palabra-derivadas-332x187.jpg 332w, https:\/\/blogsaverroes.juntadeandalucia.es\/verainqueclase\/files\/2024\/09\/genially-palabra-derivadas.jpg 1354w\" sizes=\"(max-width: 899px) 100vw, 899px\" \/><\/a><\/p>\n<p>&nbsp;<\/p>\n<p><a href=\"https:\/\/view.genially.com\/6905ece096fef7591ff5f4fa\/horizontal-infographic-review-palabras-compuestas\"><img loading=\"lazy\" decoding=\"async\" class=\"\" src=\"https:\/\/blogsaverroes.juntadeandalucia.es\/verainqueclase\/files\/2020\/11\/genially-palabras-compuestas-300x159.jpg\" width=\"879\" height=\"466\"><\/a><\/p>\n<table style=\"border-collapse: collapse;width: 100%\">\n<tbody>\n<tr>\n<td style=\"width: 33.3333%\"><img decoding=\"async\" src=\"https:\/\/blogsaverroes.juntadeandalucia.es\/verainqueclase\/files\/2021\/08\/juego-aumentativos-2-300x176.jpg\"><\/td>\n<td style=\"width: 33.3333%\"><a href=\"https:\/\/www.mundoprimaria.com\/juegos-educativos\/jueg-len-voc-38\"><img loading=\"lazy\" decoding=\"async\" class=\"alignnone size-medium wp-image-4937\" src=\"https:\/\/blogsaverroes.juntadeandalucia.es\/verainqueclase\/files\/2024\/09\/juego-palabras-primitivas-300x169.jpg\" alt=\"\" width=\"300\" height=\"169\" srcset=\"https:\/\/blogsaverroes.juntadeandalucia.es\/verainqueclase\/files\/2024\/09\/juego-palabras-primitivas-300x169.jpg 300w, https:\/\/blogsaverroes.juntadeandalucia.es\/verainqueclase\/files\/2024\/09\/juego-palabras-primitivas-1024x576.jpg 1024w, https:\/\/blogsaverroes.juntadeandalucia.es\/verainqueclase\/files\/2024\/09\/juego-palabras-primitivas-768x432.jpg 768w, https:\/\/blogsaverroes.juntadeandalucia.es\/verainqueclase\/files\/2024\/09\/juego-palabras-primitivas-700x393.jpg 700w, https:\/\/blogsaverroes.juntadeandalucia.es\/verainqueclase\/files\/2024\/09\/juego-palabras-primitivas-332x187.jpg 332w, https:\/\/blogsaverroes.juntadeandalucia.es\/verainqueclase\/files\/2024\/09\/juego-palabras-primitivas.jpg 1354w\" sizes=\"(max-width: 300px) 100vw, 300px\" \/><\/a><\/td>\n<td style=\"width: 33.3333%\"><a href=\"https:\/\/www.mundoprimaria.com\/juegos-educativos\/jueg-len-voc-37#google_vignette\"><img loading=\"lazy\" decoding=\"async\" class=\"alignnone size-medium wp-image-4938\" src=\"https:\/\/blogsaverroes.juntadeandalucia.es\/verainqueclase\/files\/2024\/09\/juego-palabras-compuestas-300x169.jpg\" alt=\"\" width=\"300\" height=\"169\" srcset=\"https:\/\/blogsaverroes.juntadeandalucia.es\/verainqueclase\/files\/2024\/09\/juego-palabras-compuestas-300x169.jpg 300w, https:\/\/blogsaverroes.juntadeandalucia.es\/verainqueclase\/files\/2024\/09\/juego-palabras-compuestas-1024x576.jpg 1024w, https:\/\/blogsaverroes.juntadeandalucia.es\/verainqueclase\/files\/2024\/09\/juego-palabras-compuestas-768x432.jpg 768w, https:\/\/blogsaverroes.juntadeandalucia.es\/verainqueclase\/files\/2024\/09\/juego-palabras-compuestas-700x393.jpg 700w, https:\/\/blogsaverroes.juntadeandalucia.es\/verainqueclase\/files\/2024\/09\/juego-palabras-compuestas-332x187.jpg 332w, https:\/\/blogsaverroes.juntadeandalucia.es\/verainqueclase\/files\/2024\/09\/juego-palabras-compuestas.jpg 1354w\" sizes=\"(max-width: 300px) 100vw, 300px\" \/><\/a><\/td>\n<\/tr>\n<tr>\n<td style=\"width: 33.3333%\"><a href=\"https:\/\/wordwall.net\/es\/resource\/8740201\/palabras-simples-y-compuestas\"><img decoding=\"async\" src=\"https:\/\/blogsaverroes.juntadeandalucia.es\/verainqueclase\/files\/2021\/08\/juego-palabras-compuestas-9-300x188.jpg\"><\/a><\/td>\n<td style=\"width: 33.3333%\"><a href=\"https:\/\/wordwall.net\/es\/resource\/11864274\/palabras-compuestas\"><img decoding=\"async\" src=\"https:\/\/blogsaverroes.juntadeandalucia.es\/verainqueclase\/files\/2021\/08\/juego-palabras-compuestas-8-300x188.jpg\"><\/a><\/td>\n<td style=\"width: 33.3333%\"><a href=\"https:\/\/www.mundoprimaria.com\/juegos-educativos\/jueg-len-voc-65#google_vignette\"><img decoding=\"async\" src=\"https:\/\/blogsaverroes.juntadeandalucia.es\/verainqueclase\/files\/2023\/03\/juego-palabras-compuestas-1-300x165.jpg\"><\/a><\/td>\n<\/tr>\n<tr>\n<td style=\"width: 33.3333%\"><a href=\"https:\/\/www.mundoprimaria.com\/juegos-educativos\/jueg-len-voc-65\"><img decoding=\"async\" src=\"https:\/\/blogsaverroes.juntadeandalucia.es\/verainqueclase\/files\/2023\/03\/juego-palabras-compuestas-300x165.jpg\"><\/a><\/td>\n<td style=\"width: 33.3333%\">&nbsp;<\/td>\n<td style=\"width: 33.3333%\">&nbsp;<\/td>\n<\/tr>\n<\/tbody>\n<\/table>\n<h4><strong>LA TILDE EN LAS PALABRAS COMPUESTAS<\/strong><\/h4>\n<p><a href=\"https:\/\/view.genially.com\/6905edcdf09269d52623b8f3\/horizontal-infographic-lists-63-acentos-palabras-compuestas\"><img loading=\"lazy\" decoding=\"async\" class=\"alignnone wp-image-5076\" src=\"https:\/\/blogsaverroes.juntadeandalucia.es\/verainqueclase\/files\/2024\/10\/genially-acento-palabras-compuestas-300x169.jpg\" alt=\"\" width=\"1022\" height=\"576\" srcset=\"https:\/\/blogsaverroes.juntadeandalucia.es\/verainqueclase\/files\/2024\/10\/genially-acento-palabras-compuestas-300x169.jpg 300w, https:\/\/blogsaverroes.juntadeandalucia.es\/verainqueclase\/files\/2024\/10\/genially-acento-palabras-compuestas-768x432.jpg 768w, https:\/\/blogsaverroes.juntadeandalucia.es\/verainqueclase\/files\/2024\/10\/genially-acento-palabras-compuestas-332x187.jpg 332w\" sizes=\"(max-width: 1022px) 100vw, 1022px\" \/><\/a><\/p>\n<table style=\"border-collapse: collapse;width: 100%\">\n<tbody>\n<tr>\n<td style=\"width: 33.3333%\">&nbsp;<\/td>\n<td style=\"width: 33.3333%\">&nbsp;<\/td>\n<td style=\"width: 33.3333%\">&nbsp;<\/td>\n<\/tr>\n<tr>\n<td style=\"width: 33.3333%\">&nbsp;<\/td>\n<td style=\"width: 33.3333%\">&nbsp;<\/td>\n<td style=\"width: 33.3333%\">&nbsp;<\/td>\n<\/tr>\n<\/tbody>\n<\/table>\n<p>&nbsp;<\/p>\n","protected":false},"excerpt":{"rendered":"<p>Holaaaaaaaaaaa, ya estamos en la unidad 3.&nbsp; \u00a1Qu\u00e9 rapidez! Aqu\u00ed aprenderemos: Qu\u00e9 es una narraci\u00f3n y los tipos de narradores. Recordaremos los aumentativos y los diminutivos. Leeremos mitos y leyendas. Escribiremos una narraci\u00f3n. Aprenderemos&#46;&#46;&#46;<\/p>\n","protected":false},"author":10823,"featured_media":0,"parent":93,"menu_order":3,"comment_status":"closed","ping_status":"closed","template":"","meta":{"ngg_post_thumbnail":0,"footnotes":""},"aioseo_notices":[],"_links":{"self":[{"href":"https:\/\/blogsaverroes.juntadeandalucia.es\/verainqueclase\/wp-json\/wp\/v2\/pages\/126"}],"collection":[{"href":"https:\/\/blogsaverroes.juntadeandalucia.es\/verainqueclase\/wp-json\/wp\/v2\/pages"}],"about":[{"href":"https:\/\/blogsaverroes.juntadeandalucia.es\/verainqueclase\/wp-json\/wp\/v2\/types\/page"}],"author":[{"embeddable":true,"href":"https:\/\/blogsaverroes.juntadeandalucia.es\/verainqueclase\/wp-json\/wp\/v2\/users\/10823"}],"replies":[{"embeddable":true,"href":"https:\/\/blogsaverroes.juntadeandalucia.es\/verainqueclase\/wp-json\/wp\/v2\/comments?post=126"}],"version-history":[{"count":29,"href":"https:\/\/blogsaverroes.juntadeandalucia.es\/verainqueclase\/wp-json\/wp\/v2\/pages\/126\/revisions"}],"predecessor-version":[{"id":6559,"href":"https:\/\/blogsaverroes.juntadeandalucia.es\/verainqueclase\/wp-json\/wp\/v2\/pages\/126\/revisions\/6559"}],"up":[{"embeddable":true,"href":"https:\/\/blogsaverroes.juntadeandalucia.es\/verainqueclase\/wp-json\/wp\/v2\/pages\/93"}],"wp:attachment":[{"href":"https:\/\/blogsaverroes.juntadeandalucia.es\/verainqueclase\/wp-json\/wp\/v2\/media?parent=126"}],"curies":[{"name":"wp","href":"https:\/\/api.w.org\/{rel}","templated":true}]}}