{"id":207,"date":"2020-10-03T15:07:38","date_gmt":"2020-10-03T15:07:38","guid":{"rendered":"https:\/\/blogsaverroes.juntadeandalucia.es\/verainqueclase\/?page_id=207"},"modified":"2020-10-29T22:07:35","modified_gmt":"2020-10-29T22:07:35","slug":"1-el-relieve-de-espana-y-europa","status":"publish","type":"page","link":"https:\/\/blogsaverroes.juntadeandalucia.es\/verainqueclase\/ciencias-sociales\/ciencias-sociales-6o\/1-el-relieve-de-espana-y-europa\/","title":{"rendered":"1. El relieve de Espa\u00f1a y Europa"},"content":{"rendered":"<p><img loading=\"lazy\" decoding=\"async\" class=\"wp-image-502 alignleft\" src=\"https:\/\/blogsaverroes.juntadeandalucia.es\/verainqueclase\/files\/2020\/10\/7ec323cb-5f37-45ab-9bd9-ba158cf68d69-3da8b0c2-16d5-4363-877c-6bed29353841-v1-300x300.png\" alt=\"\" width=\"167\" height=\"167\" srcset=\"https:\/\/blogsaverroes.juntadeandalucia.es\/verainqueclase\/files\/2020\/10\/7ec323cb-5f37-45ab-9bd9-ba158cf68d69-3da8b0c2-16d5-4363-877c-6bed29353841-v1-300x300.png 300w, https:\/\/blogsaverroes.juntadeandalucia.es\/verainqueclase\/files\/2020\/10\/7ec323cb-5f37-45ab-9bd9-ba158cf68d69-3da8b0c2-16d5-4363-877c-6bed29353841-v1-150x150.png 150w, https:\/\/blogsaverroes.juntadeandalucia.es\/verainqueclase\/files\/2020\/10\/7ec323cb-5f37-45ab-9bd9-ba158cf68d69-3da8b0c2-16d5-4363-877c-6bed29353841-v1-100x100.png 100w, https:\/\/blogsaverroes.juntadeandalucia.es\/verainqueclase\/files\/2020\/10\/7ec323cb-5f37-45ab-9bd9-ba158cf68d69-3da8b0c2-16d5-4363-877c-6bed29353841-v1.png 398w, https:\/\/blogsaverroes.juntadeandalucia.es\/verainqueclase\/files\/2020\/10\/7ec323cb-5f37-45ab-9bd9-ba158cf68d69-3da8b0c2-16d5-4363-877c-6bed29353841-v1-332x332.png 332w, https:\/\/blogsaverroes.juntadeandalucia.es\/verainqueclase\/files\/2020\/10\/7ec323cb-5f37-45ab-9bd9-ba158cf68d69-3da8b0c2-16d5-4363-877c-6bed29353841-v1-268x268.png 268w, https:\/\/blogsaverroes.juntadeandalucia.es\/verainqueclase\/files\/2020\/10\/7ec323cb-5f37-45ab-9bd9-ba158cf68d69-3da8b0c2-16d5-4363-877c-6bed29353841-v1-24x24.png 24w, https:\/\/blogsaverroes.juntadeandalucia.es\/verainqueclase\/files\/2020\/10\/7ec323cb-5f37-45ab-9bd9-ba158cf68d69-3da8b0c2-16d5-4363-877c-6bed29353841-v1-36x36.png 36w, https:\/\/blogsaverroes.juntadeandalucia.es\/verainqueclase\/files\/2020\/10\/7ec323cb-5f37-45ab-9bd9-ba158cf68d69-3da8b0c2-16d5-4363-877c-6bed29353841-v1-48x48.png 48w\" sizes=\"(max-width: 167px) 100vw, 167px\" \/><\/p>\n<p>Comenzamos la unidad 1 de Sociales situando Espa\u00f1a en el planeta Tierra y en el continente europeo.<\/p>\n<p>&nbsp;<\/p>\n<h4><strong>LA SITUACI\u00d3N Y EL RELIEVE DE ESPA\u00d1A<\/strong><\/h4>\n<p><a href=\"https:\/\/earth.google.com\/web\/@18.29656688,0.2115022,5026.76568005a,17263123.9560628d,35y,0.42057461h,0t,0r\"><img loading=\"lazy\" decoding=\"async\" class=\"alignnone wp-image-504\" src=\"https:\/\/blogsaverroes.juntadeandalucia.es\/verainqueclase\/files\/2020\/10\/Planeta-Tierra-300x147.jpg\" alt=\"\" width=\"747\" height=\"366\" srcset=\"https:\/\/blogsaverroes.juntadeandalucia.es\/verainqueclase\/files\/2020\/10\/Planeta-Tierra-300x147.jpg 300w, https:\/\/blogsaverroes.juntadeandalucia.es\/verainqueclase\/files\/2020\/10\/Planeta-Tierra-1024x501.jpg 1024w, https:\/\/blogsaverroes.juntadeandalucia.es\/verainqueclase\/files\/2020\/10\/Planeta-Tierra-768x376.jpg 768w, https:\/\/blogsaverroes.juntadeandalucia.es\/verainqueclase\/files\/2020\/10\/Planeta-Tierra-1536x752.jpg 1536w, https:\/\/blogsaverroes.juntadeandalucia.es\/verainqueclase\/files\/2020\/10\/Planeta-Tierra-700x343.jpg 700w, https:\/\/blogsaverroes.juntadeandalucia.es\/verainqueclase\/files\/2020\/10\/Planeta-Tierra-332x162.jpg 332w, https:\/\/blogsaverroes.juntadeandalucia.es\/verainqueclase\/files\/2020\/10\/Planeta-Tierra-24x12.jpg 24w, https:\/\/blogsaverroes.juntadeandalucia.es\/verainqueclase\/files\/2020\/10\/Planeta-Tierra-36x18.jpg 36w, https:\/\/blogsaverroes.juntadeandalucia.es\/verainqueclase\/files\/2020\/10\/Planeta-Tierra-48x23.jpg 48w, https:\/\/blogsaverroes.juntadeandalucia.es\/verainqueclase\/files\/2020\/10\/Planeta-Tierra.jpg 1823w\" sizes=\"(max-width: 747px) 100vw, 747px\" \/><\/a><\/p>\n<p>Espa\u00f1a est\u00e1 situada en el hemisferio norte, en el suroeste de Europa. Est\u00e1 formada por gran parte de la pen\u00ednsula ib\u00e9rica, las Islas Canarias, las Islas Baleares y las ciudades aut\u00f3nomas de Ceuta y Melilla, situadas en el norte \u00c1frica.<\/p>\n<p><img loading=\"lazy\" decoding=\"async\" class=\" wp-image-506 alignleft\" src=\"https:\/\/blogsaverroes.juntadeandalucia.es\/verainqueclase\/files\/2020\/10\/Espa\u00f1a-300x259.jpg\" alt=\"\" width=\"236\" height=\"204\" srcset=\"https:\/\/blogsaverroes.juntadeandalucia.es\/verainqueclase\/files\/2020\/10\/Espa\u00f1a-300x259.jpg 300w, https:\/\/blogsaverroes.juntadeandalucia.es\/verainqueclase\/files\/2020\/10\/Espa\u00f1a-768x663.jpg 768w, https:\/\/blogsaverroes.juntadeandalucia.es\/verainqueclase\/files\/2020\/10\/Espa\u00f1a-700x605.jpg 700w, https:\/\/blogsaverroes.juntadeandalucia.es\/verainqueclase\/files\/2020\/10\/Espa\u00f1a-332x287.jpg 332w, https:\/\/blogsaverroes.juntadeandalucia.es\/verainqueclase\/files\/2020\/10\/Espa\u00f1a-24x21.jpg 24w, https:\/\/blogsaverroes.juntadeandalucia.es\/verainqueclase\/files\/2020\/10\/Espa\u00f1a-36x31.jpg 36w, https:\/\/blogsaverroes.juntadeandalucia.es\/verainqueclase\/files\/2020\/10\/Espa\u00f1a-48x41.jpg 48w, https:\/\/blogsaverroes.juntadeandalucia.es\/verainqueclase\/files\/2020\/10\/Espa\u00f1a.jpg 852w\" sizes=\"(max-width: 236px) 100vw, 236px\" \/><\/p>\n<p><strong>Los l\u00edmites de Espa\u00f1a:<\/strong><\/p>\n<ul>\n<li>Al norte: mar Cant\u00e1brico, Francia y Andorra.<\/li>\n<li>Al sur: oc\u00e9ano Atl\u00e1ntico y&nbsp; mar Mediterr\u00e1neo.<\/li>\n<li>Al este: mar Mediterr\u00e1neo.<\/li>\n<li>Al oeste: oc\u00e9ano Atl\u00e1ntico y Portugal.<\/li>\n<li>Las Islas Baleares est\u00e1n en el mar Mediterr\u00e1neo y las Islas Canarias en el oc\u00e9ano Atl\u00e1ntico.<\/li>\n<\/ul>\n<p><img loading=\"lazy\" decoding=\"async\" class=\"wp-image-509 alignright\" src=\"https:\/\/blogsaverroes.juntadeandalucia.es\/verainqueclase\/files\/2020\/10\/mapa-fisico-espa\u00f1a-300x204.jpg\" alt=\"\" width=\"349\" height=\"238\" srcset=\"https:\/\/blogsaverroes.juntadeandalucia.es\/verainqueclase\/files\/2020\/10\/mapa-fisico-espa\u00f1a-300x204.jpg 300w, https:\/\/blogsaverroes.juntadeandalucia.es\/verainqueclase\/files\/2020\/10\/mapa-fisico-espa\u00f1a-1024x697.jpg 1024w, https:\/\/blogsaverroes.juntadeandalucia.es\/verainqueclase\/files\/2020\/10\/mapa-fisico-espa\u00f1a-768x523.jpg 768w, https:\/\/blogsaverroes.juntadeandalucia.es\/verainqueclase\/files\/2020\/10\/mapa-fisico-espa\u00f1a-1536x1046.jpg 1536w, https:\/\/blogsaverroes.juntadeandalucia.es\/verainqueclase\/files\/2020\/10\/mapa-fisico-espa\u00f1a-2048x1395.jpg 2048w, https:\/\/blogsaverroes.juntadeandalucia.es\/verainqueclase\/files\/2020\/10\/mapa-fisico-espa\u00f1a-700x477.jpg 700w, https:\/\/blogsaverroes.juntadeandalucia.es\/verainqueclase\/files\/2020\/10\/mapa-fisico-espa\u00f1a-332x226.jpg 332w, https:\/\/blogsaverroes.juntadeandalucia.es\/verainqueclase\/files\/2020\/10\/mapa-fisico-espa\u00f1a-24x16.jpg 24w, https:\/\/blogsaverroes.juntadeandalucia.es\/verainqueclase\/files\/2020\/10\/mapa-fisico-espa\u00f1a-36x25.jpg 36w, https:\/\/blogsaverroes.juntadeandalucia.es\/verainqueclase\/files\/2020\/10\/mapa-fisico-espa\u00f1a-48x33.jpg 48w\" sizes=\"(max-width: 349px) 100vw, 349px\" \/><\/p>\n<p>Espa\u00f1a tiene una media de altitud de unos 650 metros, siendo el segundo pa\u00eds de Europa, despu\u00e9s de Suiza.<\/p>\n<p>Esto se debe a las numerosas cordilleras y sistemas monta\u00f1osos, y a que la meseta central (llanura elevada) ocupa gran parte de su territorio.<\/p>\n<p>&nbsp;<\/p>\n<h4><strong>RELIEVE DEL INTERIOR PENINSULAR 1 y 2 e ISLAS<\/strong><\/h4>\n<p><iframe loading=\"lazy\" src=\"\/\/www.youtube.com\/embed\/ixCDhEYuf-k\" width=\"560\" height=\"314\"><\/iframe><\/p>\n<p><a href=\"https:\/\/view.genial.ly\/5f8b6a393a92bc0d9b3a0cf6\/horizontal-infographic-maps-genially-sin-titulo\"><img loading=\"lazy\" decoding=\"async\" class=\"alignnone wp-image-512\" src=\"https:\/\/blogsaverroes.juntadeandalucia.es\/verainqueclase\/files\/2020\/10\/Relieve-espa\u00f1a-genially-300x171.jpg\" alt=\"\" width=\"830\" height=\"473\" srcset=\"https:\/\/blogsaverroes.juntadeandalucia.es\/verainqueclase\/files\/2020\/10\/Relieve-espa\u00f1a-genially-300x171.jpg 300w, https:\/\/blogsaverroes.juntadeandalucia.es\/verainqueclase\/files\/2020\/10\/Relieve-espa\u00f1a-genially-1024x582.jpg 1024w, https:\/\/blogsaverroes.juntadeandalucia.es\/verainqueclase\/files\/2020\/10\/Relieve-espa\u00f1a-genially-768x437.jpg 768w, https:\/\/blogsaverroes.juntadeandalucia.es\/verainqueclase\/files\/2020\/10\/Relieve-espa\u00f1a-genially-700x398.jpg 700w, https:\/\/blogsaverroes.juntadeandalucia.es\/verainqueclase\/files\/2020\/10\/Relieve-espa\u00f1a-genially-332x189.jpg 332w, https:\/\/blogsaverroes.juntadeandalucia.es\/verainqueclase\/files\/2020\/10\/Relieve-espa\u00f1a-genially-24x14.jpg 24w, https:\/\/blogsaverroes.juntadeandalucia.es\/verainqueclase\/files\/2020\/10\/Relieve-espa\u00f1a-genially-36x20.jpg 36w, https:\/\/blogsaverroes.juntadeandalucia.es\/verainqueclase\/files\/2020\/10\/Relieve-espa\u00f1a-genially-48x27.jpg 48w, https:\/\/blogsaverroes.juntadeandalucia.es\/verainqueclase\/files\/2020\/10\/Relieve-espa\u00f1a-genially.jpg 1182w\" sizes=\"(max-width: 830px) 100vw, 830px\" \/><\/a><\/p>\n<h4><strong>EL RELIEVE COSTERO PENINSULAR y DE LOS ARCHIPI\u00c9LAGOS<\/strong><\/h4>\n<p><a href=\"https:\/\/view.genial.ly\/5f8c621a01a73210ef119eda\/horizontal-infographic-maps-relieve-costas\"><img loading=\"lazy\" decoding=\"async\" class=\"alignnone wp-image-516\" src=\"https:\/\/blogsaverroes.juntadeandalucia.es\/verainqueclase\/files\/2020\/10\/relieve-costas-300x171.jpg\" alt=\"\" width=\"746\" height=\"425\" srcset=\"https:\/\/blogsaverroes.juntadeandalucia.es\/verainqueclase\/files\/2020\/10\/relieve-costas-300x171.jpg 300w, https:\/\/blogsaverroes.juntadeandalucia.es\/verainqueclase\/files\/2020\/10\/relieve-costas-1024x585.jpg 1024w, https:\/\/blogsaverroes.juntadeandalucia.es\/verainqueclase\/files\/2020\/10\/relieve-costas-768x438.jpg 768w, https:\/\/blogsaverroes.juntadeandalucia.es\/verainqueclase\/files\/2020\/10\/relieve-costas-700x400.jpg 700w, https:\/\/blogsaverroes.juntadeandalucia.es\/verainqueclase\/files\/2020\/10\/relieve-costas-332x190.jpg 332w, https:\/\/blogsaverroes.juntadeandalucia.es\/verainqueclase\/files\/2020\/10\/relieve-costas-24x14.jpg 24w, https:\/\/blogsaverroes.juntadeandalucia.es\/verainqueclase\/files\/2020\/10\/relieve-costas-36x21.jpg 36w, https:\/\/blogsaverroes.juntadeandalucia.es\/verainqueclase\/files\/2020\/10\/relieve-costas-48x27.jpg 48w, https:\/\/blogsaverroes.juntadeandalucia.es\/verainqueclase\/files\/2020\/10\/relieve-costas.jpg 1184w\" sizes=\"(max-width: 746px) 100vw, 746px\" \/><\/a><\/p>\n<table style=\"border-collapse: collapse;width: 100%\">\n<tbody>\n<tr>\n<td style=\"width: 33.3333%\"><a href=\"https:\/\/view.genial.ly\/5c75362208403f02612b187d\/interactive-content-mapa-fisico-de-espana\"><img loading=\"lazy\" decoding=\"async\" class=\"alignnone size-medium wp-image-526\" src=\"https:\/\/blogsaverroes.juntadeandalucia.es\/verainqueclase\/files\/2020\/10\/mapa-fisico-espa\u00f1a-genialy-300x168.jpg\" alt=\"\" width=\"300\" height=\"168\" srcset=\"https:\/\/blogsaverroes.juntadeandalucia.es\/verainqueclase\/files\/2020\/10\/mapa-fisico-espa\u00f1a-genialy-300x168.jpg 300w, https:\/\/blogsaverroes.juntadeandalucia.es\/verainqueclase\/files\/2020\/10\/mapa-fisico-espa\u00f1a-genialy-1024x572.jpg 1024w, https:\/\/blogsaverroes.juntadeandalucia.es\/verainqueclase\/files\/2020\/10\/mapa-fisico-espa\u00f1a-genialy-768x429.jpg 768w, https:\/\/blogsaverroes.juntadeandalucia.es\/verainqueclase\/files\/2020\/10\/mapa-fisico-espa\u00f1a-genialy-1536x858.jpg 1536w, https:\/\/blogsaverroes.juntadeandalucia.es\/verainqueclase\/files\/2020\/10\/mapa-fisico-espa\u00f1a-genialy-700x393.jpg 700w, https:\/\/blogsaverroes.juntadeandalucia.es\/verainqueclase\/files\/2020\/10\/mapa-fisico-espa\u00f1a-genialy-332x185.jpg 332w, https:\/\/blogsaverroes.juntadeandalucia.es\/verainqueclase\/files\/2020\/10\/mapa-fisico-espa\u00f1a-genialy-24x13.jpg 24w, https:\/\/blogsaverroes.juntadeandalucia.es\/verainqueclase\/files\/2020\/10\/mapa-fisico-espa\u00f1a-genialy-36x20.jpg 36w, https:\/\/blogsaverroes.juntadeandalucia.es\/verainqueclase\/files\/2020\/10\/mapa-fisico-espa\u00f1a-genialy-48x27.jpg 48w, https:\/\/blogsaverroes.juntadeandalucia.es\/verainqueclase\/files\/2020\/10\/mapa-fisico-espa\u00f1a-genialy.jpg 1538w\" sizes=\"(max-width: 300px) 100vw, 300px\" \/><\/a><\/td>\n<td style=\"width: 33.3333%\"><a href=\"https:\/\/view.genial.ly\/5de2a782155e0a0f635d65b9\/game-breakout-espana-fisica\"><img loading=\"lazy\" decoding=\"async\" class=\"alignnone size-medium wp-image-529\" src=\"https:\/\/blogsaverroes.juntadeandalucia.es\/verainqueclase\/files\/2020\/10\/juego-geograf\u00eda-espa\u00f1a-300x168.jpg\" alt=\"\" width=\"300\" height=\"168\" srcset=\"https:\/\/blogsaverroes.juntadeandalucia.es\/verainqueclase\/files\/2020\/10\/juego-geograf\u00eda-espa\u00f1a-300x168.jpg 300w, https:\/\/blogsaverroes.juntadeandalucia.es\/verainqueclase\/files\/2020\/10\/juego-geograf\u00eda-espa\u00f1a-1024x572.jpg 1024w, https:\/\/blogsaverroes.juntadeandalucia.es\/verainqueclase\/files\/2020\/10\/juego-geograf\u00eda-espa\u00f1a-768x429.jpg 768w, https:\/\/blogsaverroes.juntadeandalucia.es\/verainqueclase\/files\/2020\/10\/juego-geograf\u00eda-espa\u00f1a-1536x858.jpg 1536w, https:\/\/blogsaverroes.juntadeandalucia.es\/verainqueclase\/files\/2020\/10\/juego-geograf\u00eda-espa\u00f1a-700x393.jpg 700w, https:\/\/blogsaverroes.juntadeandalucia.es\/verainqueclase\/files\/2020\/10\/juego-geograf\u00eda-espa\u00f1a-332x185.jpg 332w, https:\/\/blogsaverroes.juntadeandalucia.es\/verainqueclase\/files\/2020\/10\/juego-geograf\u00eda-espa\u00f1a-24x13.jpg 24w, https:\/\/blogsaverroes.juntadeandalucia.es\/verainqueclase\/files\/2020\/10\/juego-geograf\u00eda-espa\u00f1a-36x20.jpg 36w, https:\/\/blogsaverroes.juntadeandalucia.es\/verainqueclase\/files\/2020\/10\/juego-geograf\u00eda-espa\u00f1a-48x27.jpg 48w, https:\/\/blogsaverroes.juntadeandalucia.es\/verainqueclase\/files\/2020\/10\/juego-geograf\u00eda-espa\u00f1a.jpg 1538w\" sizes=\"(max-width: 300px) 100vw, 300px\" \/><\/a><\/td>\n<td style=\"width: 33.3333%\"><a href=\"https:\/\/mapasinteractivos.didactalia.net\/comunidad\/mapasflashinteractivos\/recurso\/relieve-de-espaa\/b08c36e5-ed54-46e1-995f-354b59d8dd08\"><img loading=\"lazy\" decoding=\"async\" class=\"alignnone size-medium wp-image-722\" src=\"https:\/\/blogsaverroes.juntadeandalucia.es\/verainqueclase\/files\/2020\/10\/juego-educalia-300x205.jpg\" alt=\"\" width=\"300\" height=\"205\" srcset=\"https:\/\/blogsaverroes.juntadeandalucia.es\/verainqueclase\/files\/2020\/10\/juego-educalia-300x205.jpg 300w, https:\/\/blogsaverroes.juntadeandalucia.es\/verainqueclase\/files\/2020\/10\/juego-educalia-768x525.jpg 768w, https:\/\/blogsaverroes.juntadeandalucia.es\/verainqueclase\/files\/2020\/10\/juego-educalia-700x478.jpg 700w, https:\/\/blogsaverroes.juntadeandalucia.es\/verainqueclase\/files\/2020\/10\/juego-educalia-332x227.jpg 332w, https:\/\/blogsaverroes.juntadeandalucia.es\/verainqueclase\/files\/2020\/10\/juego-educalia-24x16.jpg 24w, https:\/\/blogsaverroes.juntadeandalucia.es\/verainqueclase\/files\/2020\/10\/juego-educalia-36x25.jpg 36w, https:\/\/blogsaverroes.juntadeandalucia.es\/verainqueclase\/files\/2020\/10\/juego-educalia-48x33.jpg 48w, https:\/\/blogsaverroes.juntadeandalucia.es\/verainqueclase\/files\/2020\/10\/juego-educalia.jpg 858w\" sizes=\"(max-width: 300px) 100vw, 300px\" \/><\/a><\/td>\n<\/tr>\n<\/tbody>\n<\/table>\n<h4><strong>LA SITUACI\u00d3N Y EL RELIEVE DE EUROPA<\/strong><\/h4>\n<p><img loading=\"lazy\" decoding=\"async\" class=\"wp-image-519 alignright\" src=\"https:\/\/blogsaverroes.juntadeandalucia.es\/verainqueclase\/files\/2020\/10\/europa-earth-300x200.jpg\" alt=\"\" width=\"337\" height=\"225\" srcset=\"https:\/\/blogsaverroes.juntadeandalucia.es\/verainqueclase\/files\/2020\/10\/europa-earth-300x200.jpg 300w, https:\/\/blogsaverroes.juntadeandalucia.es\/verainqueclase\/files\/2020\/10\/europa-earth-1024x683.jpg 1024w, https:\/\/blogsaverroes.juntadeandalucia.es\/verainqueclase\/files\/2020\/10\/europa-earth-768x512.jpg 768w, https:\/\/blogsaverroes.juntadeandalucia.es\/verainqueclase\/files\/2020\/10\/europa-earth-700x467.jpg 700w, https:\/\/blogsaverroes.juntadeandalucia.es\/verainqueclase\/files\/2020\/10\/europa-earth-332x222.jpg 332w, https:\/\/blogsaverroes.juntadeandalucia.es\/verainqueclase\/files\/2020\/10\/europa-earth-24x16.jpg 24w, https:\/\/blogsaverroes.juntadeandalucia.es\/verainqueclase\/files\/2020\/10\/europa-earth-36x24.jpg 36w, https:\/\/blogsaverroes.juntadeandalucia.es\/verainqueclase\/files\/2020\/10\/europa-earth-48x32.jpg 48w, https:\/\/blogsaverroes.juntadeandalucia.es\/verainqueclase\/files\/2020\/10\/europa-earth.jpg 1244w\" sizes=\"(max-width: 337px) 100vw, 337px\" \/><\/p>\n<p>Europa es un continente peque\u00f1o.<\/p>\n<p>Est\u00e1 situado en el hemisferio norte, entre los oc\u00e9anos Glacial \u00c1rtico y Atl\u00e1ntico, y los continentes de Asia y \u00c1frica.<\/p>\n<p><strong>L\u00edmites:<\/strong><\/p>\n<ul>\n<li>norte: oc\u00e9ano Glacial \u00c1rtico.<\/li>\n<li>sur: mar Mediterr\u00e1neo.<\/li>\n<li>este: montes Urales, el mar Caspio, el C\u00e1ucaso y el mar Negro.<\/li>\n<li>oeste: oc\u00e9ano Atl\u00e1ntico.<\/li>\n<\/ul>\n<p><a href=\"https:\/\/view.genial.ly\/5f8c6f4501a73210ef11a03f\/horizontal-infographic-maps-relieve-de-europa\"><img loading=\"lazy\" decoding=\"async\" class=\"alignnone wp-image-521\" src=\"https:\/\/blogsaverroes.juntadeandalucia.es\/verainqueclase\/files\/2020\/10\/europa-genially-300x172.jpg\" alt=\"\" width=\"738\" height=\"423\" srcset=\"https:\/\/blogsaverroes.juntadeandalucia.es\/verainqueclase\/files\/2020\/10\/europa-genially-300x172.jpg 300w, https:\/\/blogsaverroes.juntadeandalucia.es\/verainqueclase\/files\/2020\/10\/europa-genially-1024x586.jpg 1024w, https:\/\/blogsaverroes.juntadeandalucia.es\/verainqueclase\/files\/2020\/10\/europa-genially-768x440.jpg 768w, https:\/\/blogsaverroes.juntadeandalucia.es\/verainqueclase\/files\/2020\/10\/europa-genially-700x401.jpg 700w, https:\/\/blogsaverroes.juntadeandalucia.es\/verainqueclase\/files\/2020\/10\/europa-genially-332x190.jpg 332w, https:\/\/blogsaverroes.juntadeandalucia.es\/verainqueclase\/files\/2020\/10\/europa-genially-24x14.jpg 24w, https:\/\/blogsaverroes.juntadeandalucia.es\/verainqueclase\/files\/2020\/10\/europa-genially-36x21.jpg 36w, https:\/\/blogsaverroes.juntadeandalucia.es\/verainqueclase\/files\/2020\/10\/europa-genially-48x27.jpg 48w, https:\/\/blogsaverroes.juntadeandalucia.es\/verainqueclase\/files\/2020\/10\/europa-genially.jpg 1169w\" sizes=\"(max-width: 738px) 100vw, 738px\" \/><\/a><\/p>\n<table style=\"border-collapse: collapse;width: 100%\">\n<tbody>\n<tr>\n<td style=\"width: 33.3333%\"><a href=\"https:\/\/view.genial.ly\/5c74ef28a159c7762906fc2a\/interactive-content-mapa-fisico-de-europa\"><img loading=\"lazy\" decoding=\"async\" class=\"alignnone size-medium wp-image-527\" src=\"https:\/\/blogsaverroes.juntadeandalucia.es\/verainqueclase\/files\/2020\/10\/mapa-fisico-europa-genialy-300x168.jpg\" alt=\"\" width=\"300\" height=\"168\" srcset=\"https:\/\/blogsaverroes.juntadeandalucia.es\/verainqueclase\/files\/2020\/10\/mapa-fisico-europa-genialy-300x168.jpg 300w, https:\/\/blogsaverroes.juntadeandalucia.es\/verainqueclase\/files\/2020\/10\/mapa-fisico-europa-genialy-1024x572.jpg 1024w, https:\/\/blogsaverroes.juntadeandalucia.es\/verainqueclase\/files\/2020\/10\/mapa-fisico-europa-genialy-768x429.jpg 768w, https:\/\/blogsaverroes.juntadeandalucia.es\/verainqueclase\/files\/2020\/10\/mapa-fisico-europa-genialy-1536x858.jpg 1536w, https:\/\/blogsaverroes.juntadeandalucia.es\/verainqueclase\/files\/2020\/10\/mapa-fisico-europa-genialy-700x393.jpg 700w, https:\/\/blogsaverroes.juntadeandalucia.es\/verainqueclase\/files\/2020\/10\/mapa-fisico-europa-genialy-332x185.jpg 332w, https:\/\/blogsaverroes.juntadeandalucia.es\/verainqueclase\/files\/2020\/10\/mapa-fisico-europa-genialy-24x13.jpg 24w, https:\/\/blogsaverroes.juntadeandalucia.es\/verainqueclase\/files\/2020\/10\/mapa-fisico-europa-genialy-36x20.jpg 36w, https:\/\/blogsaverroes.juntadeandalucia.es\/verainqueclase\/files\/2020\/10\/mapa-fisico-europa-genialy-48x27.jpg 48w, https:\/\/blogsaverroes.juntadeandalucia.es\/verainqueclase\/files\/2020\/10\/mapa-fisico-europa-genialy.jpg 1538w\" sizes=\"(max-width: 300px) 100vw, 300px\" \/><\/a><\/td>\n<td style=\"width: 33.3333%\"><a href=\"https:\/\/view.genial.ly\/5f7c8ff3855ce00cffb283ff\/presentation-geografia-de-espana-y-europa\"><img loading=\"lazy\" decoding=\"async\" class=\"alignnone size-medium wp-image-528\" src=\"https:\/\/blogsaverroes.juntadeandalucia.es\/verainqueclase\/files\/2020\/10\/mapa-fisico-espa\u00f1a-y-europa-genialy-300x168.jpg\" alt=\"\" width=\"300\" height=\"168\" srcset=\"https:\/\/blogsaverroes.juntadeandalucia.es\/verainqueclase\/files\/2020\/10\/mapa-fisico-espa\u00f1a-y-europa-genialy-300x168.jpg 300w, https:\/\/blogsaverroes.juntadeandalucia.es\/verainqueclase\/files\/2020\/10\/mapa-fisico-espa\u00f1a-y-europa-genialy-1024x572.jpg 1024w, https:\/\/blogsaverroes.juntadeandalucia.es\/verainqueclase\/files\/2020\/10\/mapa-fisico-espa\u00f1a-y-europa-genialy-768x429.jpg 768w, https:\/\/blogsaverroes.juntadeandalucia.es\/verainqueclase\/files\/2020\/10\/mapa-fisico-espa\u00f1a-y-europa-genialy-1536x858.jpg 1536w, https:\/\/blogsaverroes.juntadeandalucia.es\/verainqueclase\/files\/2020\/10\/mapa-fisico-espa\u00f1a-y-europa-genialy-700x393.jpg 700w, https:\/\/blogsaverroes.juntadeandalucia.es\/verainqueclase\/files\/2020\/10\/mapa-fisico-espa\u00f1a-y-europa-genialy-332x185.jpg 332w, https:\/\/blogsaverroes.juntadeandalucia.es\/verainqueclase\/files\/2020\/10\/mapa-fisico-espa\u00f1a-y-europa-genialy-24x13.jpg 24w, https:\/\/blogsaverroes.juntadeandalucia.es\/verainqueclase\/files\/2020\/10\/mapa-fisico-espa\u00f1a-y-europa-genialy-36x20.jpg 36w, https:\/\/blogsaverroes.juntadeandalucia.es\/verainqueclase\/files\/2020\/10\/mapa-fisico-espa\u00f1a-y-europa-genialy-48x27.jpg 48w, https:\/\/blogsaverroes.juntadeandalucia.es\/verainqueclase\/files\/2020\/10\/mapa-fisico-espa\u00f1a-y-europa-genialy.jpg 1538w\" sizes=\"(max-width: 300px) 100vw, 300px\" \/><\/a><\/td>\n<td style=\"width: 33.3333%\"><a href=\"https:\/\/view.genial.ly\/59ea1821f2aaf20d30d9e7c0\/interactive-content-europa-fisica\"><img loading=\"lazy\" decoding=\"async\" class=\"alignnone size-medium wp-image-530\" src=\"https:\/\/blogsaverroes.juntadeandalucia.es\/verainqueclase\/files\/2020\/10\/relieve-interior-europa-300x168.jpg\" alt=\"\" width=\"300\" height=\"168\" srcset=\"https:\/\/blogsaverroes.juntadeandalucia.es\/verainqueclase\/files\/2020\/10\/relieve-interior-europa-300x168.jpg 300w, https:\/\/blogsaverroes.juntadeandalucia.es\/verainqueclase\/files\/2020\/10\/relieve-interior-europa-1024x572.jpg 1024w, https:\/\/blogsaverroes.juntadeandalucia.es\/verainqueclase\/files\/2020\/10\/relieve-interior-europa-768x429.jpg 768w, https:\/\/blogsaverroes.juntadeandalucia.es\/verainqueclase\/files\/2020\/10\/relieve-interior-europa-1536x858.jpg 1536w, https:\/\/blogsaverroes.juntadeandalucia.es\/verainqueclase\/files\/2020\/10\/relieve-interior-europa-700x393.jpg 700w, https:\/\/blogsaverroes.juntadeandalucia.es\/verainqueclase\/files\/2020\/10\/relieve-interior-europa-332x185.jpg 332w, https:\/\/blogsaverroes.juntadeandalucia.es\/verainqueclase\/files\/2020\/10\/relieve-interior-europa-24x13.jpg 24w, https:\/\/blogsaverroes.juntadeandalucia.es\/verainqueclase\/files\/2020\/10\/relieve-interior-europa-36x20.jpg 36w, https:\/\/blogsaverroes.juntadeandalucia.es\/verainqueclase\/files\/2020\/10\/relieve-interior-europa-48x27.jpg 48w, https:\/\/blogsaverroes.juntadeandalucia.es\/verainqueclase\/files\/2020\/10\/relieve-interior-europa.jpg 1538w\" sizes=\"(max-width: 300px) 100vw, 300px\" \/><\/a><\/td>\n<\/tr>\n<\/tbody>\n<\/table>\n<h4><strong>MODIFICACI\u00d3N DEL RELIEVE<\/strong><\/h4>\n<p><a href=\"https:\/\/view.genial.ly\/5f8c903285fb080d65ce8934\/horizontal-infographic-lists-genially-sin-titulo\"><img loading=\"lazy\" decoding=\"async\" class=\"alignnone wp-image-524\" src=\"https:\/\/blogsaverroes.juntadeandalucia.es\/verainqueclase\/files\/2020\/10\/cambios-relieves-genialy-300x147.jpg\" alt=\"\" width=\"731\" height=\"358\" srcset=\"https:\/\/blogsaverroes.juntadeandalucia.es\/verainqueclase\/files\/2020\/10\/cambios-relieves-genialy-300x147.jpg 300w, https:\/\/blogsaverroes.juntadeandalucia.es\/verainqueclase\/files\/2020\/10\/cambios-relieves-genialy-1024x502.jpg 1024w, https:\/\/blogsaverroes.juntadeandalucia.es\/verainqueclase\/files\/2020\/10\/cambios-relieves-genialy-768x376.jpg 768w, https:\/\/blogsaverroes.juntadeandalucia.es\/verainqueclase\/files\/2020\/10\/cambios-relieves-genialy-1536x753.jpg 1536w, https:\/\/blogsaverroes.juntadeandalucia.es\/verainqueclase\/files\/2020\/10\/cambios-relieves-genialy-700x343.jpg 700w, https:\/\/blogsaverroes.juntadeandalucia.es\/verainqueclase\/files\/2020\/10\/cambios-relieves-genialy-332x163.jpg 332w, https:\/\/blogsaverroes.juntadeandalucia.es\/verainqueclase\/files\/2020\/10\/cambios-relieves-genialy-24x12.jpg 24w, https:\/\/blogsaverroes.juntadeandalucia.es\/verainqueclase\/files\/2020\/10\/cambios-relieves-genialy-36x18.jpg 36w, https:\/\/blogsaverroes.juntadeandalucia.es\/verainqueclase\/files\/2020\/10\/cambios-relieves-genialy-48x24.jpg 48w, https:\/\/blogsaverroes.juntadeandalucia.es\/verainqueclase\/files\/2020\/10\/cambios-relieves-genialy.jpg 1549w\" sizes=\"(max-width: 731px) 100vw, 731px\" \/><\/a><\/p>\n","protected":false},"excerpt":{"rendered":"<p>Comenzamos la unidad 1 de Sociales situando Espa\u00f1a en el planeta Tierra y en el continente europeo. &nbsp; LA SITUACI\u00d3N Y EL RELIEVE DE ESPA\u00d1A Espa\u00f1a est\u00e1 situada en el hemisferio norte, en el&#46;&#46;&#46;<\/p>\n","protected":false},"author":10823,"featured_media":0,"parent":104,"menu_order":1,"comment_status":"closed","ping_status":"closed","template":"","meta":{"ngg_post_thumbnail":0,"footnotes":""},"aioseo_notices":[],"_links":{"self":[{"href":"https:\/\/blogsaverroes.juntadeandalucia.es\/verainqueclase\/wp-json\/wp\/v2\/pages\/207"}],"collection":[{"href":"https:\/\/blogsaverroes.juntadeandalucia.es\/verainqueclase\/wp-json\/wp\/v2\/pages"}],"about":[{"href":"https:\/\/blogsaverroes.juntadeandalucia.es\/verainqueclase\/wp-json\/wp\/v2\/types\/page"}],"author":[{"embeddable":true,"href":"https:\/\/blogsaverroes.juntadeandalucia.es\/verainqueclase\/wp-json\/wp\/v2\/users\/10823"}],"replies":[{"embeddable":true,"href":"https:\/\/blogsaverroes.juntadeandalucia.es\/verainqueclase\/wp-json\/wp\/v2\/comments?post=207"}],"version-history":[{"count":15,"href":"https:\/\/blogsaverroes.juntadeandalucia.es\/verainqueclase\/wp-json\/wp\/v2\/pages\/207\/revisions"}],"predecessor-version":[{"id":723,"href":"https:\/\/blogsaverroes.juntadeandalucia.es\/verainqueclase\/wp-json\/wp\/v2\/pages\/207\/revisions\/723"}],"up":[{"embeddable":true,"href":"https:\/\/blogsaverroes.juntadeandalucia.es\/verainqueclase\/wp-json\/wp\/v2\/pages\/104"}],"wp:attachment":[{"href":"https:\/\/blogsaverroes.juntadeandalucia.es\/verainqueclase\/wp-json\/wp\/v2\/media?parent=207"}],"curies":[{"name":"wp","href":"https:\/\/api.w.org\/{rel}","templated":true}]}}