{"id":5023,"date":"2024-09-14T10:18:36","date_gmt":"2024-09-14T10:18:36","guid":{"rendered":"https:\/\/blogsaverroes.juntadeandalucia.es\/verainqueclase\/?page_id=5023"},"modified":"2025-03-18T09:57:50","modified_gmt":"2025-03-18T09:57:50","slug":"conocimiento-6-6-ven-a-visitarnos","status":"publish","type":"page","link":"https:\/\/blogsaverroes.juntadeandalucia.es\/verainqueclase\/conocimiento-6-6-ven-a-visitarnos\/","title":{"rendered":"Conocimiento 6.6.- Ven a visitarnos."},"content":{"rendered":"<p><img loading=\"lazy\" decoding=\"async\" class=\" wp-image-5024 alignright\" src=\"https:\/\/blogsaverroes.juntadeandalucia.es\/verainqueclase\/files\/2024\/09\/f11b4205-97e1-4913-a4df-370923868596-9862b8a2-2cde-4567-bd5b-0dd3b82c8e35-v1-268x268-1.png\" alt=\"\" width=\"236\" height=\"236\" srcset=\"https:\/\/blogsaverroes.juntadeandalucia.es\/verainqueclase\/files\/2024\/09\/f11b4205-97e1-4913-a4df-370923868596-9862b8a2-2cde-4567-bd5b-0dd3b82c8e35-v1-268x268-1.png 268w, https:\/\/blogsaverroes.juntadeandalucia.es\/verainqueclase\/files\/2024\/09\/f11b4205-97e1-4913-a4df-370923868596-9862b8a2-2cde-4567-bd5b-0dd3b82c8e35-v1-268x268-1-150x150.png 150w\" sizes=\"(max-width: 236px) 100vw, 236px\" \/>Terminamos el segundo trimestre con una unidad de la que ya sabemos algunas cosas, los sectores econ\u00f3micos:<\/p>\n<ul>\n<li>La actividad econ\u00f3mica y los tipos de gastos.<\/li>\n<li>El consumo. Caracter\u00edsticas y Derechos y Deberes.<\/li>\n<li>Tipos de empresas.<\/li>\n<li>Sectores econ\u00f3micos de Espa\u00f1a.<\/li>\n<li>Sectores econ\u00f3micos de Andaluc\u00eda.<\/li>\n<li>Sectores econ\u00f3micos de Europa.<\/li>\n<\/ul>\n<h4><strong>LA ACTIVIDAD ECON\u00d3MICA<\/strong><\/h4>\n<p><a href=\"https:\/\/view.genially.com\/67b845f809afd1e666daea3c\/interactive-content-66-la-actividad-economica\"><img loading=\"lazy\" decoding=\"async\" class=\"\" src=\"https:\/\/blogsaverroes.juntadeandalucia.es\/verainqueclase\/files\/2023\/03\/genially-actividad-financiera-300x162.jpg\" width=\"791\" height=\"427\"><\/a><\/p>\n<table style=\"border-collapse: collapse;width: 100%\">\n<tbody>\n<tr>\n<td style=\"width: 33.3333%\"><a href=\"https:\/\/www.mundoprimaria.com\/juegos-educativos\/jueg-soci-ves-20\"><img decoding=\"async\" src=\"https:\/\/blogsaverroes.juntadeandalucia.es\/verainqueclase\/files\/2023\/03\/juego-empresas-300x162.jpg\"><\/a><\/td>\n<td style=\"width: 33.3333%\"><a href=\"https:\/\/view.genially.com\/673cc158e9ea79fdfdb49d65\"><img loading=\"lazy\" decoding=\"async\" class=\"alignnone size-medium wp-image-5454\" src=\"https:\/\/blogsaverroes.juntadeandalucia.es\/verainqueclase\/files\/2025\/03\/juego-actividad-economica-300x168.jpg\" alt=\"\" width=\"300\" height=\"168\" srcset=\"https:\/\/blogsaverroes.juntadeandalucia.es\/verainqueclase\/files\/2025\/03\/juego-actividad-economica-300x168.jpg 300w, https:\/\/blogsaverroes.juntadeandalucia.es\/verainqueclase\/files\/2025\/03\/juego-actividad-economica-1024x575.jpg 1024w, https:\/\/blogsaverroes.juntadeandalucia.es\/verainqueclase\/files\/2025\/03\/juego-actividad-economica-768x431.jpg 768w, https:\/\/blogsaverroes.juntadeandalucia.es\/verainqueclase\/files\/2025\/03\/juego-actividad-economica-1536x862.jpg 1536w, https:\/\/blogsaverroes.juntadeandalucia.es\/verainqueclase\/files\/2025\/03\/juego-actividad-economica-700x393.jpg 700w, https:\/\/blogsaverroes.juntadeandalucia.es\/verainqueclase\/files\/2025\/03\/juego-actividad-economica-332x186.jpg 332w, https:\/\/blogsaverroes.juntadeandalucia.es\/verainqueclase\/files\/2025\/03\/juego-actividad-economica.jpg 1557w\" sizes=\"(max-width: 300px) 100vw, 300px\" \/><\/a><\/td>\n<td style=\"width: 33.3333%\">&nbsp;<\/td>\n<\/tr>\n<tr>\n<td style=\"width: 33.3333%\">&nbsp;<\/td>\n<td style=\"width: 33.3333%\">&nbsp;<\/td>\n<td style=\"width: 33.3333%\">&nbsp;<\/td>\n<\/tr>\n<\/tbody>\n<\/table>\n<h4><strong>EL CONSUMO<\/strong><\/h4>\n<h4><a href=\"https:\/\/view.genially.com\/67b8e4fc872af7e19b359725\/interactive-content-66-consumo-responsable\"><img loading=\"lazy\" decoding=\"async\" class=\"alignnone wp-image-5438\" src=\"https:\/\/blogsaverroes.juntadeandalucia.es\/verainqueclase\/files\/2025\/02\/genially-consumo-responsable-300x173.jpg\" alt=\"\" width=\"1073\" height=\"619\" srcset=\"https:\/\/blogsaverroes.juntadeandalucia.es\/verainqueclase\/files\/2025\/02\/genially-consumo-responsable-300x173.jpg 300w, https:\/\/blogsaverroes.juntadeandalucia.es\/verainqueclase\/files\/2025\/02\/genially-consumo-responsable-1024x590.jpg 1024w, https:\/\/blogsaverroes.juntadeandalucia.es\/verainqueclase\/files\/2025\/02\/genially-consumo-responsable-768x442.jpg 768w, https:\/\/blogsaverroes.juntadeandalucia.es\/verainqueclase\/files\/2025\/02\/genially-consumo-responsable-700x403.jpg 700w, https:\/\/blogsaverroes.juntadeandalucia.es\/verainqueclase\/files\/2025\/02\/genially-consumo-responsable-332x191.jpg 332w, https:\/\/blogsaverroes.juntadeandalucia.es\/verainqueclase\/files\/2025\/02\/genially-consumo-responsable.jpg 1457w\" sizes=\"(max-width: 1073px) 100vw, 1073px\" \/><\/a><\/h4>\n<table style=\"border-collapse: collapse;width: 100%\">\n<tbody>\n<tr>\n<td style=\"width: 33.3333%\"><a href=\"https:\/\/www.mundoprimaria.com\/juegos-educativos\/jueg-soci-ves-18\"><img decoding=\"async\" src=\"https:\/\/blogsaverroes.juntadeandalucia.es\/verainqueclase\/files\/2023\/03\/juego-consumo-y-ahorro-300x162.jpg\"><\/a><\/td>\n<td style=\"width: 33.3333%\"><a href=\"https:\/\/www.mundoprimaria.com\/juegos-educativos\/jueg-soci-ves-19\"><img loading=\"lazy\" decoding=\"async\" class=\"alignnone size-medium wp-image-5440\" src=\"https:\/\/blogsaverroes.juntadeandalucia.es\/verainqueclase\/files\/2025\/02\/juego-la-publicidad-300x173.jpg\" alt=\"\" width=\"300\" height=\"173\" srcset=\"https:\/\/blogsaverroes.juntadeandalucia.es\/verainqueclase\/files\/2025\/02\/juego-la-publicidad-300x173.jpg 300w, https:\/\/blogsaverroes.juntadeandalucia.es\/verainqueclase\/files\/2025\/02\/juego-la-publicidad-1024x590.jpg 1024w, https:\/\/blogsaverroes.juntadeandalucia.es\/verainqueclase\/files\/2025\/02\/juego-la-publicidad-768x442.jpg 768w, https:\/\/blogsaverroes.juntadeandalucia.es\/verainqueclase\/files\/2025\/02\/juego-la-publicidad-700x403.jpg 700w, https:\/\/blogsaverroes.juntadeandalucia.es\/verainqueclase\/files\/2025\/02\/juego-la-publicidad-332x191.jpg 332w, https:\/\/blogsaverroes.juntadeandalucia.es\/verainqueclase\/files\/2025\/02\/juego-la-publicidad.jpg 1457w\" sizes=\"(max-width: 300px) 100vw, 300px\" \/><\/a><\/td>\n<td style=\"width: 33.3333%\">&nbsp;<\/td>\n<\/tr>\n<\/tbody>\n<\/table>\n<h4><strong>TIPOS DE EMPRESAS<\/strong><\/h4>\n<h4><a href=\"https:\/\/view.genially.com\/5fa7e79f316b3b0cf52da248\/horizontal-infographic-diagrams-tipos-de-empresas\"><img loading=\"lazy\" decoding=\"async\" class=\"\" src=\"https:\/\/blogsaverroes.juntadeandalucia.es\/verainqueclase\/files\/2020\/11\/genially-tipos-de-empresas-300x169.jpg\" width=\"943\" height=\"531\"><\/a><\/h4>\n<table style=\"border-collapse: collapse;width: 100%\">\n<tbody>\n<tr>\n<td style=\"width: 33.3333%\"><a href=\"https:\/\/www.mundoprimaria.com\/juegos-educativos\/jueg-soci-ves-20#google_vignette\"><img loading=\"lazy\" decoding=\"async\" class=\"alignnone size-medium wp-image-5443\" src=\"https:\/\/blogsaverroes.juntadeandalucia.es\/verainqueclase\/files\/2025\/02\/juego-empresas-300x173.jpg\" alt=\"\" width=\"300\" height=\"173\" srcset=\"https:\/\/blogsaverroes.juntadeandalucia.es\/verainqueclase\/files\/2025\/02\/juego-empresas-300x173.jpg 300w, https:\/\/blogsaverroes.juntadeandalucia.es\/verainqueclase\/files\/2025\/02\/juego-empresas-1024x590.jpg 1024w, https:\/\/blogsaverroes.juntadeandalucia.es\/verainqueclase\/files\/2025\/02\/juego-empresas-768x442.jpg 768w, https:\/\/blogsaverroes.juntadeandalucia.es\/verainqueclase\/files\/2025\/02\/juego-empresas-700x403.jpg 700w, https:\/\/blogsaverroes.juntadeandalucia.es\/verainqueclase\/files\/2025\/02\/juego-empresas-332x191.jpg 332w, https:\/\/blogsaverroes.juntadeandalucia.es\/verainqueclase\/files\/2025\/02\/juego-empresas.jpg 1457w\" sizes=\"(max-width: 300px) 100vw, 300px\" \/><\/a><\/td>\n<td style=\"width: 33.3333%\"><a href=\"https:\/\/view.genially.com\/67d14fe24b7f81f57639c727\/interactive-content-quiz-tipos-de-empresas\"><img loading=\"lazy\" decoding=\"async\" class=\"alignnone size-medium wp-image-5591\" src=\"https:\/\/blogsaverroes.juntadeandalucia.es\/verainqueclase\/files\/2025\/03\/juego-empresas-2-300x181.jpg\" alt=\"\" width=\"300\" height=\"181\" srcset=\"https:\/\/blogsaverroes.juntadeandalucia.es\/verainqueclase\/files\/2025\/03\/juego-empresas-2-300x181.jpg 300w, https:\/\/blogsaverroes.juntadeandalucia.es\/verainqueclase\/files\/2025\/03\/juego-empresas-2-1024x618.jpg 1024w, https:\/\/blogsaverroes.juntadeandalucia.es\/verainqueclase\/files\/2025\/03\/juego-empresas-2-768x464.jpg 768w, https:\/\/blogsaverroes.juntadeandalucia.es\/verainqueclase\/files\/2025\/03\/juego-empresas-2-700x423.jpg 700w, https:\/\/blogsaverroes.juntadeandalucia.es\/verainqueclase\/files\/2025\/03\/juego-empresas-2-332x200.jpg 332w, https:\/\/blogsaverroes.juntadeandalucia.es\/verainqueclase\/files\/2025\/03\/juego-empresas-2.jpg 1434w\" sizes=\"(max-width: 300px) 100vw, 300px\" \/><\/a><\/td>\n<td style=\"width: 33.3333%\">&nbsp;<\/td>\n<\/tr>\n<\/tbody>\n<\/table>\n<h4><strong>SECTORES ECON\u00d3MICOS<\/strong><\/h4>\n<p><a href=\"https:\/\/view.genially.com\/67b8f592872af7e19b3deea1\/horizontal-infographic-diagrams-66-sectores-economicos\"><img loading=\"lazy\" decoding=\"async\" class=\"alignnone wp-image-5445\" src=\"https:\/\/blogsaverroes.juntadeandalucia.es\/verainqueclase\/files\/2025\/02\/genially-sectores-economicos-300x173.jpg\" alt=\"\" width=\"964\" height=\"556\" srcset=\"https:\/\/blogsaverroes.juntadeandalucia.es\/verainqueclase\/files\/2025\/02\/genially-sectores-economicos-300x173.jpg 300w, https:\/\/blogsaverroes.juntadeandalucia.es\/verainqueclase\/files\/2025\/02\/genially-sectores-economicos-1024x590.jpg 1024w, https:\/\/blogsaverroes.juntadeandalucia.es\/verainqueclase\/files\/2025\/02\/genially-sectores-economicos-768x442.jpg 768w, https:\/\/blogsaverroes.juntadeandalucia.es\/verainqueclase\/files\/2025\/02\/genially-sectores-economicos-700x403.jpg 700w, https:\/\/blogsaverroes.juntadeandalucia.es\/verainqueclase\/files\/2025\/02\/genially-sectores-economicos-332x191.jpg 332w, https:\/\/blogsaverroes.juntadeandalucia.es\/verainqueclase\/files\/2025\/02\/genially-sectores-economicos.jpg 1457w\" sizes=\"(max-width: 964px) 100vw, 964px\" \/><\/a><\/p>\n<table style=\"border-collapse: collapse;width: 100%\">\n<tbody>\n<tr>\n<td style=\"width: 33.3333%\"><a href=\"https:\/\/www.mundoprimaria.com\/juegos-educativos\/jueg-soci-ves-16\"><img loading=\"lazy\" decoding=\"async\" class=\"alignnone size-medium wp-image-5446\" src=\"https:\/\/blogsaverroes.juntadeandalucia.es\/verainqueclase\/files\/2025\/02\/juego-sectores-300x173.jpg\" alt=\"\" width=\"300\" height=\"173\" srcset=\"https:\/\/blogsaverroes.juntadeandalucia.es\/verainqueclase\/files\/2025\/02\/juego-sectores-300x173.jpg 300w, https:\/\/blogsaverroes.juntadeandalucia.es\/verainqueclase\/files\/2025\/02\/juego-sectores-1024x590.jpg 1024w, https:\/\/blogsaverroes.juntadeandalucia.es\/verainqueclase\/files\/2025\/02\/juego-sectores-768x442.jpg 768w, https:\/\/blogsaverroes.juntadeandalucia.es\/verainqueclase\/files\/2025\/02\/juego-sectores-700x403.jpg 700w, https:\/\/blogsaverroes.juntadeandalucia.es\/verainqueclase\/files\/2025\/02\/juego-sectores-332x191.jpg 332w, https:\/\/blogsaverroes.juntadeandalucia.es\/verainqueclase\/files\/2025\/02\/juego-sectores.jpg 1457w\" sizes=\"(max-width: 300px) 100vw, 300px\" \/><\/a><\/td>\n<td style=\"width: 33.3333%\"><a href=\"https:\/\/www.mundoprimaria.com\/juegos-educativos\/jueg-soci-ves-25\"><img loading=\"lazy\" decoding=\"async\" class=\"alignnone size-medium wp-image-5447\" src=\"https:\/\/blogsaverroes.juntadeandalucia.es\/verainqueclase\/files\/2025\/02\/juego-sectores-2-300x173.jpg\" alt=\"\" width=\"300\" height=\"173\" srcset=\"https:\/\/blogsaverroes.juntadeandalucia.es\/verainqueclase\/files\/2025\/02\/juego-sectores-2-300x173.jpg 300w, https:\/\/blogsaverroes.juntadeandalucia.es\/verainqueclase\/files\/2025\/02\/juego-sectores-2-1024x590.jpg 1024w, https:\/\/blogsaverroes.juntadeandalucia.es\/verainqueclase\/files\/2025\/02\/juego-sectores-2-768x442.jpg 768w, https:\/\/blogsaverroes.juntadeandalucia.es\/verainqueclase\/files\/2025\/02\/juego-sectores-2-700x403.jpg 700w, https:\/\/blogsaverroes.juntadeandalucia.es\/verainqueclase\/files\/2025\/02\/juego-sectores-2-332x191.jpg 332w, https:\/\/blogsaverroes.juntadeandalucia.es\/verainqueclase\/files\/2025\/02\/juego-sectores-2.jpg 1457w\" sizes=\"(max-width: 300px) 100vw, 300px\" \/><\/a><\/td>\n<td style=\"width: 33.3333%\"><a href=\"https:\/\/view.genially.com\/67d3f377e2a276833d02410a\/interactive-content-los-sectores-economicos-en-espana\"><img loading=\"lazy\" decoding=\"async\" class=\"alignnone size-medium wp-image-5605\" src=\"https:\/\/blogsaverroes.juntadeandalucia.es\/verainqueclase\/files\/2025\/03\/juego-sectores-economicos-en-Espana-300x173.jpg\" alt=\"\" width=\"300\" height=\"173\" srcset=\"https:\/\/blogsaverroes.juntadeandalucia.es\/verainqueclase\/files\/2025\/03\/juego-sectores-economicos-en-Espana-300x173.jpg 300w, https:\/\/blogsaverroes.juntadeandalucia.es\/verainqueclase\/files\/2025\/03\/juego-sectores-economicos-en-Espana-1024x590.jpg 1024w, https:\/\/blogsaverroes.juntadeandalucia.es\/verainqueclase\/files\/2025\/03\/juego-sectores-economicos-en-Espana-768x443.jpg 768w, https:\/\/blogsaverroes.juntadeandalucia.es\/verainqueclase\/files\/2025\/03\/juego-sectores-economicos-en-Espana-700x403.jpg 700w, https:\/\/blogsaverroes.juntadeandalucia.es\/verainqueclase\/files\/2025\/03\/juego-sectores-economicos-en-Espana-332x191.jpg 332w, https:\/\/blogsaverroes.juntadeandalucia.es\/verainqueclase\/files\/2025\/03\/juego-sectores-economicos-en-Espana.jpg 1107w\" sizes=\"(max-width: 300px) 100vw, 300px\" \/><\/a><\/td>\n<\/tr>\n<tr>\n<td style=\"width: 33.3333%\">&nbsp;<\/td>\n<td style=\"width: 33.3333%\">&nbsp;<\/td>\n<td style=\"width: 33.3333%\">&nbsp;<\/td>\n<\/tr>\n<\/tbody>\n<\/table>\n<h4><strong>SECTORES ECON\u00d3MICOS EN ANDALUC\u00cdA<\/strong><\/h4>\n<p><a href=\"https:\/\/view.genially.com\/67b9ae4192a0ef5465f4bc1c\/horizontal-infographic-diagrams-66-sectores-economicos-andalucia\"><img loading=\"lazy\" decoding=\"async\" class=\"alignnone wp-image-5449\" src=\"https:\/\/blogsaverroes.juntadeandalucia.es\/verainqueclase\/files\/2025\/02\/genially-sectores-economicos-andalucia-300x167.jpg\" alt=\"\" width=\"875\" height=\"487\" srcset=\"https:\/\/blogsaverroes.juntadeandalucia.es\/verainqueclase\/files\/2025\/02\/genially-sectores-economicos-andalucia-300x167.jpg 300w, https:\/\/blogsaverroes.juntadeandalucia.es\/verainqueclase\/files\/2025\/02\/genially-sectores-economicos-andalucia-1024x570.jpg 1024w, https:\/\/blogsaverroes.juntadeandalucia.es\/verainqueclase\/files\/2025\/02\/genially-sectores-economicos-andalucia-768x427.jpg 768w, https:\/\/blogsaverroes.juntadeandalucia.es\/verainqueclase\/files\/2025\/02\/genially-sectores-economicos-andalucia-1536x855.jpg 1536w, https:\/\/blogsaverroes.juntadeandalucia.es\/verainqueclase\/files\/2025\/02\/genially-sectores-economicos-andalucia-700x389.jpg 700w, https:\/\/blogsaverroes.juntadeandalucia.es\/verainqueclase\/files\/2025\/02\/genially-sectores-economicos-andalucia-332x185.jpg 332w, https:\/\/blogsaverroes.juntadeandalucia.es\/verainqueclase\/files\/2025\/02\/genially-sectores-economicos-andalucia.jpg 1580w\" sizes=\"(max-width: 875px) 100vw, 875px\" \/><\/a><\/p>\n<table style=\"border-collapse: collapse;width: 100%\">\n<tbody>\n<tr>\n<td style=\"width: 33.3333%\"><a href=\"https:\/\/view.genially.com\/67d3f8f428fcf3ec346367dc\/interactive-content-los-sectores-economicos-en-andalucia\"><img loading=\"lazy\" decoding=\"async\" class=\"alignnone size-medium wp-image-5604\" src=\"https:\/\/blogsaverroes.juntadeandalucia.es\/verainqueclase\/files\/2025\/03\/juego-sectores-economicos-en-Andalucia-300x169.jpg\" alt=\"\" width=\"300\" height=\"169\" srcset=\"https:\/\/blogsaverroes.juntadeandalucia.es\/verainqueclase\/files\/2025\/03\/juego-sectores-economicos-en-Andalucia-300x169.jpg 300w, https:\/\/blogsaverroes.juntadeandalucia.es\/verainqueclase\/files\/2025\/03\/juego-sectores-economicos-en-Andalucia-1024x578.jpg 1024w, https:\/\/blogsaverroes.juntadeandalucia.es\/verainqueclase\/files\/2025\/03\/juego-sectores-economicos-en-Andalucia-768x434.jpg 768w, https:\/\/blogsaverroes.juntadeandalucia.es\/verainqueclase\/files\/2025\/03\/juego-sectores-economicos-en-Andalucia-700x393.jpg 700w, https:\/\/blogsaverroes.juntadeandalucia.es\/verainqueclase\/files\/2025\/03\/juego-sectores-economicos-en-Andalucia-332x187.jpg 332w, https:\/\/blogsaverroes.juntadeandalucia.es\/verainqueclase\/files\/2025\/03\/juego-sectores-economicos-en-Andalucia.jpg 1045w\" sizes=\"(max-width: 300px) 100vw, 300px\" \/><\/a><\/td>\n<td style=\"width: 33.3333%\">&nbsp;<\/td>\n<td style=\"width: 33.3333%\">&nbsp;<\/td>\n<\/tr>\n<\/tbody>\n<\/table>\n<h4><strong>SECTORES ECON\u00d3MICOS EN EUROPA<\/strong><\/h4>\n<p><a href=\"https:\/\/view.genially.com\/67b9b9d97a8417fe08022645\/horizontal-infographic-diagrams-sectores-economicos-de-europa\"><img loading=\"lazy\" decoding=\"async\" class=\"alignnone wp-image-5451\" src=\"https:\/\/blogsaverroes.juntadeandalucia.es\/verainqueclase\/files\/2025\/02\/genially-sectores-economicos-europa-300x167.jpg\" alt=\"\" width=\"956\" height=\"532\" srcset=\"https:\/\/blogsaverroes.juntadeandalucia.es\/verainqueclase\/files\/2025\/02\/genially-sectores-economicos-europa-300x167.jpg 300w, https:\/\/blogsaverroes.juntadeandalucia.es\/verainqueclase\/files\/2025\/02\/genially-sectores-economicos-europa-1024x570.jpg 1024w, https:\/\/blogsaverroes.juntadeandalucia.es\/verainqueclase\/files\/2025\/02\/genially-sectores-economicos-europa-768x427.jpg 768w, https:\/\/blogsaverroes.juntadeandalucia.es\/verainqueclase\/files\/2025\/02\/genially-sectores-economicos-europa-1536x855.jpg 1536w, https:\/\/blogsaverroes.juntadeandalucia.es\/verainqueclase\/files\/2025\/02\/genially-sectores-economicos-europa-700x389.jpg 700w, https:\/\/blogsaverroes.juntadeandalucia.es\/verainqueclase\/files\/2025\/02\/genially-sectores-economicos-europa-332x185.jpg 332w, https:\/\/blogsaverroes.juntadeandalucia.es\/verainqueclase\/files\/2025\/02\/genially-sectores-economicos-europa.jpg 1580w\" sizes=\"(max-width: 956px) 100vw, 956px\" \/><\/a><\/p>\n<table style=\"border-collapse: collapse;width: 100%\">\n<tbody>\n<tr>\n<td style=\"width: 33.3333%\"><a href=\"https:\/\/www.mundoprimaria.com\/juegos-educativos\/jueg-soci-ves-25\"><img loading=\"lazy\" decoding=\"async\" class=\"alignnone size-medium wp-image-5447\" src=\"https:\/\/blogsaverroes.juntadeandalucia.es\/verainqueclase\/files\/2025\/02\/juego-sectores-2-300x173.jpg\" alt=\"\" width=\"300\" height=\"173\" srcset=\"https:\/\/blogsaverroes.juntadeandalucia.es\/verainqueclase\/files\/2025\/02\/juego-sectores-2-300x173.jpg 300w, https:\/\/blogsaverroes.juntadeandalucia.es\/verainqueclase\/files\/2025\/02\/juego-sectores-2-1024x590.jpg 1024w, https:\/\/blogsaverroes.juntadeandalucia.es\/verainqueclase\/files\/2025\/02\/juego-sectores-2-768x442.jpg 768w, https:\/\/blogsaverroes.juntadeandalucia.es\/verainqueclase\/files\/2025\/02\/juego-sectores-2-700x403.jpg 700w, https:\/\/blogsaverroes.juntadeandalucia.es\/verainqueclase\/files\/2025\/02\/juego-sectores-2-332x191.jpg 332w, https:\/\/blogsaverroes.juntadeandalucia.es\/verainqueclase\/files\/2025\/02\/juego-sectores-2.jpg 1457w\" sizes=\"(max-width: 300px) 100vw, 300px\" \/><\/a><\/td>\n<td style=\"width: 33.3333%\"><a href=\"https:\/\/view.genially.com\/67d7edab56592459f76a63d3\/interactive-content-quiz-sectores-economicos-en-europa\"><img loading=\"lazy\" decoding=\"async\" class=\"alignnone size-medium wp-image-5607\" src=\"https:\/\/blogsaverroes.juntadeandalucia.es\/verainqueclase\/files\/2025\/03\/juego-sectores-economicos-en-Europa-300x172.jpg\" alt=\"\" width=\"300\" height=\"172\" srcset=\"https:\/\/blogsaverroes.juntadeandalucia.es\/verainqueclase\/files\/2025\/03\/juego-sectores-economicos-en-Europa-300x172.jpg 300w, https:\/\/blogsaverroes.juntadeandalucia.es\/verainqueclase\/files\/2025\/03\/juego-sectores-economicos-en-Europa-1024x586.jpg 1024w, https:\/\/blogsaverroes.juntadeandalucia.es\/verainqueclase\/files\/2025\/03\/juego-sectores-economicos-en-Europa-768x440.jpg 768w, https:\/\/blogsaverroes.juntadeandalucia.es\/verainqueclase\/files\/2025\/03\/juego-sectores-economicos-en-Europa-700x401.jpg 700w, https:\/\/blogsaverroes.juntadeandalucia.es\/verainqueclase\/files\/2025\/03\/juego-sectores-economicos-en-Europa-332x190.jpg 332w, https:\/\/blogsaverroes.juntadeandalucia.es\/verainqueclase\/files\/2025\/03\/juego-sectores-economicos-en-Europa.jpg 1079w\" sizes=\"(max-width: 300px) 100vw, 300px\" \/><\/a><\/td>\n<td style=\"width: 33.3333%\">&nbsp;<\/td>\n<\/tr>\n<\/tbody>\n<\/table>\n<p>&nbsp;<\/p>\n<p>&nbsp;<\/p>\n<p>&nbsp;<\/p>\n","protected":false},"excerpt":{"rendered":"<p>Terminamos el segundo trimestre con una unidad de la que ya sabemos algunas cosas, los sectores econ\u00f3micos: La actividad econ\u00f3mica y los tipos de gastos. El consumo. Caracter\u00edsticas y Derechos y Deberes. Tipos de&#46;&#46;&#46;<\/p>\n","protected":false},"author":10823,"featured_media":5024,"parent":0,"menu_order":0,"comment_status":"closed","ping_status":"closed","template":"","meta":{"ngg_post_thumbnail":0,"footnotes":""},"aioseo_notices":[],"_links":{"self":[{"href":"https:\/\/blogsaverroes.juntadeandalucia.es\/verainqueclase\/wp-json\/wp\/v2\/pages\/5023"}],"collection":[{"href":"https:\/\/blogsaverroes.juntadeandalucia.es\/verainqueclase\/wp-json\/wp\/v2\/pages"}],"about":[{"href":"https:\/\/blogsaverroes.juntadeandalucia.es\/verainqueclase\/wp-json\/wp\/v2\/types\/page"}],"author":[{"embeddable":true,"href":"https:\/\/blogsaverroes.juntadeandalucia.es\/verainqueclase\/wp-json\/wp\/v2\/users\/10823"}],"replies":[{"embeddable":true,"href":"https:\/\/blogsaverroes.juntadeandalucia.es\/verainqueclase\/wp-json\/wp\/v2\/comments?post=5023"}],"version-history":[{"count":16,"href":"https:\/\/blogsaverroes.juntadeandalucia.es\/verainqueclase\/wp-json\/wp\/v2\/pages\/5023\/revisions"}],"predecessor-version":[{"id":5608,"href":"https:\/\/blogsaverroes.juntadeandalucia.es\/verainqueclase\/wp-json\/wp\/v2\/pages\/5023\/revisions\/5608"}],"wp:featuredmedia":[{"embeddable":true,"href":"https:\/\/blogsaverroes.juntadeandalucia.es\/verainqueclase\/wp-json\/wp\/v2\/media\/5024"}],"wp:attachment":[{"href":"https:\/\/blogsaverroes.juntadeandalucia.es\/verainqueclase\/wp-json\/wp\/v2\/media?parent=5023"}],"curies":[{"name":"wp","href":"https:\/\/api.w.org\/{rel}","templated":true}]}}