{"id":2572,"date":"2023-05-23T14:47:36","date_gmt":"2023-05-23T14:47:36","guid":{"rendered":"https:\/\/blogsaverroes.juntadeandalucia.es\/vicentealeixandre\/?page_id=2572"},"modified":"2023-05-23T15:47:56","modified_gmt":"2023-05-23T15:47:56","slug":"acompanamiento","status":"publish","type":"page","link":"https:\/\/blogsaverroes.juntadeandalucia.es\/vicentealeixandre\/acompanamiento\/","title":{"rendered":"Acompa\u00f1amiento Escolar"},"content":{"rendered":"<p><a href=\"https:\/\/blogsaverroes.juntadeandalucia.es\/vicentealeixandre\/files\/2023\/05\/logos_PROA.png\"><img loading=\"lazy\" decoding=\"async\" class=\"alignnone size-medium wp-image-2576\" src=\"https:\/\/blogsaverroes.juntadeandalucia.es\/vicentealeixandre\/files\/2023\/05\/logos_PROA-300x81.png\" alt=\"\" width=\"300\" height=\"81\" srcset=\"https:\/\/blogsaverroes.juntadeandalucia.es\/vicentealeixandre\/files\/2023\/05\/logos_PROA-300x81.png 300w, https:\/\/blogsaverroes.juntadeandalucia.es\/vicentealeixandre\/files\/2023\/05\/logos_PROA-768x208.png 768w, https:\/\/blogsaverroes.juntadeandalucia.es\/vicentealeixandre\/files\/2023\/05\/logos_PROA.png 1000w\" sizes=\"(max-width: 300px) 100vw, 300px\" \/><\/a><\/p>\n<p>El Acompa\u00f1amiento Escolar es una actuaci\u00f3n dirigida a mejorar la adquisici\u00f3n de las competencias clave, especialmente en comunicaci\u00f3n ling\u00fc\u00edstica y razonamiento matem\u00e1tico, del alumnado con necesidades espec\u00edficas de apoyo educativo que precisa acciones de car\u00e1cter compensatorio.<br \/>\nPor tanto, se concibe como una medida motivadora, a la vez que favorecedora del \u00e9xito escolar, as\u00ed como una importante v\u00eda para la prevenci\u00f3n del absentismo y abandono escolar temprano.<\/p>\n<p><strong>Est\u00e1 dirigido al alumnado de 3\u00ba a 6\u00ba de primaria y se imparte martes y jueves de 16:00 a 18:00 horas.<\/strong><\/p>\n<p>La fecha de inicio del Programa ser\u00e1 el 18 de octubre de 2022 (excepcionalmente, se podr\u00e1 autorizar el inicio de Acompa\u00f1amiento Escolar Domiciliario antes de dicha fecha). Previamente, la Direcci\u00f3n General de Ordenaci\u00f3n, Inclusi\u00f3n, Participaci\u00f3n y Evaluaci\u00f3n Educativa, comunicar\u00e1 a los centros docentes la<br \/>\nautorizaci\u00f3n de grupos y actuaciones del Programa.&nbsp;<br \/>\nLa fecha de finalizaci\u00f3n del Acompa\u00f1amiento Escolar ser\u00e1 el 31 de mayo de 2023.<\/p>\n","protected":false},"excerpt":{"rendered":"<p>El Acompa\u00f1amiento Escolar es una actuaci\u00f3n dirigida a mejorar la adquisici\u00f3n de las competencias clave, especialmente en comunicaci\u00f3n ling\u00fc\u00edstica y razonamiento matem\u00e1tico, del alumnado con necesidades espec\u00edficas de apoyo educativo que precisa acciones de car\u00e1cter compensatorio. Por tanto, se concibe como una medida motivadora, a la vez que favorecedora del \u00e9xito escolar, as\u00ed como una &hellip; <\/p>\n<p><a class=\"more-link btn\" href=\"https:\/\/blogsaverroes.juntadeandalucia.es\/vicentealeixandre\/acompanamiento\/\">Seguir leyendo<\/a><\/p>\n","protected":false},"author":8121,"featured_media":0,"parent":0,"menu_order":0,"comment_status":"closed","ping_status":"closed","template":"","meta":{"ngg_post_thumbnail":0,"footnotes":"","_mc_calendar":[]},"aioseo_notices":[],"_links":{"self":[{"href":"https:\/\/blogsaverroes.juntadeandalucia.es\/vicentealeixandre\/wp-json\/wp\/v2\/pages\/2572"}],"collection":[{"href":"https:\/\/blogsaverroes.juntadeandalucia.es\/vicentealeixandre\/wp-json\/wp\/v2\/pages"}],"about":[{"href":"https:\/\/blogsaverroes.juntadeandalucia.es\/vicentealeixandre\/wp-json\/wp\/v2\/types\/page"}],"author":[{"embeddable":true,"href":"https:\/\/blogsaverroes.juntadeandalucia.es\/vicentealeixandre\/wp-json\/wp\/v2\/users\/8121"}],"replies":[{"embeddable":true,"href":"https:\/\/blogsaverroes.juntadeandalucia.es\/vicentealeixandre\/wp-json\/wp\/v2\/comments?post=2572"}],"version-history":[{"count":8,"href":"https:\/\/blogsaverroes.juntadeandalucia.es\/vicentealeixandre\/wp-json\/wp\/v2\/pages\/2572\/revisions"}],"predecessor-version":[{"id":2583,"href":"https:\/\/blogsaverroes.juntadeandalucia.es\/vicentealeixandre\/wp-json\/wp\/v2\/pages\/2572\/revisions\/2583"}],"wp:attachment":[{"href":"https:\/\/blogsaverroes.juntadeandalucia.es\/vicentealeixandre\/wp-json\/wp\/v2\/media?parent=2572"}],"curies":[{"name":"wp","href":"https:\/\/api.w.org\/{rel}","templated":true}]}}