{"id":871,"date":"2015-03-16T07:25:46","date_gmt":"2015-03-16T07:25:46","guid":{"rendered":"http:\/\/blogsaverroes.juntadeandalucia.es\/pre\/ceip\/?page_id=106"},"modified":"2020-09-27T10:48:30","modified_gmt":"2020-09-27T10:48:30","slug":"actividades-extraescolares","status":"publish","type":"page","link":"https:\/\/blogsaverroes.juntadeandalucia.es\/vicentealeixandre\/actividades-extraescolares\/","title":{"rendered":"Actividades extraescolares"},"content":{"rendered":"<p style=\"text-align: left\"><a href=\"https:\/\/blogsaverroes.juntadeandalucia.es\/vicentealeixandre\/files\/2015\/03\/talleres.jpg\"><img loading=\"lazy\" decoding=\"async\" class=\" alignnone wp-image-228 size-medium alignleft\" src=\"https:\/\/blogsaverroes.juntadeandalucia.es\/vicentealeixandre\/files\/2015\/03\/talleres-300x199.jpg\" alt=\"\" width=\"300\" height=\"199\" srcset=\"https:\/\/blogsaverroes.juntadeandalucia.es\/vicentealeixandre\/files\/2015\/03\/talleres-300x199.jpg 300w, https:\/\/blogsaverroes.juntadeandalucia.es\/vicentealeixandre\/files\/2015\/03\/talleres-1024x682.jpg 1024w, https:\/\/blogsaverroes.juntadeandalucia.es\/vicentealeixandre\/files\/2015\/03\/talleres.jpg 1280w\" sizes=\"(max-width: 300px) 100vw, 300px\" \/><\/a>Las actividades extraescolares tienen lugar en horario de tarde, hasta las 18.00, y abarcan aspectos como la lectura, el deporte, la m\u00fasica, la inform\u00e1tica, los idiomas, la danza o el teatro, entre otras actividades l\u00fadicas y formativas.<\/p>\n<p>Para hacer posible la realizaci\u00f3n de estas actividades fuera del horario lectivo, los centros pueden abrir sus instalaciones hasta las 18.00 todos los d\u00edas lectivos con excepci\u00f3n de los viernes, en los que el cierre se establece a las 16.00.<\/p>\n<p><strong><u>ACTIVIDADES EXTRAESCOLARES DEL CEIP VICENTE ALEIXANDRE<\/u><\/strong><\/p>\n<p>A partir del pr\u00f3ximo 5 de octubre comienzan las actividades extraescolares de nuestro centro.<\/p>\n<p>Debido a la actual situaci\u00f3n y para cumplir con el protocolo desarrollado en nuestro centro, hemos reducido el n\u00famero de actividades extraescolares.<\/p>\n<p>Las personas que en su d\u00eda solicitaron las actividades que no se van a impartir NO tienen que acudir a Secretar\u00eda a rellenar ning\u00fan documento; pues se les da autom\u00e1ticamente de baja.<\/p>\n<p>Las actividades que s\u00ed se impartir\u00e1n y los horarios de las mismas ser\u00e1n los siguientes:<\/p>\n<p>&nbsp;<\/p>\n<ul>\n<li><strong><u>INGL\u00c9S 1\u00ba Y 2\u00ba<\/u><\/strong>: Lunes y Mi\u00e9rcoles de 16:00 a 17:00 horas. Aula de 4\u00baC (Prefabricada que hay frente a la entrada principal). (Profesora Luc\u00eda Ramos)<\/li>\n<li><strong><u>INGL\u00c9S 3\u00ba Y 4\u00ba:<\/u><\/strong> Lunes y Mi\u00e9rcoles de 16:00 a 17:00 horas. Aula de 4\u00baD (Prefabricada que hay frente a la entrada principal). (Profesor Juan Antonio)<\/li>\n<li><strong><u>INGL\u00c9S 5\u00ba Y 6\u00ba:<\/u><\/strong> Lunes y Mi\u00e9rcoles de 16:00 a 17:00 horas Aula de 6\u00baB (Prefabricada del fondo del patio) (Profesora Bel\u00e9n Romero)<\/li>\n<li><strong><u>ZUMBA INFANTIL:<\/u><\/strong> Lunes y Mi\u00e9rcoles de 16:00 a 17:00 horas. Patio del edificio de Direcci\u00f3n (Profesora Pepi Espartero)<\/li>\n<li><strong><u>ZUMBA PRIMARIA<\/u><\/strong>: Lunes y Mi\u00e9rcoles de 17:00 a 18:00 horas. Patio del edificio de Direcci\u00f3n (profesora Pepi Espartero)<\/li>\n<\/ul>\n<p>&nbsp;<\/p>\n<p>Igualmente les informamos que durante el presente curso escolar todas las actividades extraescolares se efectuar\u00e1n en el edificio de Direcci\u00f3n. Por tanto, todos los alumnos entrar\u00e1n y saldr\u00e1n por la puerta principal del edificio de Direcci\u00f3n.<\/p>\n<p>Rogamos acuda un solo familiar tanto a la entrada como a la salida de las actividades, se eviten aglomeraciones y se sigan las indicaciones de las personas responsables de estas actividades.<\/p>\n<p>El alumnado de comedor ser\u00e1 trasladado hasta las aulas donde se impartir\u00e1n las clases por parte de los monitores de comedor y de las actividades.<\/p>\n","protected":false},"excerpt":{"rendered":"<p>Las actividades extraescolares tienen lugar en horario de tarde, hasta las 18.00, y abarcan aspectos como la lectura, el deporte, la m\u00fasica, la inform\u00e1tica, los idiomas, la danza o el teatro, entre otras actividades l\u00fadicas y formativas. Para hacer posible la realizaci\u00f3n de estas actividades fuera del horario lectivo, los centros pueden abrir sus instalaciones &hellip; <\/p>\n<p><a class=\"more-link btn\" href=\"https:\/\/blogsaverroes.juntadeandalucia.es\/vicentealeixandre\/actividades-extraescolares\/\">Seguir leyendo<\/a><\/p>\n","protected":false},"author":1,"featured_media":0,"parent":0,"menu_order":0,"comment_status":"closed","ping_status":"open","template":"page-cs.php","meta":{"ngg_post_thumbnail":0,"footnotes":"","_mc_calendar":[]},"aioseo_notices":[],"_links":{"self":[{"href":"https:\/\/blogsaverroes.juntadeandalucia.es\/vicentealeixandre\/wp-json\/wp\/v2\/pages\/871"}],"collection":[{"href":"https:\/\/blogsaverroes.juntadeandalucia.es\/vicentealeixandre\/wp-json\/wp\/v2\/pages"}],"about":[{"href":"https:\/\/blogsaverroes.juntadeandalucia.es\/vicentealeixandre\/wp-json\/wp\/v2\/types\/page"}],"author":[{"embeddable":true,"href":"https:\/\/blogsaverroes.juntadeandalucia.es\/vicentealeixandre\/wp-json\/wp\/v2\/users\/1"}],"replies":[{"embeddable":true,"href":"https:\/\/blogsaverroes.juntadeandalucia.es\/vicentealeixandre\/wp-json\/wp\/v2\/comments?post=871"}],"version-history":[{"count":8,"href":"https:\/\/blogsaverroes.juntadeandalucia.es\/vicentealeixandre\/wp-json\/wp\/v2\/pages\/871\/revisions"}],"predecessor-version":[{"id":2244,"href":"https:\/\/blogsaverroes.juntadeandalucia.es\/vicentealeixandre\/wp-json\/wp\/v2\/pages\/871\/revisions\/2244"}],"wp:attachment":[{"href":"https:\/\/blogsaverroes.juntadeandalucia.es\/vicentealeixandre\/wp-json\/wp\/v2\/media?parent=871"}],"curies":[{"name":"wp","href":"https:\/\/api.w.org\/{rel}","templated":true}]}}

<p style="text-align: left"><a href="https://blogsaverroes.juntadeandalucia.es/vicentealeixandre/files/2015/03/talleres.jpg"><img loading="lazy" decoding="async" class=" alignnone wp-image-228 size-medium alignleft" src="https://blogsaverroes.juntadeandalucia.es/vicentealeixandre/files/2015/03/talleres-300x199.jpg" alt="" width="300" height="199" srcset="https://blogsaverroes.juntadeandalucia.es/vicentealeixandre/files/2015/03/talleres-300x199.jpg 300w, https://blogsaverroes.juntadeandalucia.es/vicentealeixandre/files/2015/03/talleres-1024x682.jpg 1024w, https://blogsaverroes.juntadeandalucia.es/vicentealeixandre/files/2015/03/talleres.jpg 1280w" sizes="(max-width: 300px) 100vw, 300px" /></a>Las actividades extraescolares tienen lugar en horario de tarde, hasta las 18.00, y abarcan aspectos como la lectura, el deporte, la música, la informática, los idiomas, la danza o el teatro, entre otras actividades lúdicas y formativas.</p>
<p>Para hacer posible la realización de estas actividades fuera del horario lectivo, los centros pueden abrir sus instalaciones hasta las 18.00 todos los días lectivos con excepción de los viernes, en los que el cierre se establece a las 16.00.</p>
<p><strong><u>ACTIVIDADES EXTRAESCOLARES DEL CEIP VICENTE ALEIXANDRE</u></strong></p>
<p>A partir del próximo 5 de octubre comienzan las actividades extraescolares de nuestro centro.</p>
<p>Debido a la actual situación y para cumplir con el protocolo desarrollado en nuestro centro, hemos reducido el número de actividades extraescolares.</p>
<p>Las personas que en su día solicitaron las actividades que no se van a impartir NO tienen que acudir a Secretaría a rellenar ningún documento; pues se les da automáticamente de baja.</p>
<p>Las actividades que sí se impartirán y los horarios de las mismas serán los siguientes:</p>
<p>&nbsp;</p>
<ul>
<li><strong><u>INGLÉS 1º Y 2º</u></strong>: Lunes y Miércoles de 16:00 a 17:00 horas. Aula de 4ºC (Prefabricada que hay frente a la entrada principal). (Profesora Lucía Ramos)</li>
<li><strong><u>INGLÉS 3º Y 4º:</u></strong> Lunes y Miércoles de 16:00 a 17:00 horas. Aula de 4ºD (Prefabricada que hay frente a la entrada principal). (Profesor Juan Antonio)</li>
<li><strong><u>INGLÉS 5º Y 6º:</u></strong> Lunes y Miércoles de 16:00 a 17:00 horas Aula de 6ºB (Prefabricada del fondo del patio) (Profesora Belén Romero)</li>
<li><strong><u>ZUMBA INFANTIL:</u></strong> Lunes y Miércoles de 16:00 a 17:00 horas. Patio del edificio de Dirección (Profesora Pepi Espartero)</li>
<li><strong><u>ZUMBA PRIMARIA</u></strong>: Lunes y Miércoles de 17:00 a 18:00 horas. Patio del edificio de Dirección (profesora Pepi Espartero)</li>
</ul>
<p>&nbsp;</p>
<p>Igualmente les informamos que durante el presente curso escolar todas las actividades extraescolares se efectuarán en el edificio de Dirección. Por tanto, todos los alumnos entrarán y saldrán por la puerta principal del edificio de Dirección.</p>
<p>Rogamos acuda un solo familiar tanto a la entrada como a la salida de las actividades, se eviten aglomeraciones y se sigan las indicaciones de las personas responsables de estas actividades.</p>
<p>El alumnado de comedor será trasladado hasta las aulas donde se impartirán las clases por parte de los monitores de comedor y de las actividades.</p>

<p>Las actividades extraescolares tienen lugar en horario de tarde, hasta las 18.00, y abarcan aspectos como la lectura, el deporte, la música, la informática, los idiomas, la danza o el teatro, entre otras actividades lúdicas y formativas. Para hacer posible la realización de estas actividades fuera del horario lectivo, los centros pueden abrir sus instalaciones &hellip; </p>
<p><a class="more-link btn" href="https://blogsaverroes.juntadeandalucia.es/vicentealeixandre/actividades-extraescolares/">Seguir leyendo</a></p>
