{"id":2,"date":"2019-01-16T14:45:26","date_gmt":"2019-01-16T14:45:26","guid":{"rendered":"https:\/\/blogsaverroes.juntadeandalucia.es\/violacazorla\/?page_id=2"},"modified":"2019-02-08T09:17:44","modified_gmt":"2019-02-08T08:17:44","slug":"sobremi","status":"publish","type":"page","link":"https:\/\/blogsaverroes.juntadeandalucia.es\/violacazorla\/sobremi\/","title":{"rendered":"Sobre m\u00ed&#8230;"},"content":{"rendered":"<p style=\"text-align: justify\"><img loading=\"lazy\" decoding=\"async\" class=\" wp-image-136 alignleft\" src=\"https:\/\/blogsaverroes.juntadeandalucia.es\/violacazorla\/files\/2019\/01\/Kike-278x300.jpg\" alt=\"\" width=\"205\" height=\"222\" srcset=\"https:\/\/blogsaverroes.juntadeandalucia.es\/violacazorla\/files\/2019\/01\/Kike-278x300.jpg 278w, https:\/\/blogsaverroes.juntadeandalucia.es\/violacazorla\/files\/2019\/01\/Kike-768x829.jpg 768w, https:\/\/blogsaverroes.juntadeandalucia.es\/violacazorla\/files\/2019\/01\/Kike-949x1024.jpg 949w, https:\/\/blogsaverroes.juntadeandalucia.es\/violacazorla\/files\/2019\/01\/Kike-22x24.jpg 22w, https:\/\/blogsaverroes.juntadeandalucia.es\/violacazorla\/files\/2019\/01\/Kike-33x36.jpg 33w, https:\/\/blogsaverroes.juntadeandalucia.es\/violacazorla\/files\/2019\/01\/Kike-44x48.jpg 44w, https:\/\/blogsaverroes.juntadeandalucia.es\/violacazorla\/files\/2019\/01\/Kike.jpg 962w\" sizes=\"(max-width: 205px) 100vw, 205px\" \/>Hola me llamo Kike y nac\u00ed en Tavernes de la Valdigna (Valencia) el 12 de Junio de 1978. Empec\u00e9 a estudiar viola en 1993 en mi pueblo, con mi primer profesor, David Fons Callej\u00f3n con el que hice el grado elemental<\/p>\n<p style=\"text-align: justify\">Despu\u00e9s estudi\u00e9 en el Conservatorio profesional \u201cMestre Vert\u201d de Carcaixent con los profesores: Miquel Pina y Luis Roig Cerver\u00f3, all\u00ed obtuve el t\u00edtulo de profesor de viola en junio de 2001.<\/p>\n<p style=\"text-align: justify\">Finalmente consegu\u00ed el t\u00edtulo superior en junio de 2006 en el Conservatorio Superior \u201cJoaqu\u00edn Rodrigo\u201dde Valencia con el profesor Pablo Garc\u00eda.<\/p>\n<p style=\"text-align: justify\">He estudiado con profesores como: Luis Roig, Sefa Lafarga, Oleg Lef o J. Levine. Tambi\u00e9n ha realizado cursos de \u201cT\u00e9cnica Alexander\u201d de \u201cT\u00e9cnicas de control de ansiedad\u201d, y de pedagog\u00eda instrumental, este \u00faltimo con la violinista catalana Ana Baguet.<\/p>\n<p style=\"text-align: justify\">He sido miembro de la Orquesta de Tavernes de la Valldigna, tambi\u00e9n de la Orquesta Filarm\u00f3nica de la Universidad de Valencia, actuando en salas como: Auditori de Barcelona, Auditori de Zaragoza, Palau de la M\u00fasica de Valencia, Mozarteum de Salzburgo, entre otras. Adem\u00e1s; tambi\u00e9n he colaborado con orquestas como la Orquesta \u201cCiutat de Torrent\u201d, Orquesta de la \u201cM\u00fasica Vella\u201d de X\u00e0tiva, Orquesta de C\u00e1mara de la Fundaci\u00f3 \u201cPau Casals\u201d de Carcaixent o la Orquesta de \u201cla Uni\u00f3 Musical\u201d de Ll\u00edria, con la que realizamos un proyecto humanitario que se llam\u00f3 \u201cSembrando M\u00fasica\u201d en Cuba, en julio de 2005.<\/p>\n<p style=\"text-align: justify\">Actualmente soy profesor de viola en el Conservatorio \u201cMaestro Paterna\u201d de Cazorla, Ja\u00e9n, donde saqu\u00e9 la plaza por oposici\u00f3n en el a\u00f1o 2010.&nbsp;&nbsp;&nbsp;&nbsp;&nbsp;&nbsp;<\/p>\n<p style=\"text-align: justify\"><span style=\"text-decoration: underline\"><strong>Puedes localizarme a trav\u00e9s del de:<\/strong><\/span><\/p>\n<p><a href=\"mailto:simatetruque@gmail.com\"><img loading=\"lazy\" decoding=\"async\" class=\"alignnone \" src=\"https:\/\/www.tuexperto.com\/wp-content\/uploads\/2018\/09\/gmail.png\" width=\"84\" height=\"52\"><\/a> <a href=\"https:\/\/www.facebook.com\/conservatoriocazorla\/\"><img loading=\"lazy\" decoding=\"async\" class=\"alignnone \" src=\"http:\/\/pngimg.com\/uploads\/facebook_logos\/facebook_logos_PNG19751.png\" width=\"74\" height=\"55\"><\/a>&nbsp;&nbsp;<a href=\"https:\/\/twitter.com\/CazorlaViola\"><img loading=\"lazy\" decoding=\"async\" class=\"alignnone \" src=\"http:\/\/chittagongit.com\/\/images\/twitter-app-icon-png\/twitter-app-icon-png-1.jpg\" width=\"54\" height=\"54\"><\/a>&nbsp;&nbsp;&nbsp; <a href=\"https:\/\/goo.gl\/maps\/F91VQkhY8vN2\"><img loading=\"lazy\" decoding=\"async\" class=\"alignnone \" src=\"http:\/\/www.pngall.com\/wp-content\/uploads\/2017\/05\/Map-Marker-PNG-Picture.png\" width=\"54\" height=\"54\"><\/a><\/p>\n","protected":false},"excerpt":{"rendered":"<p>Hola me llamo Kike y nac\u00ed en Tavernes de la Valdigna (Valencia) el 12 de Junio de 1978. Empec\u00e9 a estudiar viola en 1993 en mi pueblo, con mi primer profesor, David&#46;&#46;&#46;<\/p>\n","protected":false},"author":6959,"featured_media":0,"parent":0,"menu_order":0,"comment_status":"closed","ping_status":"open","template":"","meta":{"ngg_post_thumbnail":0,"footnotes":""},"aioseo_notices":[],"_links":{"self":[{"href":"https:\/\/blogsaverroes.juntadeandalucia.es\/violacazorla\/wp-json\/wp\/v2\/pages\/2"}],"collection":[{"href":"https:\/\/blogsaverroes.juntadeandalucia.es\/violacazorla\/wp-json\/wp\/v2\/pages"}],"about":[{"href":"https:\/\/blogsaverroes.juntadeandalucia.es\/violacazorla\/wp-json\/wp\/v2\/types\/page"}],"author":[{"embeddable":true,"href":"https:\/\/blogsaverroes.juntadeandalucia.es\/violacazorla\/wp-json\/wp\/v2\/users\/6959"}],"replies":[{"embeddable":true,"href":"https:\/\/blogsaverroes.juntadeandalucia.es\/violacazorla\/wp-json\/wp\/v2\/comments?post=2"}],"version-history":[{"count":3,"href":"https:\/\/blogsaverroes.juntadeandalucia.es\/violacazorla\/wp-json\/wp\/v2\/pages\/2\/revisions"}],"predecessor-version":[{"id":191,"href":"https:\/\/blogsaverroes.juntadeandalucia.es\/violacazorla\/wp-json\/wp\/v2\/pages\/2\/revisions\/191"}],"wp:attachment":[{"href":"https:\/\/blogsaverroes.juntadeandalucia.es\/violacazorla\/wp-json\/wp\/v2\/media?parent=2"}],"curies":[{"name":"wp","href":"https:\/\/api.w.org\/{rel}","templated":true}]}}

Sobre mí&#8230;

<p style="text-align: justify"><img loading="lazy" decoding="async" class=" wp-image-136 alignleft" src="https://blogsaverroes.juntadeandalucia.es/violacazorla/files/2019/01/Kike-278x300.jpg" alt="" width="205" height="222" srcset="https://blogsaverroes.juntadeandalucia.es/violacazorla/files/2019/01/Kike-278x300.jpg 278w, https://blogsaverroes.juntadeandalucia.es/violacazorla/files/2019/01/Kike-768x829.jpg 768w, https://blogsaverroes.juntadeandalucia.es/violacazorla/files/2019/01/Kike-949x1024.jpg 949w, https://blogsaverroes.juntadeandalucia.es/violacazorla/files/2019/01/Kike-22x24.jpg 22w, https://blogsaverroes.juntadeandalucia.es/violacazorla/files/2019/01/Kike-33x36.jpg 33w, https://blogsaverroes.juntadeandalucia.es/violacazorla/files/2019/01/Kike-44x48.jpg 44w, https://blogsaverroes.juntadeandalucia.es/violacazorla/files/2019/01/Kike.jpg 962w" sizes="(max-width: 205px) 100vw, 205px" />Hola me llamo Kike y nací en Tavernes de la Valdigna (Valencia) el 12 de Junio de 1978. Empecé a estudiar viola en 1993 en mi pueblo, con mi primer profesor, David Fons Callejón con el que hice el grado elemental</p>
<p style="text-align: justify">Después estudié en el Conservatorio profesional “Mestre Vert” de Carcaixent con los profesores: Miquel Pina y Luis Roig Cerveró, allí obtuve el título de profesor de viola en junio de 2001.</p>
<p style="text-align: justify">Finalmente conseguí el título superior en junio de 2006 en el Conservatorio Superior “Joaquín Rodrigo”de Valencia con el profesor Pablo García.</p>
<p style="text-align: justify">He estudiado con profesores como: Luis Roig, Sefa Lafarga, Oleg Lef o J. Levine. También ha realizado cursos de “Técnica Alexander” de “Técnicas de control de ansiedad”, y de pedagogía instrumental, este último con la violinista catalana Ana Baguet.</p>
<p style="text-align: justify">He sido miembro de la Orquesta de Tavernes de la Valldigna, también de la Orquesta Filarmónica de la Universidad de Valencia, actuando en salas como: Auditori de Barcelona, Auditori de Zaragoza, Palau de la Música de Valencia, Mozarteum de Salzburgo, entre otras. Además; también he colaborado con orquestas como la Orquesta “Ciutat de Torrent”, Orquesta de la “Música Vella” de Xàtiva, Orquesta de Cámara de la Fundació “Pau Casals” de Carcaixent o la Orquesta de “la Unió Musical” de Llíria, con la que realizamos un proyecto humanitario que se llamó “Sembrando Música” en Cuba, en julio de 2005.</p>
<p style="text-align: justify">Actualmente soy profesor de viola en el Conservatorio “Maestro Paterna” de Cazorla, Jaén, donde saqué la plaza por oposición en el año 2010.&nbsp;&nbsp;&nbsp;&nbsp;&nbsp;&nbsp;</p>
<p style="text-align: justify"><span style="text-decoration: underline"><strong>Puedes localizarme a través del de:</strong></span></p>
<p><a href="mailto:simatetruque@gmail.com"><img loading="lazy" decoding="async" class="alignnone " src="https://www.tuexperto.com/wp-content/uploads/2018/09/gmail.png" width="84" height="52"></a> <a href="https://www.facebook.com/conservatoriocazorla/"><img loading="lazy" decoding="async" class="alignnone " src="http://pngimg.com/uploads/facebook_logos/facebook_logos_PNG19751.png" width="74" height="55"></a>&nbsp;&nbsp;<a href="https://twitter.com/CazorlaViola"><img loading="lazy" decoding="async" class="alignnone " src="http://chittagongit.com//images/twitter-app-icon-png/twitter-app-icon-png-1.jpg" width="54" height="54"></a>&nbsp;&nbsp;&nbsp; <a href="https://goo.gl/maps/F91VQkhY8vN2"><img loading="lazy" decoding="async" class="alignnone " src="http://www.pngall.com/wp-content/uploads/2017/05/Map-Marker-PNG-Picture.png" width="54" height="54"></a></p>

<p>Hola me llamo Kike y nací en Tavernes de la Valdigna (Valencia) el 12 de Junio de 1978. Empecé a estudiar viola en 1993 en mi pueblo, con mi primer profesor, David&#46;&#46;&#46;</p>
