{"id":1268,"date":"2022-11-08T09:01:00","date_gmt":"2022-11-08T09:01:00","guid":{"rendered":"https:\/\/blogsaverroes.juntadeandalucia.es\/virgen-de-gracia\/?page_id=1268"},"modified":"2025-03-24T12:22:42","modified_gmt":"2025-03-24T12:22:42","slug":"centro","status":"publish","type":"page","link":"https:\/\/blogsaverroes.juntadeandalucia.es\/virgen-de-gracia\/centro\/","title":{"rendered":"NUESTRO CENTRO"},"content":{"rendered":"<p><img loading=\"lazy\" decoding=\"async\" class=\"size-medium wp-image-1377 alignleft\" src=\"https:\/\/blogsaverroes.juntadeandalucia.es\/virgen-de-gracia\/files\/2025\/03\/20250324_100900-225x300.jpg\" alt=\"\" width=\"225\" height=\"300\" srcset=\"https:\/\/blogsaverroes.juntadeandalucia.es\/virgen-de-gracia\/files\/2025\/03\/20250324_100900-225x300.jpg 225w, https:\/\/blogsaverroes.juntadeandalucia.es\/virgen-de-gracia\/files\/2025\/03\/20250324_100900-768x1024.jpg 768w, https:\/\/blogsaverroes.juntadeandalucia.es\/virgen-de-gracia\/files\/2025\/03\/20250324_100900-1152x1536.jpg 1152w, https:\/\/blogsaverroes.juntadeandalucia.es\/virgen-de-gracia\/files\/2025\/03\/20250324_100900-1536x2048.jpg 1536w, https:\/\/blogsaverroes.juntadeandalucia.es\/virgen-de-gracia\/files\/2025\/03\/20250324_100900-scaled.jpg 1920w\" sizes=\"(max-width: 225px) 100vw, 225px\" \/><\/p>\n<p><span style=\"color: #0000ff;font-size: 18pt\">El CEIP Virgen de Gracia se encuentra en el municipio de Almonaster la Real. <b>Almonaster la Real<\/b> es un <a style=\"color: #0000ff\" title=\"Municipio (Espa\u00f1a)\" href=\"https:\/\/es.wikipedia.org\/wiki\/Municipio_(Espa%C3%B1a)\">municipio<\/a> y localidad <a style=\"color: #0000ff\" title=\"Espa\u00f1a\" href=\"https:\/\/es.wikipedia.org\/wiki\/Espa%C3%B1a\">espa\u00f1ola<\/a> de la <a style=\"color: #0000ff\" title=\"Provincia de Huelva\" href=\"https:\/\/es.wikipedia.org\/wiki\/Provincia_de_Huelva\">provincia de Huelva<\/a>, en la comunidad aut\u00f3noma de <a style=\"color: #0000ff\" title=\"Andaluc\u00eda\" href=\"https:\/\/es.wikipedia.org\/wiki\/Andaluc%C3%ADa\">Andaluc\u00eda<\/a>. Tiene una poblaci\u00f3n de 1751 habitantes (<a style=\"color: #0000ff\" title=\"Instituto Nacional de Estad\u00edstica (Espa\u00f1a)\" href=\"https:\/\/es.wikipedia.org\/wiki\/Instituto_Nacional_de_Estad%C3%ADstica_(Espa%C3%B1a)\">INE<\/a> 2024), repartidos entre la localidad propiamente dicha y una veintena de aldeas.<\/span><\/p>\n<p>&nbsp;<\/p>\n<p>&nbsp;<\/p>\n<p>&nbsp;<\/p>\n<p><span style=\"color: #0000ff;font-size: 18pt\">Dicho municipio consta de numerosas aldeas cuyos ni\u00f1@s asisten a dicho colegio. Es un centro que integra el Segundo Ciclo de Educaci\u00f3n Infantil y Primer ciclo de Educaci\u00f3n Secundaria. <\/span><\/p>\n<p><img loading=\"lazy\" decoding=\"async\" class=\"alignnone  wp-image-1375 aligncenter\" src=\"https:\/\/blogsaverroes.juntadeandalucia.es\/virgen-de-gracia\/files\/2025\/03\/20250324_100801-300x225.jpg\" alt=\"\" width=\"431\" height=\"323\" srcset=\"https:\/\/blogsaverroes.juntadeandalucia.es\/virgen-de-gracia\/files\/2025\/03\/20250324_100801-300x225.jpg 300w, https:\/\/blogsaverroes.juntadeandalucia.es\/virgen-de-gracia\/files\/2025\/03\/20250324_100801-1024x768.jpg 1024w, https:\/\/blogsaverroes.juntadeandalucia.es\/virgen-de-gracia\/files\/2025\/03\/20250324_100801-768x576.jpg 768w, https:\/\/blogsaverroes.juntadeandalucia.es\/virgen-de-gracia\/files\/2025\/03\/20250324_100801-1536x1152.jpg 1536w, https:\/\/blogsaverroes.juntadeandalucia.es\/virgen-de-gracia\/files\/2025\/03\/20250324_100801-2048x1536.jpg 2048w\" sizes=\"(max-width: 431px) 100vw, 431px\" \/><\/p>\n<p><span style=\"color: #0000ff;font-size: 18pt\">En el curso 024\/2025 tiene 101 alumn@s y una plantilla de 18 maestr@s.<\/span><\/p>\n<p><img loading=\"lazy\" decoding=\"async\" class=\"size-medium wp-image-1374 aligncenter\" src=\"https:\/\/blogsaverroes.juntadeandalucia.es\/virgen-de-gracia\/files\/2025\/03\/20250324_100935-225x300.jpg\" alt=\"\" width=\"225\" height=\"300\" srcset=\"https:\/\/blogsaverroes.juntadeandalucia.es\/virgen-de-gracia\/files\/2025\/03\/20250324_100935-225x300.jpg 225w, https:\/\/blogsaverroes.juntadeandalucia.es\/virgen-de-gracia\/files\/2025\/03\/20250324_100935-768x1024.jpg 768w, https:\/\/blogsaverroes.juntadeandalucia.es\/virgen-de-gracia\/files\/2025\/03\/20250324_100935-1152x1536.jpg 1152w, https:\/\/blogsaverroes.juntadeandalucia.es\/virgen-de-gracia\/files\/2025\/03\/20250324_100935-1536x2048.jpg 1536w, https:\/\/blogsaverroes.juntadeandalucia.es\/virgen-de-gracia\/files\/2025\/03\/20250324_100935-scaled.jpg 1920w\" sizes=\"(max-width: 225px) 100vw, 225px\" \/><\/p>\n","protected":false},"excerpt":{"rendered":"<p>El CEIP Virgen de Gracia se encuentra en el municipio de Almonaster la Real. Almonaster la Real es un municipio y localidad espa\u00f1ola de la provincia de Huelva, en la comunidad aut\u00f3noma de Andaluc\u00eda.&#46;&#46;&#46;<\/p>\n","protected":false},"author":12922,"featured_media":0,"parent":0,"menu_order":0,"comment_status":"closed","ping_status":"closed","template":"","meta":{"ngg_post_thumbnail":0,"footnotes":"","_mc_calendar":[]},"aioseo_notices":[],"_links":{"self":[{"href":"https:\/\/blogsaverroes.juntadeandalucia.es\/virgen-de-gracia\/wp-json\/wp\/v2\/pages\/1268"}],"collection":[{"href":"https:\/\/blogsaverroes.juntadeandalucia.es\/virgen-de-gracia\/wp-json\/wp\/v2\/pages"}],"about":[{"href":"https:\/\/blogsaverroes.juntadeandalucia.es\/virgen-de-gracia\/wp-json\/wp\/v2\/types\/page"}],"author":[{"embeddable":true,"href":"https:\/\/blogsaverroes.juntadeandalucia.es\/virgen-de-gracia\/wp-json\/wp\/v2\/users\/12922"}],"replies":[{"embeddable":true,"href":"https:\/\/blogsaverroes.juntadeandalucia.es\/virgen-de-gracia\/wp-json\/wp\/v2\/comments?post=1268"}],"version-history":[{"count":4,"href":"https:\/\/blogsaverroes.juntadeandalucia.es\/virgen-de-gracia\/wp-json\/wp\/v2\/pages\/1268\/revisions"}],"predecessor-version":[{"id":1378,"href":"https:\/\/blogsaverroes.juntadeandalucia.es\/virgen-de-gracia\/wp-json\/wp\/v2\/pages\/1268\/revisions\/1378"}],"wp:attachment":[{"href":"https:\/\/blogsaverroes.juntadeandalucia.es\/virgen-de-gracia\/wp-json\/wp\/v2\/media?parent=1268"}],"curies":[{"name":"wp","href":"https:\/\/api.w.org\/{rel}","templated":true}]}}

<p><img loading="lazy" decoding="async" class="size-medium wp-image-1377 alignleft" src="https://blogsaverroes.juntadeandalucia.es/virgen-de-gracia/files/2025/03/20250324_100900-225x300.jpg" alt="" width="225" height="300" srcset="https://blogsaverroes.juntadeandalucia.es/virgen-de-gracia/files/2025/03/20250324_100900-225x300.jpg 225w, https://blogsaverroes.juntadeandalucia.es/virgen-de-gracia/files/2025/03/20250324_100900-768x1024.jpg 768w, https://blogsaverroes.juntadeandalucia.es/virgen-de-gracia/files/2025/03/20250324_100900-1152x1536.jpg 1152w, https://blogsaverroes.juntadeandalucia.es/virgen-de-gracia/files/2025/03/20250324_100900-1536x2048.jpg 1536w, https://blogsaverroes.juntadeandalucia.es/virgen-de-gracia/files/2025/03/20250324_100900-scaled.jpg 1920w" sizes="(max-width: 225px) 100vw, 225px" /></p>
<p><span style="color: #0000ff;font-size: 18pt">El CEIP Virgen de Gracia se encuentra en el municipio de Almonaster la Real. <b>Almonaster la Real</b> es un <a style="color: #0000ff" title="Municipio (España)" href="https://es.wikipedia.org/wiki/Municipio_(Espa%C3%B1a)">municipio</a> y localidad <a style="color: #0000ff" title="España" href="https://es.wikipedia.org/wiki/Espa%C3%B1a">española</a> de la <a style="color: #0000ff" title="Provincia de Huelva" href="https://es.wikipedia.org/wiki/Provincia_de_Huelva">provincia de Huelva</a>, en la comunidad autónoma de <a style="color: #0000ff" title="Andalucía" href="https://es.wikipedia.org/wiki/Andaluc%C3%ADa">Andalucía</a>. Tiene una población de 1751 habitantes (<a style="color: #0000ff" title="Instituto Nacional de Estadística (España)" href="https://es.wikipedia.org/wiki/Instituto_Nacional_de_Estad%C3%ADstica_(Espa%C3%B1a)">INE</a> 2024), repartidos entre la localidad propiamente dicha y una veintena de aldeas.</span></p>
<p>&nbsp;</p>
<p>&nbsp;</p>
<p>&nbsp;</p>
<p><span style="color: #0000ff;font-size: 18pt">Dicho municipio consta de numerosas aldeas cuyos niñ@s asisten a dicho colegio. Es un centro que integra el Segundo Ciclo de Educación Infantil y Primer ciclo de Educación Secundaria. </span></p>
<p><img loading="lazy" decoding="async" class="alignnone  wp-image-1375 aligncenter" src="https://blogsaverroes.juntadeandalucia.es/virgen-de-gracia/files/2025/03/20250324_100801-300x225.jpg" alt="" width="431" height="323" srcset="https://blogsaverroes.juntadeandalucia.es/virgen-de-gracia/files/2025/03/20250324_100801-300x225.jpg 300w, https://blogsaverroes.juntadeandalucia.es/virgen-de-gracia/files/2025/03/20250324_100801-1024x768.jpg 1024w, https://blogsaverroes.juntadeandalucia.es/virgen-de-gracia/files/2025/03/20250324_100801-768x576.jpg 768w, https://blogsaverroes.juntadeandalucia.es/virgen-de-gracia/files/2025/03/20250324_100801-1536x1152.jpg 1536w, https://blogsaverroes.juntadeandalucia.es/virgen-de-gracia/files/2025/03/20250324_100801-2048x1536.jpg 2048w" sizes="(max-width: 431px) 100vw, 431px" /></p>
<p><span style="color: #0000ff;font-size: 18pt">En el curso 024/2025 tiene 101 alumn@s y una plantilla de 18 maestr@s.</span></p>
<p><img loading="lazy" decoding="async" class="size-medium wp-image-1374 aligncenter" src="https://blogsaverroes.juntadeandalucia.es/virgen-de-gracia/files/2025/03/20250324_100935-225x300.jpg" alt="" width="225" height="300" srcset="https://blogsaverroes.juntadeandalucia.es/virgen-de-gracia/files/2025/03/20250324_100935-225x300.jpg 225w, https://blogsaverroes.juntadeandalucia.es/virgen-de-gracia/files/2025/03/20250324_100935-768x1024.jpg 768w, https://blogsaverroes.juntadeandalucia.es/virgen-de-gracia/files/2025/03/20250324_100935-1152x1536.jpg 1152w, https://blogsaverroes.juntadeandalucia.es/virgen-de-gracia/files/2025/03/20250324_100935-1536x2048.jpg 1536w, https://blogsaverroes.juntadeandalucia.es/virgen-de-gracia/files/2025/03/20250324_100935-scaled.jpg 1920w" sizes="(max-width: 225px) 100vw, 225px" /></p>

<p>El CEIP Virgen de Gracia se encuentra en el municipio de Almonaster la Real. Almonaster la Real es un municipio y localidad española de la provincia de Huelva, en la comunidad autónoma de Andalucía.&#46;&#46;&#46;</p>
