{"id":1415,"date":"2025-03-24T16:46:01","date_gmt":"2025-03-24T16:46:01","guid":{"rendered":"https:\/\/blogsaverroes.juntadeandalucia.es\/virgen-de-gracia\/?page_id=1415"},"modified":"2025-03-24T16:53:28","modified_gmt":"2025-03-24T16:53:28","slug":"pacto-de-estado","status":"publish","type":"page","link":"https:\/\/blogsaverroes.juntadeandalucia.es\/virgen-de-gracia\/pacto-de-estado\/","title":{"rendered":"PACTO DE ESTADO"},"content":{"rendered":"<p><span style=\"font-size: 14pt;color: #0000ff\">Llevamos varios a\u00f1os trabajando el programa de \u00abPacto de estado\u00bb promovido por la Junta de Andaluc\u00eda. Pincha en la siguiente imagen y podr\u00e1s encontrar toda la informaci\u00f3n sobre el mismo. <\/span><\/p>\n<p><a href=\"https:\/\/portals.ced.junta-andalucia.es\/educacion\/portals\/web\/igualdad\/actuaciones\/pacto-de-estado-contra-violencia-de-genero\"><img loading=\"lazy\" decoding=\"async\" class=\"wp-image-1422 aligncenter\" src=\"https:\/\/blogsaverroes.juntadeandalucia.es\/virgen-de-gracia\/files\/2025\/03\/logo_pacto_estado-300x240.png\" alt=\"\" width=\"263\" height=\"210\" srcset=\"https:\/\/blogsaverroes.juntadeandalucia.es\/virgen-de-gracia\/files\/2025\/03\/logo_pacto_estado-300x240.png 300w, https:\/\/blogsaverroes.juntadeandalucia.es\/virgen-de-gracia\/files\/2025\/03\/logo_pacto_estado.png 556w\" sizes=\"(max-width: 263px) 100vw, 263px\" \/><\/a><\/p>\n<p><span style=\"font-size: 14pt;color: #0000ff\">Este programa comparte su espacio con el de \u00abIgual de g\u00e9nero en Educaci\u00f3n\u00bb, aqu\u00ed se ir\u00e1n dando a conocer todas aquellas actuaciones que llevamos a cabo en el centro.<\/span><\/p>\n<p><img loading=\"lazy\" decoding=\"async\" class=\"alignnone size-medium wp-image-1412 aligncenter\" src=\"https:\/\/blogsaverroes.juntadeandalucia.es\/virgen-de-gracia\/files\/2025\/03\/20250324_170824-300x225.jpg\" alt=\"\" width=\"300\" height=\"225\" srcset=\"https:\/\/blogsaverroes.juntadeandalucia.es\/virgen-de-gracia\/files\/2025\/03\/20250324_170824-300x225.jpg 300w, https:\/\/blogsaverroes.juntadeandalucia.es\/virgen-de-gracia\/files\/2025\/03\/20250324_170824-1024x768.jpg 1024w, https:\/\/blogsaverroes.juntadeandalucia.es\/virgen-de-gracia\/files\/2025\/03\/20250324_170824-768x576.jpg 768w, https:\/\/blogsaverroes.juntadeandalucia.es\/virgen-de-gracia\/files\/2025\/03\/20250324_170824-1536x1152.jpg 1536w, https:\/\/blogsaverroes.juntadeandalucia.es\/virgen-de-gracia\/files\/2025\/03\/20250324_170824-2048x1536.jpg 2048w\" sizes=\"(max-width: 300px) 100vw, 300px\" \/><\/p>\n","protected":false},"excerpt":{"rendered":"<p>Llevamos varios a\u00f1os trabajando el programa de \u00abPacto de estado\u00bb promovido por la Junta de Andaluc\u00eda. Pincha en la siguiente imagen y podr\u00e1s encontrar toda la informaci\u00f3n sobre el mismo. Este programa comparte su&#46;&#46;&#46;<\/p>\n","protected":false},"author":12922,"featured_media":0,"parent":0,"menu_order":0,"comment_status":"closed","ping_status":"closed","template":"","meta":{"ngg_post_thumbnail":0,"footnotes":"","_mc_calendar":[]},"aioseo_notices":[],"_links":{"self":[{"href":"https:\/\/blogsaverroes.juntadeandalucia.es\/virgen-de-gracia\/wp-json\/wp\/v2\/pages\/1415"}],"collection":[{"href":"https:\/\/blogsaverroes.juntadeandalucia.es\/virgen-de-gracia\/wp-json\/wp\/v2\/pages"}],"about":[{"href":"https:\/\/blogsaverroes.juntadeandalucia.es\/virgen-de-gracia\/wp-json\/wp\/v2\/types\/page"}],"author":[{"embeddable":true,"href":"https:\/\/blogsaverroes.juntadeandalucia.es\/virgen-de-gracia\/wp-json\/wp\/v2\/users\/12922"}],"replies":[{"embeddable":true,"href":"https:\/\/blogsaverroes.juntadeandalucia.es\/virgen-de-gracia\/wp-json\/wp\/v2\/comments?post=1415"}],"version-history":[{"count":3,"href":"https:\/\/blogsaverroes.juntadeandalucia.es\/virgen-de-gracia\/wp-json\/wp\/v2\/pages\/1415\/revisions"}],"predecessor-version":[{"id":1423,"href":"https:\/\/blogsaverroes.juntadeandalucia.es\/virgen-de-gracia\/wp-json\/wp\/v2\/pages\/1415\/revisions\/1423"}],"wp:attachment":[{"href":"https:\/\/blogsaverroes.juntadeandalucia.es\/virgen-de-gracia\/wp-json\/wp\/v2\/media?parent=1415"}],"curies":[{"name":"wp","href":"https:\/\/api.w.org\/{rel}","templated":true}]}}

<p><span style="font-size: 14pt;color: #0000ff">Llevamos varios años trabajando el programa de «Pacto de estado» promovido por la Junta de Andalucía. Pincha en la siguiente imagen y podrás encontrar toda la información sobre el mismo. </span></p>
<p><a href="https://portals.ced.junta-andalucia.es/educacion/portals/web/igualdad/actuaciones/pacto-de-estado-contra-violencia-de-genero"><img loading="lazy" decoding="async" class="wp-image-1422 aligncenter" src="https://blogsaverroes.juntadeandalucia.es/virgen-de-gracia/files/2025/03/logo_pacto_estado-300x240.png" alt="" width="263" height="210" srcset="https://blogsaverroes.juntadeandalucia.es/virgen-de-gracia/files/2025/03/logo_pacto_estado-300x240.png 300w, https://blogsaverroes.juntadeandalucia.es/virgen-de-gracia/files/2025/03/logo_pacto_estado.png 556w" sizes="(max-width: 263px) 100vw, 263px" /></a></p>
<p><span style="font-size: 14pt;color: #0000ff">Este programa comparte su espacio con el de «Igual de género en Educación», aquí se irán dando a conocer todas aquellas actuaciones que llevamos a cabo en el centro.</span></p>
<p><img loading="lazy" decoding="async" class="alignnone size-medium wp-image-1412 aligncenter" src="https://blogsaverroes.juntadeandalucia.es/virgen-de-gracia/files/2025/03/20250324_170824-300x225.jpg" alt="" width="300" height="225" srcset="https://blogsaverroes.juntadeandalucia.es/virgen-de-gracia/files/2025/03/20250324_170824-300x225.jpg 300w, https://blogsaverroes.juntadeandalucia.es/virgen-de-gracia/files/2025/03/20250324_170824-1024x768.jpg 1024w, https://blogsaverroes.juntadeandalucia.es/virgen-de-gracia/files/2025/03/20250324_170824-768x576.jpg 768w, https://blogsaverroes.juntadeandalucia.es/virgen-de-gracia/files/2025/03/20250324_170824-1536x1152.jpg 1536w, https://blogsaverroes.juntadeandalucia.es/virgen-de-gracia/files/2025/03/20250324_170824-2048x1536.jpg 2048w" sizes="(max-width: 300px) 100vw, 300px" /></p>

<p>Llevamos varios años trabajando el programa de «Pacto de estado» promovido por la Junta de Andalucía. Pincha en la siguiente imagen y podrás encontrar toda la información sobre el mismo. Este programa comparte su&#46;&#46;&#46;</p>
