{"id":1066,"date":"2021-04-30T12:05:26","date_gmt":"2021-04-30T11:05:26","guid":{"rendered":"https:\/\/blogsaverroes.juntadeandalucia.es\/webcarabelas\/?page_id=1066"},"modified":"2021-04-30T12:05:26","modified_gmt":"2021-04-30T11:05:26","slug":"horario-secretaria","status":"publish","type":"page","link":"https:\/\/blogsaverroes.juntadeandalucia.es\/webcarabelas\/horario-secretaria\/","title":{"rendered":"Horario secretar\u00eda"},"content":{"rendered":"<p><strong>Lunes a Viernes de 10:00 a 13:00<\/strong><\/p>\n<p>Con cita previa llamando al 959038698<\/p>\n<p>La mayor\u00eda de los tr\u00e1mites es posible realizarlos a trav\u00e9s de&nbsp;<a href=\"https:\/\/www.juntadeandalucia.es\/educacion\/secretariavirtual\/\">la Secretar\u00eda Virtual de la Junta de Andaluc\u00eda<\/a>, por lo que dadas las circunstancias, recomendamos su uso.<\/p>\n","protected":false},"excerpt":{"rendered":"<p>Lunes a Viernes de 10:00 a 13:00 Con cita previa llamando al 959038698 La mayor\u00eda de los tr\u00e1mites es posible realizarlos a trav\u00e9s de&nbsp;la Secretar\u00eda Virtual de la Junta de Andaluc\u00eda, por lo que&#46;&#46;&#46;<\/p>\n","protected":false},"author":12894,"featured_media":0,"parent":0,"menu_order":0,"comment_status":"closed","ping_status":"closed","template":"","meta":{"ngg_post_thumbnail":0,"footnotes":""},"aioseo_notices":[],"_links":{"self":[{"href":"https:\/\/blogsaverroes.juntadeandalucia.es\/webcarabelas\/wp-json\/wp\/v2\/pages\/1066"}],"collection":[{"href":"https:\/\/blogsaverroes.juntadeandalucia.es\/webcarabelas\/wp-json\/wp\/v2\/pages"}],"about":[{"href":"https:\/\/blogsaverroes.juntadeandalucia.es\/webcarabelas\/wp-json\/wp\/v2\/types\/page"}],"author":[{"embeddable":true,"href":"https:\/\/blogsaverroes.juntadeandalucia.es\/webcarabelas\/wp-json\/wp\/v2\/users\/12894"}],"replies":[{"embeddable":true,"href":"https:\/\/blogsaverroes.juntadeandalucia.es\/webcarabelas\/wp-json\/wp\/v2\/comments?post=1066"}],"version-history":[{"count":1,"href":"https:\/\/blogsaverroes.juntadeandalucia.es\/webcarabelas\/wp-json\/wp\/v2\/pages\/1066\/revisions"}],"predecessor-version":[{"id":1067,"href":"https:\/\/blogsaverroes.juntadeandalucia.es\/webcarabelas\/wp-json\/wp\/v2\/pages\/1066\/revisions\/1067"}],"wp:attachment":[{"href":"https:\/\/blogsaverroes.juntadeandalucia.es\/webcarabelas\/wp-json\/wp\/v2\/media?parent=1066"}],"curies":[{"name":"wp","href":"https:\/\/api.w.org\/{rel}","templated":true}]}}