{"id":3245,"date":"2021-05-27T16:53:36","date_gmt":"2021-05-27T16:53:36","guid":{"rendered":"https:\/\/blogsaverroes.juntadeandalucia.es\/webceperbarea\/?page_id=3245"},"modified":"2021-06-04T10:48:29","modified_gmt":"2021-06-04T10:48:29","slug":"normativa-general","status":"publish","type":"page","link":"https:\/\/blogsaverroes.juntadeandalucia.es\/webceperbarea\/normativa-general\/","title":{"rendered":"Normativa general"},"content":{"rendered":"<h3><a href=\"https:\/\/a817e06c-9c00-45a7-822a-a46749836f33.filesusr.com\/ugd\/8c7c41_62df2fbb8b4048ef82b43aa44889155a.pdf\">DECRETO 196\/2005, de 13 de septiembre<\/a>, por el que se aprueba el Reglamento Org\u00e1nico de los Centros de Educaci\u00f3n Permanente.<\/h3>\n<p>&nbsp;<\/p>\n<div id=\"comp-klqvsggn\" class=\"_2bafp\" data-testid=\"richTextElement\">\n<h3 class=\"font_2\" style=\"text-align: justify\"><a href=\"https:\/\/a817e06c-9c00-45a7-822a-a46749836f33.filesusr.com\/ugd\/8c7c41_429445de3b334e658b8ec33697dc4816.pdf\">Ley de R\u00e9gimen Jur\u00eddico<\/a> de las Administraciones P\u00fablicas y del Procedimiento Administrativo Com\u00fan<\/h3>\n<\/div>\n<div id=\"comp-klqvsktg\" class=\"_2bafp\" data-testid=\"richTextElement\">\n<h2>&nbsp;<\/h2>\n<h3 class=\"font_2\" style=\"text-align: justify\"><a href=\"https:\/\/a817e06c-9c00-45a7-822a-a46749836f33.filesusr.com\/ugd\/8c7c41_48d6d0706cfb40d99e8e32d7b9a3df74.pdf\">ORDEN de 19 de julio de 2006<\/a>, por la que se regulan determinados aspectos sobre la organizaci\u00f3n y el funcionamiento de los Centros de Educaci\u00f3n Permanente.<\/h3>\n<\/div>\n<div class=\"tJuUG\" aria-hidden=\"true\">&nbsp;<\/div>\n<div aria-hidden=\"true\">&nbsp;<\/div>\n<div id=\"comp-klqvsnbs\" class=\"_2bafp\" data-testid=\"richTextElement\">\n<h3 class=\"font_2\" style=\"text-align: justify\"><a href=\"https:\/\/a817e06c-9c00-45a7-822a-a46749836f33.filesusr.com\/ugd\/8c7c41_a3db88178fb040b7929a6c325d2b0ea1.pdf\">ORDEN de 24 de septiembre de 2007<\/a>, por la que se regulan los planes educativos de car\u00e1cter no formal para personas adultas.<\/h3>\n<\/div>\n<div class=\"tJuUG\" aria-hidden=\"true\">&nbsp;<\/div>\n<div aria-hidden=\"true\">&nbsp;<\/div>\n<div id=\"comp-klqvsqil\" class=\"_2bafp\" data-testid=\"richTextElement\">\n<h3 class=\"font_2\" style=\"text-align: justify\"><a href=\"https:\/\/a817e06c-9c00-45a7-822a-a46749836f33.filesusr.com\/ugd\/8c7c41_8f2cb9e1da2d4eda82fa7afcc35374fc.pdf\">Orden de 25 de mayo de 2012,<\/a> por la que se desarrolla el procedimiento de admisi\u00f3n y matriculaci\u00f3n del alumnado en los centros docentes p\u00fablicos para cursar las ense\u00f1anzas de Educaci\u00f3n Permanente de Personas Adultas en las modalidades presencial y semipresencial.<\/h3>\n<\/div>\n","protected":false},"excerpt":{"rendered":"<p>DECRETO 196\/2005, de 13 de septiembre, por el que se aprueba el Reglamento Org\u00e1nico de los Centros de Educaci\u00f3n Permanente. &nbsp; Ley de R\u00e9gimen Jur\u00eddico de las Administraciones P\u00fablicas y del Procedimiento Administrativo Com\u00fan&#46;&#46;&#46;<\/p>\n","protected":false},"author":11406,"featured_media":0,"parent":0,"menu_order":0,"comment_status":"closed","ping_status":"closed","template":"page-c.php","meta":{"ngg_post_thumbnail":0,"footnotes":"","_mc_calendar":[]},"aioseo_notices":[],"_links":{"self":[{"href":"https:\/\/blogsaverroes.juntadeandalucia.es\/webceperbarea\/wp-json\/wp\/v2\/pages\/3245"}],"collection":[{"href":"https:\/\/blogsaverroes.juntadeandalucia.es\/webceperbarea\/wp-json\/wp\/v2\/pages"}],"about":[{"href":"https:\/\/blogsaverroes.juntadeandalucia.es\/webceperbarea\/wp-json\/wp\/v2\/types\/page"}],"author":[{"embeddable":true,"href":"https:\/\/blogsaverroes.juntadeandalucia.es\/webceperbarea\/wp-json\/wp\/v2\/users\/11406"}],"replies":[{"embeddable":true,"href":"https:\/\/blogsaverroes.juntadeandalucia.es\/webceperbarea\/wp-json\/wp\/v2\/comments?post=3245"}],"version-history":[{"count":6,"href":"https:\/\/blogsaverroes.juntadeandalucia.es\/webceperbarea\/wp-json\/wp\/v2\/pages\/3245\/revisions"}],"predecessor-version":[{"id":3490,"href":"https:\/\/blogsaverroes.juntadeandalucia.es\/webceperbarea\/wp-json\/wp\/v2\/pages\/3245\/revisions\/3490"}],"wp:attachment":[{"href":"https:\/\/blogsaverroes.juntadeandalucia.es\/webceperbarea\/wp-json\/wp\/v2\/media?parent=3245"}],"curies":[{"name":"wp","href":"https:\/\/api.w.org\/{rel}","templated":true}]}}