{"id":1112,"date":"2020-09-22T17:41:43","date_gmt":"2020-09-22T15:41:43","guid":{"rendered":"https:\/\/blogsaverroes.juntadeandalucia.es\/webiesreyalabez\/?page_id=1112"},"modified":"2020-11-27T13:58:17","modified_gmt":"2020-11-27T12:58:17","slug":"todo-tic-alumnado-y-familias","status":"publish","type":"page","link":"https:\/\/blogsaverroes.juntadeandalucia.es\/webiesreyalabez\/todo-tic-alumnado-y-familias\/","title":{"rendered":"Todo TIC (alumnado y familias)"},"content":{"rendered":"<p><strong><span style=\"font-size: 14pt;color: #000000\">Aqu\u00ed puedes encontrar peque\u00f1as ayudas para mejorar tu Competencia Digital:<\/span><\/strong><\/p>\n<p><iframe loading=\"lazy\" src=\"https:\/\/docs.google.com\/presentation\/d\/e\/2PACX-1vQxcVn4XfMQILxzVsOzaPZ1doWXijx3rrOxYi2JWi-fPyP4Td70tZgMWjYofW76YCKPF40iz2U41x2K\/embed?start=false&amp;loop=false&amp;delayms=3000\" width=\"480\" height=\"299\" frameborder=\"0\"><\/iframe><\/p>\n<ul>\n<li><span style=\"color: #0000ff\"><strong><span style=\"font-size: 18pt\"><a style=\"color: #0000ff\" href=\"https:\/\/blogsaverroes.juntadeandalucia.es\/webiesreyalabez\/files\/2020\/09\/CONSEJOS-TIC_Redactar-un-correo.pdf\">C\u00f3mo enviar un correo electr\u00f3nico correctamente.<\/a><\/span><\/strong><\/span><\/li>\n<li><span style=\"color: #0000ff\"><strong><span style=\"font-size: 18pt\"><a style=\"color: #0000ff\" href=\"https:\/\/blogsaverroes.juntadeandalucia.es\/webiesreyalabez\/files\/2020\/09\/CONSEJOS-TIC_Escanear_cuaderno.pdf\">C\u00f3mo escanear el cuaderno o una actividad para enviarla a otras personas.<\/a><\/span><\/strong><\/span><\/li>\n<li><span style=\"color: #0000ff\"><strong><span style=\"font-size: 18pt\"><a style=\"color: #0000ff\" href=\"https:\/\/blogsaverroes.juntadeandalucia.es\/webiesreyalabez\/files\/2020\/09\/CONSEJOS-TIC_Fuentes-fiables.pdf\">C\u00f3mo averiguar si una fuente de informaci\u00f3n es fiable.<\/a><\/span><\/strong><\/span><\/li>\n<li><span style=\"color: #0000ff\"><a style=\"color: #0000ff\" href=\"https:\/\/blogsaverroes.juntadeandalucia.es\/webiesreyalabez\/files\/2020\/09\/MANUAL-PDF-Gestion_Moodle_Centros_Alumnado_v3.pdf\"><span style=\"font-size: 18pt\">Moodle Centros: manual para el alumnado.<\/span><\/a><\/span><\/li>\n<\/ul>\n","protected":false},"excerpt":{"rendered":"<p>Aqu\u00ed puedes encontrar peque\u00f1as ayudas para mejorar tu Competencia Digital: C\u00f3mo enviar un correo electr\u00f3nico correctamente. C\u00f3mo escanear el cuaderno o una actividad para enviarla a otras personas. C\u00f3mo averiguar si una fuente de&#46;&#46;&#46;<\/p>\n","protected":false},"author":7589,"featured_media":0,"parent":0,"menu_order":0,"comment_status":"closed","ping_status":"closed","template":"","meta":{"ngg_post_thumbnail":0,"footnotes":""},"aioseo_notices":[],"_links":{"self":[{"href":"https:\/\/blogsaverroes.juntadeandalucia.es\/webiesreyalabez\/wp-json\/wp\/v2\/pages\/1112"}],"collection":[{"href":"https:\/\/blogsaverroes.juntadeandalucia.es\/webiesreyalabez\/wp-json\/wp\/v2\/pages"}],"about":[{"href":"https:\/\/blogsaverroes.juntadeandalucia.es\/webiesreyalabez\/wp-json\/wp\/v2\/types\/page"}],"author":[{"embeddable":true,"href":"https:\/\/blogsaverroes.juntadeandalucia.es\/webiesreyalabez\/wp-json\/wp\/v2\/users\/7589"}],"replies":[{"embeddable":true,"href":"https:\/\/blogsaverroes.juntadeandalucia.es\/webiesreyalabez\/wp-json\/wp\/v2\/comments?post=1112"}],"version-history":[{"count":7,"href":"https:\/\/blogsaverroes.juntadeandalucia.es\/webiesreyalabez\/wp-json\/wp\/v2\/pages\/1112\/revisions"}],"predecessor-version":[{"id":1393,"href":"https:\/\/blogsaverroes.juntadeandalucia.es\/webiesreyalabez\/wp-json\/wp\/v2\/pages\/1112\/revisions\/1393"}],"wp:attachment":[{"href":"https:\/\/blogsaverroes.juntadeandalucia.es\/webiesreyalabez\/wp-json\/wp\/v2\/media?parent=1112"}],"curies":[{"name":"wp","href":"https:\/\/api.w.org\/{rel}","templated":true}]}}