{"id":1455,"date":"2021-05-18T08:43:05","date_gmt":"2021-05-18T06:43:05","guid":{"rendered":"https:\/\/blogsaverroes.juntadeandalucia.es\/webiesreyalabez\/?page_id=1455"},"modified":"2021-06-03T17:18:17","modified_gmt":"2021-06-03T15:18:17","slug":"fp-cocina-y-gastronomia","status":"publish","type":"page","link":"https:\/\/blogsaverroes.juntadeandalucia.es\/webiesreyalabez\/fp-cocina-y-gastronomia\/","title":{"rendered":"FP Cocina y Gastronom\u00eda"},"content":{"rendered":"<p><strong><a href=\"https:\/\/www.canva.com\/design\/DAEetwYubv0\/view?utm_content=DAEetwYubv0&amp;utm_campaign=designshare&amp;utm_medium=embeds&amp;utm_source=link\" target=\"_blank\" rel=\"noopener noreferrer\">CICLO FORMATIVO COCINA Y GASTRONOM\u00cdA<\/a> (P\u00f3ster)<\/strong><\/p>\n<p><strong>PARA M\u00c1S INFORMACI\u00d3N: <a href=\"https:\/\/blogsaverroes.juntadeandalucia.es\/webiesreyalabez\/files\/2021\/05\/Tr\u00edptico-Ciclo-Cocina_QR_Bueno.pdf\">Tr\u00edptico CFGM Cocina.<\/a><\/strong><\/p>\n<p><iframe loading=\"lazy\" src=\"\/\/www.youtube.com\/embed\/F9rUxNJ6XqY\" width=\"560\" height=\"315\" frameborder=\"0\"><\/iframe><\/p>\n","protected":false},"excerpt":{"rendered":"<p>CICLO FORMATIVO COCINA Y GASTRONOM\u00cdA (P\u00f3ster) PARA M\u00c1S INFORMACI\u00d3N: Tr\u00edptico CFGM Cocina.<\/p>\n","protected":false},"author":7589,"featured_media":0,"parent":0,"menu_order":0,"comment_status":"closed","ping_status":"closed","template":"","meta":{"ngg_post_thumbnail":0,"footnotes":""},"aioseo_notices":[],"_links":{"self":[{"href":"https:\/\/blogsaverroes.juntadeandalucia.es\/webiesreyalabez\/wp-json\/wp\/v2\/pages\/1455"}],"collection":[{"href":"https:\/\/blogsaverroes.juntadeandalucia.es\/webiesreyalabez\/wp-json\/wp\/v2\/pages"}],"about":[{"href":"https:\/\/blogsaverroes.juntadeandalucia.es\/webiesreyalabez\/wp-json\/wp\/v2\/types\/page"}],"author":[{"embeddable":true,"href":"https:\/\/blogsaverroes.juntadeandalucia.es\/webiesreyalabez\/wp-json\/wp\/v2\/users\/7589"}],"replies":[{"embeddable":true,"href":"https:\/\/blogsaverroes.juntadeandalucia.es\/webiesreyalabez\/wp-json\/wp\/v2\/comments?post=1455"}],"version-history":[{"count":4,"href":"https:\/\/blogsaverroes.juntadeandalucia.es\/webiesreyalabez\/wp-json\/wp\/v2\/pages\/1455\/revisions"}],"predecessor-version":[{"id":1481,"href":"https:\/\/blogsaverroes.juntadeandalucia.es\/webiesreyalabez\/wp-json\/wp\/v2\/pages\/1455\/revisions\/1481"}],"wp:attachment":[{"href":"https:\/\/blogsaverroes.juntadeandalucia.es\/webiesreyalabez\/wp-json\/wp\/v2\/media?parent=1455"}],"curies":[{"name":"wp","href":"https:\/\/api.w.org\/{rel}","templated":true}]}}