{"id":647,"date":"2020-03-24T09:50:58","date_gmt":"2020-03-24T08:50:58","guid":{"rendered":"https:\/\/blogsaverroes.juntadeandalucia.es\/webiesreyalabez\/?page_id=647"},"modified":"2020-10-17T11:42:34","modified_gmt":"2020-10-17T09:42:34","slug":"covip-19","status":"publish","type":"page","link":"https:\/\/blogsaverroes.juntadeandalucia.es\/webiesreyalabez\/covip-19\/","title":{"rendered":"COVID 19"},"content":{"rendered":"<p><span style=\"color: #000000;font-size: 14pt\"><strong>RECURSOS PARA EL ALUMNADO Y SUS FAMILIAS<\/strong>:<\/span><\/p>\n<ul>\n<li><span style=\"color: #000000\">El Ministerio de Educaci\u00f3n, en colaboraci\u00f3n con RTVE, pone en marcha a partir del lunes 23 de marzo la iniciativa <span style=\"font-size: 18pt\"><strong><em>Aprendemos en casa<\/em><\/strong><\/span>, dirigida a escolares de entre 6 y 16 a\u00f1os para facilitar el aprendizaje durante la suspensi\u00f3n de la actividad lectiva motivada por el estado de alarma:<\/span><\/li>\n<\/ul>\n<p><img loading=\"lazy\" decoding=\"async\" class=\"size-full wp-image-648 aligncenter\" src=\"https:\/\/blogsaverroes.juntadeandalucia.es\/webiesreyalabez\/files\/2020\/03\/Programacion_Segunda_Cadena.png\" alt=\"\" width=\"486\" height=\"166\" srcset=\"https:\/\/blogsaverroes.juntadeandalucia.es\/webiesreyalabez\/files\/2020\/03\/Programacion_Segunda_Cadena.png 486w, https:\/\/blogsaverroes.juntadeandalucia.es\/webiesreyalabez\/files\/2020\/03\/Programacion_Segunda_Cadena-300x102.png 300w, https:\/\/blogsaverroes.juntadeandalucia.es\/webiesreyalabez\/files\/2020\/03\/Programacion_Segunda_Cadena-24x8.png 24w, https:\/\/blogsaverroes.juntadeandalucia.es\/webiesreyalabez\/files\/2020\/03\/Programacion_Segunda_Cadena-36x12.png 36w, https:\/\/blogsaverroes.juntadeandalucia.es\/webiesreyalabez\/files\/2020\/03\/Programacion_Segunda_Cadena-48x16.png 48w\" sizes=\"(max-width: 486px) 100vw, 486px\" \/><\/p>\n<ul>\n<li><span style=\"color: #000000\"><span style=\"font-size: 18pt\"><strong>ACADEMIA DE INVENTORES<\/strong><\/span>. <\/span><span style=\"color: #000000\"><a style=\"color: #000000\" href=\"https:\/\/www.youtube.com\/channel\/UCenVzT7NDOQQH62WcYWBS0w?app=desktop\">Clases de rob\u00f3tica, programaci\u00f3n, mec\u00e1nica y ciencia<\/a>. Todos los d\u00edas a las 17h online y gratuito en YouTube.<\/span><\/li>\n<\/ul>\n","protected":false},"excerpt":{"rendered":"<p>RECURSOS PARA EL ALUMNADO Y SUS FAMILIAS: El Ministerio de Educaci\u00f3n, en colaboraci\u00f3n con RTVE, pone en marcha a partir del lunes 23 de marzo la iniciativa Aprendemos en casa, dirigida a escolares de&#46;&#46;&#46;<\/p>\n","protected":false},"author":7589,"featured_media":0,"parent":0,"menu_order":0,"comment_status":"closed","ping_status":"closed","template":"","meta":{"ngg_post_thumbnail":0,"footnotes":""},"aioseo_notices":[],"_links":{"self":[{"href":"https:\/\/blogsaverroes.juntadeandalucia.es\/webiesreyalabez\/wp-json\/wp\/v2\/pages\/647"}],"collection":[{"href":"https:\/\/blogsaverroes.juntadeandalucia.es\/webiesreyalabez\/wp-json\/wp\/v2\/pages"}],"about":[{"href":"https:\/\/blogsaverroes.juntadeandalucia.es\/webiesreyalabez\/wp-json\/wp\/v2\/types\/page"}],"author":[{"embeddable":true,"href":"https:\/\/blogsaverroes.juntadeandalucia.es\/webiesreyalabez\/wp-json\/wp\/v2\/users\/7589"}],"replies":[{"embeddable":true,"href":"https:\/\/blogsaverroes.juntadeandalucia.es\/webiesreyalabez\/wp-json\/wp\/v2\/comments?post=647"}],"version-history":[{"count":4,"href":"https:\/\/blogsaverroes.juntadeandalucia.es\/webiesreyalabez\/wp-json\/wp\/v2\/pages\/647\/revisions"}],"predecessor-version":[{"id":1338,"href":"https:\/\/blogsaverroes.juntadeandalucia.es\/webiesreyalabez\/wp-json\/wp\/v2\/pages\/647\/revisions\/1338"}],"wp:attachment":[{"href":"https:\/\/blogsaverroes.juntadeandalucia.es\/webiesreyalabez\/wp-json\/wp\/v2\/media?parent=647"}],"curies":[{"name":"wp","href":"https:\/\/api.w.org\/{rel}","templated":true}]}}

<p><span style="color: #000000;font-size: 14pt"><strong>RECURSOS PARA EL ALUMNADO Y SUS FAMILIAS</strong>:</span></p>
<ul>
<li><span style="color: #000000">El Ministerio de Educación, en colaboración con RTVE, pone en marcha a partir del lunes 23 de marzo la iniciativa <span style="font-size: 18pt"><strong><em>Aprendemos en casa</em></strong></span>, dirigida a escolares de entre 6 y 16 años para facilitar el aprendizaje durante la suspensión de la actividad lectiva motivada por el estado de alarma:</span></li>
</ul>
<p><img loading="lazy" decoding="async" class="size-full wp-image-648 aligncenter" src="https://blogsaverroes.juntadeandalucia.es/webiesreyalabez/files/2020/03/Programacion_Segunda_Cadena.png" alt="" width="486" height="166" srcset="https://blogsaverroes.juntadeandalucia.es/webiesreyalabez/files/2020/03/Programacion_Segunda_Cadena.png 486w, https://blogsaverroes.juntadeandalucia.es/webiesreyalabez/files/2020/03/Programacion_Segunda_Cadena-300x102.png 300w, https://blogsaverroes.juntadeandalucia.es/webiesreyalabez/files/2020/03/Programacion_Segunda_Cadena-24x8.png 24w, https://blogsaverroes.juntadeandalucia.es/webiesreyalabez/files/2020/03/Programacion_Segunda_Cadena-36x12.png 36w, https://blogsaverroes.juntadeandalucia.es/webiesreyalabez/files/2020/03/Programacion_Segunda_Cadena-48x16.png 48w" sizes="(max-width: 486px) 100vw, 486px" /></p>
<ul>
<li><span style="color: #000000"><span style="font-size: 18pt"><strong>ACADEMIA DE INVENTORES</strong></span>. </span><span style="color: #000000"><a style="color: #000000" href="https://www.youtube.com/channel/UCenVzT7NDOQQH62WcYWBS0w?app=desktop">Clases de robótica, programación, mecánica y ciencia</a>. Todos los días a las 17h online y gratuito en YouTube.</span></li>
</ul>

<p>RECURSOS PARA EL ALUMNADO Y SUS FAMILIAS: El Ministerio de Educación, en colaboración con RTVE, pone en marcha a partir del lunes 23 de marzo la iniciativa Aprendemos en casa, dirigida a escolares de&#46;&#46;&#46;</p>
