{"id":87,"date":"2019-09-23T17:35:26","date_gmt":"2019-09-23T15:35:26","guid":{"rendered":"https:\/\/blogsaverroes.juntadeandalucia.es\/webiesreyalabez\/?page_id=87"},"modified":"2020-10-28T18:08:06","modified_gmt":"2020-10-28T17:08:06","slug":"ipasen","status":"publish","type":"page","link":"https:\/\/blogsaverroes.juntadeandalucia.es\/webiesreyalabez\/ipasen\/","title":{"rendered":"iPasen"},"content":{"rendered":"<p style=\"text-align: center\"><strong><span style=\"font-size: 18pt\">JORNADAS PARA FAMILIAS SOBRE IPASEN (28\/10\/2020)<\/span><\/strong><\/p>\n<p><iframe loading=\"lazy\" src=\"https:\/\/docs.google.com\/presentation\/d\/e\/2PACX-1vSwgRkQVvumN4Zv-LKgxrDAG3D9I1zKEICOVwn5useNNjtrRGOzLNz0ORq8dhzutg8TgJTFAzlO49R3\/embed?start=false&amp;loop=false&amp;delayms=5000\" width=\"480\" height=\"299\" frameborder=\"0\"><\/iframe><\/p>\n<p style=\"text-align: center\"><strong><span style=\"font-size: 18pt\">OLVID\u00c9 LA CONTRASE\u00d1A &#8211; RESTAURAR O CREAR USUARIO Y CONTRASE\u00d1A.<\/span><\/strong><\/p>\n<p>Para recordar contrase\u00f1a o para crearla de nuevo nosotros mismos podemos visualizar este v\u00eddeo desde el minuto 2:20.<\/p>\n<p style=\"text-align: center\"><iframe loading=\"lazy\" src=\"https:\/\/www.youtube.com\/embed\/SiGPrsi2Wgc\" width=\"560\" height=\"315\" frameborder=\"0\"><\/iframe>&nbsp;<\/p>\n<p style=\"text-align: center\">La aplicaci\u00f3n para m\u00f3viles y tabletas permite una comunicaci\u00f3n sencilla con el centro educativo:<\/p>\n<p style=\"text-align: center\"><iframe loading=\"lazy\" src=\"https:\/\/docs.google.com\/presentation\/d\/e\/2PACX-1vRBjgjuwD9evV_yP6zpH7fDI5pcGehcc0CKjiUcM1e8RgIZ5ccXAhKKdVlvvRMBJVtqqmWi7SeaWi2M\/embed?start=true&amp;loop=false&amp;delayms=3000\" width=\"480\" height=\"299\" frameborder=\"0\"><\/iframe><\/p>\n<p style=\"text-align: center\">En el siguiente v\u00eddeo la Consejer\u00eda de Educaci\u00f3n de Andaluc\u00eda presenta \u00abPASEN\u00bb:<\/p>\n<p style=\"text-align: center\">&nbsp;<\/p>\n<p style=\"text-align: center\"><iframe loading=\"lazy\" src=\"https:\/\/www.youtube.com\/embed\/7ShGT1uK_Wg\" width=\"560\" height=\"315\" frameborder=\"0\"><\/iframe><\/p>\n","protected":false},"excerpt":{"rendered":"<p>JORNADAS PARA FAMILIAS SOBRE IPASEN (28\/10\/2020) OLVID\u00c9 LA CONTRASE\u00d1A &#8211; RESTAURAR O CREAR USUARIO Y CONTRASE\u00d1A. Para recordar contrase\u00f1a o para crearla de nuevo nosotros mismos podemos visualizar este v\u00eddeo desde el minuto 2:20.&#46;&#46;&#46;<\/p>\n","protected":false},"author":7589,"featured_media":0,"parent":0,"menu_order":0,"comment_status":"closed","ping_status":"closed","template":"","meta":{"ngg_post_thumbnail":0,"footnotes":""},"aioseo_notices":[],"_links":{"self":[{"href":"https:\/\/blogsaverroes.juntadeandalucia.es\/webiesreyalabez\/wp-json\/wp\/v2\/pages\/87"}],"collection":[{"href":"https:\/\/blogsaverroes.juntadeandalucia.es\/webiesreyalabez\/wp-json\/wp\/v2\/pages"}],"about":[{"href":"https:\/\/blogsaverroes.juntadeandalucia.es\/webiesreyalabez\/wp-json\/wp\/v2\/types\/page"}],"author":[{"embeddable":true,"href":"https:\/\/blogsaverroes.juntadeandalucia.es\/webiesreyalabez\/wp-json\/wp\/v2\/users\/7589"}],"replies":[{"embeddable":true,"href":"https:\/\/blogsaverroes.juntadeandalucia.es\/webiesreyalabez\/wp-json\/wp\/v2\/comments?post=87"}],"version-history":[{"count":8,"href":"https:\/\/blogsaverroes.juntadeandalucia.es\/webiesreyalabez\/wp-json\/wp\/v2\/pages\/87\/revisions"}],"predecessor-version":[{"id":1390,"href":"https:\/\/blogsaverroes.juntadeandalucia.es\/webiesreyalabez\/wp-json\/wp\/v2\/pages\/87\/revisions\/1390"}],"wp:attachment":[{"href":"https:\/\/blogsaverroes.juntadeandalucia.es\/webiesreyalabez\/wp-json\/wp\/v2\/media?parent=87"}],"curies":[{"name":"wp","href":"https:\/\/api.w.org\/{rel}","templated":true}]}}