{"id":948,"date":"2020-06-15T10:06:47","date_gmt":"2020-06-15T08:06:47","guid":{"rendered":"https:\/\/blogsaverroes.juntadeandalucia.es\/webiesreyalabez\/?page_id=948"},"modified":"2021-06-14T13:19:53","modified_gmt":"2021-06-14T11:19:53","slug":"admision-y-matriculacion-fp-grado-medio-junio-julio","status":"publish","type":"page","link":"https:\/\/blogsaverroes.juntadeandalucia.es\/webiesreyalabez\/admision-y-matriculacion-fp-grado-medio-junio-julio\/","title":{"rendered":"Admisi\u00f3n y matriculaci\u00f3n FP Grado Medio &#8211; JUNIO- JULIO"},"content":{"rendered":"<p><span style=\"color: #000000\">Para cursar estudios del Ciclo de Formaci\u00f3n profesional de Grado medio de \u00abCocina y Gastronom\u00eda\u00bb en IES Rey Alabez, presenta tu solicitud:<\/span><\/p>\n<table style=\"width: 656px\">\n<tbody>\n<tr style=\"height: 232px\">\n<td style=\"width: 656px;height: 232px\">\n<p style=\"text-align: left\"><span style=\"color: #000000\"><strong>ALUMNADO NUEVO DE PRIMER CURSO:<\/strong><\/span><\/p>\n<ul style=\"text-align: left\">\n<li style=\"text-align: left\"><span style=\"color: #000000\"><strong>Del 15 al 30 de Junio<\/strong>: SOLICITUD DE PLAZA EN LA SECRETAR\u00cdA VIRTUAL<\/span> <strong>(<a href=\"https:\/\/www.juntadeandalucia.es\/educacion\/secretariavirtual\/\">Pincha aqu\u00ed para ir a la Secretar\u00eda Virtual<\/a>)<\/strong><\/li>\n<li style=\"text-align: left\"><strong><a href=\"https:\/\/www.juntadeandalucia.es\/educacion\/portals\/web\/formacion-profesional-andaluza\/escolarizacion\/oferta-completa\/grado-medio-superior\/teletramitacion\">\u00bfC\u00d3MO HACER LOS TR\u00c1MITES EN LA SECRETAR\u00cdA VIRTUAL?<\/a><\/strong><\/li>\n<\/ul>\n<p style=\"padding-left: 80px\">Si no funciona el enlace anterior, copia y pega en el navegador: https:\/\/www.juntadeandalucia.es\/educacion\/portals\/web\/formacion-profesional-andaluza\/escolarizacion\/oferta-completa\/grado-medio-superior\/teletramitacion<\/p>\n<ul style=\"text-align: left\">\n<li style=\"text-align: left\"><strong><a href=\"https:\/\/www.juntadeandalucia.es\/educacion\/portals\/web\/formacion-profesional-andaluza\/escolarizacion\/oferta-completa\/grado-medio-superior\/requisitos\">\u00bfQU\u00c9 NECESITAS PARA PODER ACCEDER A UNA PLAZA EN FP DE GRADO MEDIO?<\/a>&nbsp;<\/strong><\/li>\n<\/ul>\n<p style=\"padding-left: 80px\">Si no funciona el enlace anterior, copia y pega en el navegador: https:\/\/www.juntadeandalucia.es\/educacion\/portals\/web\/formacion-profesional-andaluza\/escolarizacion\/oferta-completa\/grado-medio-superior\/requisitos<\/p>\n<ul style=\"text-align: left\">\n<li style=\"text-align: left\"><span style=\"color: #000000\"><strong>Del 13 al 16 de Julio<\/strong>: Matriculaci\u00f3n o reserva de matr\u00edcula para las personas admitidas en la 1\u00aa Adjudicaci\u00f3n.<\/span><\/li>\n<li style=\"text-align: left\"><span style=\"color: #000000\"><strong>Del 21 al 26 de Julio:<\/strong> Matriculaci\u00f3n para las personas admitidas en la 2\u00aa Adjudicaci\u00f3n.<\/span><\/li>\n<\/ul>\n<p style=\"text-align: left\"><span style=\"color: #000000\">Para conocer todo el proceso en detalle:<\/span> <strong><a href=\"https:\/\/www.juntadeandalucia.es\/educacion\/portals\/web\/formacion-profesional-andaluza\/procedimientos\/detalle\/-\/contenidos\/detalle\/escolarizacion-de-ciclos-formativos-de-grado-medio-y-superior-en-oferta-completa-1s1z2ooedc0mt\">PINCHA AQU\u00cd<\/a>.<\/strong><\/p>\n<p style=\"padding-left: 80px\">Si no funciona el anlace anterior, copia y pega en el navegador: https:\/\/www.juntadeandalucia.es\/educacion\/portals\/web\/formacion-profesional-andaluza\/procedimientos\/detalle\/-\/contenidos\/detalle\/escolarizacion-de-ciclos-formativos-de-grado-medio-y-superior-en-oferta-completa-1s1z2ooedc0mt<\/p>\n<\/td>\n<\/tr>\n<tr style=\"height: 120px\">\n<td style=\"width: 656px;height: 120px\">\n<p style=\"text-align: left\"><span style=\"color: #000000\"><strong>RESTO DE ALUMNADO :<\/strong><\/span><\/p>\n<ul style=\"text-align: left\">\n<li><span style=\"color: #000000\"><strong>Del 25 al 30 de Junio<\/strong>: MATRICULACI\u00d3N PRESENCIAL (secretar\u00eda del centro) DEL ALUMNADO REPETIDOR DE 1\u00ba Y DE LOS QUE PASAN DE 1\u00ba A 2\u00ba CURSO (PROMOCI\u00d3N).&nbsp;<\/span><\/li>\n<\/ul>\n<p style=\"text-align: left\"><strong><span style=\"color: #000000\">Para conocer todo el proceso en detalle:<\/span> <a href=\"https:\/\/www.juntadeandalucia.es\/educacion\/portals\/web\/formacion-profesional-andaluza\/procedimientos\/detalle\/-\/contenidos\/detalle\/escolarizacion-de-ciclos-formativos-de-grado-medio-y-superior-en-oferta-completa-1s1z2ooedc0mt\">PINCHA AQU\u00cd<\/a>.<\/strong><\/p>\n<p style=\"padding-left: 80px\">Si no funciona el anlace anterior, copia y pega en el navegador: https:\/\/www.juntadeandalucia.es\/educacion\/portals\/web\/formacion-profesional-andaluza\/procedimientos\/detalle\/-\/contenidos\/detalle\/escolarizacion-de-ciclos-formativos-de-grado-medio-y-superior-en-oferta-completa-1s1z2ooedc0mt<\/p>\n<\/td>\n<\/tr>\n<\/tbody>\n<\/table>\n<p><span style=\"color: #000000\">En caso de duda ponte en contacto con el centro de Lunes a Viernes de 9:30 a 13:30.<\/span><\/p>\n<p>&nbsp;<\/p>\n","protected":false},"excerpt":{"rendered":"<p>Para cursar estudios del Ciclo de Formaci\u00f3n profesional de Grado medio de \u00abCocina y Gastronom\u00eda\u00bb en IES Rey Alabez, presenta tu solicitud: ALUMNADO NUEVO DE PRIMER CURSO: Del 15 al 30 de Junio: SOLICITUD&#46;&#46;&#46;<\/p>\n","protected":false},"author":7589,"featured_media":0,"parent":0,"menu_order":0,"comment_status":"closed","ping_status":"closed","template":"","meta":{"ngg_post_thumbnail":0,"footnotes":""},"aioseo_notices":[],"_links":{"self":[{"href":"https:\/\/blogsaverroes.juntadeandalucia.es\/webiesreyalabez\/wp-json\/wp\/v2\/pages\/948"}],"collection":[{"href":"https:\/\/blogsaverroes.juntadeandalucia.es\/webiesreyalabez\/wp-json\/wp\/v2\/pages"}],"about":[{"href":"https:\/\/blogsaverroes.juntadeandalucia.es\/webiesreyalabez\/wp-json\/wp\/v2\/types\/page"}],"author":[{"embeddable":true,"href":"https:\/\/blogsaverroes.juntadeandalucia.es\/webiesreyalabez\/wp-json\/wp\/v2\/users\/7589"}],"replies":[{"embeddable":true,"href":"https:\/\/blogsaverroes.juntadeandalucia.es\/webiesreyalabez\/wp-json\/wp\/v2\/comments?post=948"}],"version-history":[{"count":15,"href":"https:\/\/blogsaverroes.juntadeandalucia.es\/webiesreyalabez\/wp-json\/wp\/v2\/pages\/948\/revisions"}],"predecessor-version":[{"id":1484,"href":"https:\/\/blogsaverroes.juntadeandalucia.es\/webiesreyalabez\/wp-json\/wp\/v2\/pages\/948\/revisions\/1484"}],"wp:attachment":[{"href":"https:\/\/blogsaverroes.juntadeandalucia.es\/webiesreyalabez\/wp-json\/wp\/v2\/media?parent=948"}],"curies":[{"name":"wp","href":"https:\/\/api.w.org\/{rel}","templated":true}]}}