{"id":19,"date":"2019-11-04T16:41:59","date_gmt":"2019-11-04T15:41:59","guid":{"rendered":"https:\/\/blogsaverroes.juntadeandalucia.es\/zubiteca\/?page_id=19"},"modified":"2021-10-29T11:53:25","modified_gmt":"2021-10-29T09:53:25","slug":"recomendaciones-de-lectura","status":"publish","type":"page","link":"https:\/\/blogsaverroes.juntadeandalucia.es\/zubiteca\/recomendaciones-de-lectura\/","title":{"rendered":"Recomendaciones de lectura"},"content":{"rendered":"<div class=\"post-header\">\n<div class=\"post-header-line-1\">&nbsp; <b>&nbsp; Recomendaciones de lectura. Video elaborado por alumnado del Centro.<\/b><\/div>\n<div class=\"post-header-line-1\" style=\"text-align: center\"><b> &nbsp; <iframe loading=\"lazy\" src=\"\/\/www.youtube.com\/embed\/U9P3uy5irKA\" width=\"560\" height=\"314\"><\/iframe><\/b><\/div>\n<div class=\"post-header-line-1\"><b>&nbsp;&nbsp;&nbsp;&nbsp;&nbsp;&nbsp;&nbsp;&nbsp;&nbsp;&nbsp;&nbsp;&nbsp;&nbsp;&nbsp;&nbsp;&nbsp;&nbsp;&nbsp;&nbsp;&nbsp;&nbsp;&nbsp;&nbsp;&nbsp;&nbsp;&nbsp;&nbsp;&nbsp;&nbsp;&nbsp;&nbsp;&nbsp;&nbsp;&nbsp;&nbsp;&nbsp;&nbsp;&nbsp;&nbsp;&nbsp;&nbsp;&nbsp;&nbsp;&nbsp;&nbsp;&nbsp;&nbsp;&nbsp;&nbsp;&nbsp;&nbsp;&nbsp;&nbsp;&nbsp;&nbsp;&nbsp;&nbsp;&nbsp;&nbsp;&nbsp;&nbsp;&nbsp;&nbsp;&nbsp;&nbsp;&nbsp;&nbsp;&nbsp;<br \/>\n<\/b><\/div>\n<div class=\"post-header-line-1\"><b>&nbsp;&nbsp;&nbsp;&nbsp;&nbsp;&nbsp;&nbsp;&nbsp;&nbsp;&nbsp;&nbsp;&nbsp;&nbsp;&nbsp;&nbsp;&nbsp;&nbsp;&nbsp;&nbsp;&nbsp;&nbsp;&nbsp;&nbsp;&nbsp;&nbsp;&nbsp;&nbsp;&nbsp;&nbsp;&nbsp;&nbsp;&nbsp;&nbsp;&nbsp;&nbsp;&nbsp;&nbsp;&nbsp;&nbsp;&nbsp;&nbsp;&nbsp;&nbsp;&nbsp;&nbsp;&nbsp; <\/b><\/div>\n<div>&nbsp;<\/div>\n<div class=\"post-header-line-1\"><b>&nbsp;&nbsp;&nbsp;&nbsp;&nbsp;&nbsp;&nbsp;&nbsp;&nbsp;&nbsp;&nbsp;&nbsp;&nbsp;&nbsp;&nbsp;&nbsp;&nbsp;&nbsp;&nbsp;&nbsp;&nbsp;&nbsp;&nbsp;&nbsp;&nbsp;&nbsp;&nbsp;&nbsp;&nbsp; SELECCI\u00d3N de LIBROS de 5 a 8 a\u00f1os:<\/b><\/div>\n<\/div>\n<div id=\"post-body-6448405418404834878\" class=\"post-body entry-content\">\n<div class=\"separator\"><a href=\"https:\/\/1.bp.blogspot.com\/-LfXQApxmNI4\/Vpi8TML7Y-I\/AAAAAAAAGWQ\/8eunUVymOIk\/s1600\/libros-infantiles-cuentos-5-8-an%25CC%2583os.jpg\"><img loading=\"lazy\" decoding=\"async\" title=\"selecci\u00f3n mejores libros infantiles y cuentos para 5 a 8 a\u00f1os \" src=\"https:\/\/1.bp.blogspot.com\/-LfXQApxmNI4\/Vpi8TML7Y-I\/AAAAAAAAGWQ\/8eunUVymOIk\/s640\/libros-infantiles-cuentos-5-8-an%25CC%2583os.jpg\" alt=\"recopilaci\u00f3n mejores libros infantiles y cuentos para 5 a 8 a\u00f1os \" width=\"640\" height=\"264\" border=\"0\"\/><\/a><\/div>\n<p><b><br \/>\n<\/b> <b>1. <a href=\"http:\/\/www.amazon.es\/gp\/product\/8492750871\/ref=as_li_ss_tl?ie=UTF8&amp;camp=3626&amp;creative=24822&amp;creativeASIN=8492750871&amp;linkCode=as2&amp;tag=clubpequlect-21\" target=\"_blank\" rel=\"nofollow noopener noreferrer\">\u201cA todos los monstruos les da miedo la oscuridad\u201d<\/a>, Micha\u00ebl Escoffier y Kris Di Giacomo, ed. K\u00f3kinos (+5 a\u00f1os):<\/b> en este cuento son los monstruos los que tienen miedo a la oscuridad, tanto que lloran, tiemblan, gritan y se esconden, pero s\u00f3lo consiguen asustarse a\u00fan m\u00e1s. La \u00fanica forma de tranquilizarles es comprenderles, achucharles y contarles un cuento, \u00a1es que son como ni\u00f1os! Muy divertido.<\/p>\n<p><b>2. <\/b><b><a href=\"http:\/\/www.amazon.es\/gp\/product\/8469603264\/ref=as_li_ss_tl?ie=UTF8&amp;camp=3626&amp;creative=24822&amp;creativeASIN=8469603264&amp;linkCode=as2&amp;tag=clubpequlect-21\" target=\"_blank\" rel=\"nofollow noopener noreferrer\">\u201cEl Gr\u00fafalo. Libro con sonidos\u201d<\/a>, Julia Donaldson y Axel Scheffer, ed. Bru\u00f1o (+5 a\u00f1os):&nbsp; <\/b>nueva edici\u00f3n de este famoso libro, esta vez con sonidos y muchas sorpresas. Un libro imprescindible con unos personajes muy astutos y que encantan a todos los ni\u00f1os.&nbsp;&nbsp;<\/p>\n<p><b>3. <\/b><b><a href=\"http:\/\/www.amazon.es\/gp\/product\/8496388727\/ref=as_li_ss_tl?ie=UTF8&amp;camp=3626&amp;creative=24822&amp;creativeASIN=8496388727&amp;linkCode=as2&amp;tag=clubpequlect-21\" target=\"_blank\" rel=\"nofollow noopener noreferrer\">\u201cOrejas de mariposa\u201d<\/a>, Luisa Aguilar y Andr\u00e9 Neves, ed. Kalandraka (+5 a\u00f1os):<\/b> Mara tiene las orejas grandes y eso provoca burlas y bromaspor parte de sus compa\u00f1eros. Pero ella descubir\u00e1 como hacerles frente con humor e ingenio. Un libro sobre la autoestima y para trabajar la empat\u00eda, ideal para estas edades.<\/p>\n<div class=\"separator\"><a href=\"https:\/\/4.bp.blogspot.com\/-8CIkctCFOcQ\/Vpi9KQ3I_JI\/AAAAAAAAGWY\/PMixK3Sf2FA\/s1600\/libros-infantiles-cuentos-5-8-an%25CC%2583os-2.jpg\"><img loading=\"lazy\" decoding=\"async\" title=\"selecci\u00f3n mejores libros infantiles y cuentos para 5 a 8 a\u00f1os \" src=\"https:\/\/4.bp.blogspot.com\/-8CIkctCFOcQ\/Vpi9KQ3I_JI\/AAAAAAAAGWY\/PMixK3Sf2FA\/s640\/libros-infantiles-cuentos-5-8-an%25CC%2583os-2.jpg\" alt=\"selecci\u00f3n mejores libros infantiles y cuentos para 5 a 8 a\u00f1os \" width=\"640\" height=\"288\" border=\"0\"\/><\/a><\/div>\n<p><b>4. <a href=\"http:\/\/www.amazon.es\/gp\/product\/8492750863\/ref=as_li_ss_tl?ie=UTF8&amp;camp=3626&amp;creative=24822&amp;creativeASIN=8492750863&amp;linkCode=as2&amp;tag=clubpequlect-21\" target=\"_blank\" rel=\"nofollow noopener noreferrer\">\u201c\u00a1Voy a Comedte!\u201d<\/a>, Jean Marc Derouen y Laure du Fa\u00ff, ed. K\u00f3kinos (+5 a\u00f1os): <\/b>un lobo \u00abmalo\u00bb, hambriento y que no sabe pronunciar la \u00abr\u00bb intenta buscar algo de comer en el bosque. \u00bfLo conseguir\u00e1? Un libro divertido con una propuesta gr\u00e1fica muy original.<\/p>\n<p><b>5. <a href=\"http:\/\/www.amazon.es\/gp\/product\/8426140130\/ref=as_li_ss_tl?ie=UTF8&amp;camp=3626&amp;creative=24822&amp;creativeASIN=8426140130&amp;linkCode=as2&amp;tag=clubpequlect-21\" target=\"_blank\" rel=\"nofollow noopener noreferrer\">\u201cHilo sin fin\u201d<\/a>, Mac Barnett y Jon Klassen, ed. Juventud (+5 a\u00f1os):<\/b> se trata de una bonita historia llena de ternura y magia, que encierra muchos valores y nos invita a una bonita reflexi\u00f3n: la alegr\u00eda no est\u00e1 en algo que se puede comprar o \u00abtomar prestado\u00bb (como un caja de hilos), sino que est\u00e1 en el interior de cada uno. Te dejo <a href=\"http:\/\/www.clubpequeslectores.com\/2015\/06\/libro-infantil-hilo-sin-fin.html\" target=\"_blank\" rel=\"noopener noreferrer\">su rese\u00f1a<\/a>.&nbsp;<\/p>\n<p><b>6. <a href=\"http:\/\/www.amazon.es\/gp\/product\/8494369156\/ref=as_li_ss_tl?ie=UTF8&amp;camp=3626&amp;creative=24822&amp;creativeASIN=8494369156&amp;linkCode=as2&amp;tag=clubpequlect-21\" target=\"_blank\" rel=\"nofollow noopener noreferrer\">\u201cMapache quiere ser el primero\u201d<\/a>, Susanna Isern y Leire Salaberria, NubeOcho ediciones (+5 a\u00f1os): <\/b>Mapache tiene un problemilla: es muy muy competitivo, siempre quiere ser el primero en todo y se esfuerza mucho para conseguirlo. Pero un d\u00eda aparece el Zorro y Mapache ya no es el primero en todo y eso le hace sentir mucha rabia y tristeza. Pero gracias a su amigo Pato, descubrir\u00e1 que hay otras cosas a parte de ser el primero.&nbsp; Muy muy recomendable.<b>&nbsp;<\/b><br \/>\n<b>&nbsp;<\/b>&nbsp;<\/p>\n<div class=\"separator\"><a href=\"https:\/\/1.bp.blogspot.com\/-TjYq_O0Gow0\/Vpi-WHJlv-I\/AAAAAAAAGWg\/r7Wng8QzsjM\/s1600\/libros-infantiles-cuentos-5-8-an%25CC%2583os-3.jpg\"><img loading=\"lazy\" decoding=\"async\" title=\"recopilaci\u00f3n mejores libros infantiles y cuentos para 5 a 8 a\u00f1os \" src=\"https:\/\/1.bp.blogspot.com\/-TjYq_O0Gow0\/Vpi-WHJlv-I\/AAAAAAAAGWg\/r7Wng8QzsjM\/s640\/libros-infantiles-cuentos-5-8-an%25CC%2583os-3.jpg\" alt=\"selecci\u00f3n mejores libros infantiles y cuentos para 5 a 8 a\u00f1os \" width=\"640\" height=\"332\" border=\"0\"\/><\/a><\/div>\n<p><b>7. <a href=\"http:\/\/www.amazon.es\/s\/ref=as_li_ss_tl?_encoding=UTF8&amp;camp=3626&amp;creative=24822&amp;field-keywords=inventario%20ilustrado%20kalandraka&amp;linkCode=ur2&amp;rh=n%3A599364031%2Ck%3Ainventario%20ilustrado%20kalandraka&amp;tag=clubpequlect-21&amp;url=search-alias%3Dstripbooks\" target=\"_blank\" rel=\"nofollow noopener noreferrer\">Colecci\u00f3n \u201cInventarios ilustrados\u201d<\/a>, ed. Kalandraka (+6 a\u00f1os):<\/b> son como cat\u00e1logos de animales y\/o plantas donde con un vocabulario muy sencillo se detallan caracter\u00edsticas generales de dichas especies y alg\u00fan que otro dato interesante Ideal para exploradores, peque\u00f1os curiosos y amantes de los animales y la naturaleza. Hay varios t\u00edtulos y en la <a href=\"http:\/\/www.kalandraka.com\/ca\/faktoria-k-de-libros\/nombre-coleccion\/ir\/ciencia\/\" target=\"_blank\" rel=\"nofollow noopener noreferrer\">web de la editorial<\/a> pod\u00e9is ver un poquito de su interior y descargar un pdf de descripci\u00f3n.<\/p>\n<p><b>8. <a href=\"http:\/\/www.amazon.es\/gp\/product\/8416117047\/ref=as_li_ss_tl?ie=UTF8&amp;camp=3626&amp;creative=24822&amp;creativeASIN=8416117047&amp;linkCode=as2&amp;tag=clubpequlect-21\" target=\"_blank\" rel=\"nofollow noopener noreferrer\">\u201cEl cocodrilo al que no le gustaba el agua\u201d<\/a>, Gemma Merino, ed. Picarona (+5 a\u00f1os): <\/b>Al peculiar cocodrilo protagonista no le gusta nada ba\u00f1arse, a diferencia de todos sus amigos. Eso le hace sentirse muy solo: el tambi\u00e9n quiere pasarlo bien como el resto. As\u00ed que hace un esfuerzo y se ba\u00f1a, pero entonces coge mucho fr\u00edo y estornuda tan tan fuerte \u00a1que le sale fuego por la nariz!. \u00bfy si no es un cocodrilo? \u00bfy si es un drag\u00f3n?<\/p>\n<p><b>9. <a href=\"http:\/\/www.amazon.es\/gp\/product\/8484648915\/ref=as_li_ss_tl?ie=UTF8&amp;camp=3626&amp;creative=24822&amp;creativeASIN=8484648915&amp;linkCode=as2&amp;tag=clubpequlect-21\" target=\"_blank\" rel=\"nofollow noopener noreferrer\">\u201cMis robots en pijanarama\u201d<\/a>, Michael Leblond y Federique Bertrand, ed. Kalandraka (+5 a\u00f1os)<\/b><b>:<\/b> este libro sorprender\u00e1 a peque\u00f1os y no tan peque\u00f1os. Es de actividades, para dise\u00f1ar robots. Lo incre\u00edble es que con la l\u00e1mina m\u00e1gica que lleva adjunta estas creaciones cobran vida como por arte de magia. Se coloca el pl\u00e1stico rallado encima de las p\u00e1ginas y se mueve lentamente de un lado a otro, entonces se crea un efecto \u00f3ptico y parece que los personajes de muevan. Muy muy recomendable.<\/p>\n<div class=\"separator\"><a href=\"https:\/\/2.bp.blogspot.com\/-hV_uh-tzi9c\/Vpi_9eVUhgI\/AAAAAAAAGWs\/BQJnkeboscw\/s1600\/libros-infantiles-cuentos-5-8-an%25CC%2583os-4.jpg\"><img loading=\"lazy\" decoding=\"async\" title=\"recopilaci\u00f3n mejores libros infantiles y cuentos para 5 a 8 a\u00f1os \" src=\"https:\/\/2.bp.blogspot.com\/-hV_uh-tzi9c\/Vpi_9eVUhgI\/AAAAAAAAGWs\/BQJnkeboscw\/s640\/libros-infantiles-cuentos-5-8-an%25CC%2583os-4.jpg\" alt=\"selecci\u00f3n mejores libros infantiles y cuentos para 5 a 8 a\u00f1os \" width=\"640\" height=\"273\" border=\"0\"\/><\/a><\/div>\n<p><b>10. <\/b><b><a href=\"http:\/\/www.amazon.es\/gp\/product\/8494292900\/ref=as_li_ss_tl?ie=UTF8&amp;camp=3626&amp;creative=24822&amp;creativeASIN=8494292900&amp;linkCode=as2&amp;tag=clubpequlect-21\" target=\"_blank\" rel=\"nofollow noopener noreferrer\">\u201cNo me han invitado al cumplea\u00f1os\u201d<\/a>, Susanna Isern y Adolfo Serra, NubeOcho ediciones (+5 a\u00f1os):<\/b> al salir de clase est\u00e1n todos alborotados, hay un cumplea\u00f1os y todos van. Bueno, todos menos Marc, que no est\u00e1 invitado. Se queda solo y triste en el parque. Pero pronto descubrir\u00e1 que eso no es el fin del mundo, sino el inicio de una gran aventura!! La ilustraciones fabulosas. 100% recomendable. Nos encanta!!!<\/p>\n<p><b>11. <a href=\"http:\/\/www.amazon.es\/s\/ref=as_li_ss_tl?_encoding=UTF8&amp;camp=3626&amp;creative=24822&amp;field-keywords=erase%20dos%20veces&amp;linkCode=ur2&amp;sprefix=erase%20dos%20veces%2Cstripbooks%2C171&amp;tag=clubpequlect-21&amp;url=search-alias%3Dstripbooks\" target=\"_blank\" rel=\"nofollow noopener noreferrer\">\u201cColecci\u00f3n \u00e9rase dos veces\u201d<\/a>, Bel\u00e9n Gauces y Pablo Macias, ed. Cuatro tuercas (+5 a\u00f1os): <\/b>colecci\u00f3n de cuentos cl\u00e1sicos modernizados, donde las historias son en esencia las de siempre pero libres de sexismo, desigualdad y violencia. Hay ya nueves t\u00edtulos. En castellano, catal\u00e1n, euskera y gallego. Muy recomendables.<\/p>\n<p><b>12. <a href=\"http:\/\/www.amazon.es\/gp\/product\/8469601431\/ref=as_li_ss_tl?ie=UTF8&amp;camp=3626&amp;creative=24822&amp;creativeASIN=8469601431&amp;linkCode=as2&amp;tag=clubpequlect-21\" target=\"_blank\" rel=\"nofollow noopener noreferrer\">\u201cAs\u00ed es mi coraz\u00f3n\u201d<\/a>, Jo Witek y Christine Roussey, ed. Cubilete (+5 a\u00f1os):<\/b> precioso \u00e1lbum ilustrado para que los ni\u00f1os y ni\u00f1as reconozcan sus sentimientos y emociones en todas sus formas y todos sus colores. Con un coraz\u00f3n troquelado en medio, el libro es original, fresco y me gusta porque invita al lector a hablar de lo que siente.<\/p>\n<div class=\"separator\"><a href=\"https:\/\/3.bp.blogspot.com\/-8mgJSnNb2Jc\/VpjApjfWvcI\/AAAAAAAAGW0\/3cM4D-orBGc\/s1600\/libros-infantiles-cuentos-5-8-an%25CC%2583os-5.jpg\"><img loading=\"lazy\" decoding=\"async\" title=\"recopilaci\u00f3n mejores libros infantiles y cuentos para 5 a 8 a\u00f1os \" src=\"https:\/\/3.bp.blogspot.com\/-8mgJSnNb2Jc\/VpjApjfWvcI\/AAAAAAAAGW0\/3cM4D-orBGc\/s640\/libros-infantiles-cuentos-5-8-an%25CC%2583os-5.jpg\" alt=\"selecci\u00f3n mejores libros infantiles y cuentos para 5 a 8 a\u00f1os \" width=\"640\" height=\"288\" border=\"0\"\/><\/a><\/div>\n<p><b>13. <\/b><b><a href=\"http:\/\/www.amazon.es\/s\/ref=as_li_ss_tl?_encoding=UTF8&amp;camp=3626&amp;creative=24822&amp;field-keywords=agus%20y%20los%20monstruos&amp;linkCode=ur2&amp;rh=n%3A599364031%2Ck%3Aagus%20y%20los%20monstruos&amp;sprefix=agus%20y%20los%20monstruos%2Cstripbooks%2C166&amp;tag=clubpequlect-21\" target=\"_blank\" rel=\"nofollow noopener noreferrer\">Colecci\u00f3n \u201cAgus y los monstruos\u201d<\/a>, Jaume Copons y Liliana Fortuny, ed. Combel (+5 a\u00f1os):<\/b> Agus, es un chico normal, su vida era como la de cualquier ni\u00f1o de su edad, hasta que un d\u00eda todo cambi\u00f3 con la repentina aparici\u00f3n del Sr. Flat y otros monstruos que fueron expulsados de un libro por un malvado personaje. Muchos enredos, humor y aventuras divertidas. Genial como <a href=\"http:\/\/www.clubpequeslectores.com\/2015\/12\/libros-infantiles-con-capitulos.html\" target=\"_blank\" rel=\"noopener noreferrer\">primeros libros con cap\u00edtulos<\/a>.<\/p>\n<p><b>14. <\/b><b><a href=\"http:\/\/www.amazon.es\/s\/ref=as_li_ss_tl?_encoding=UTF8&amp;camp=3626&amp;creative=24822&amp;field-keywords=superpatata&amp;linkCode=ur2&amp;sprefix=superpatata%2Cstripbooks%2C215&amp;tag=clubpequlect-21&amp;url=search-alias%3Dstripbooks\" target=\"_blank\" rel=\"nofollow noopener noreferrer\">C\u00f3mics \u201cSuperpatata<\/a>\u201d, Artur D\u00edaz Mart\u00ednes y Maximiliano Luchini, colecci\u00f3n Mamut +6, Bang ediciones (+6 a\u00f1os):<\/b> una colecci\u00f3n de c\u00f3mics estupenda para iniciar a los m\u00e1s peque\u00f1os en este gen\u00e9ro literario porque est\u00e1n especialmente dise\u00f1ados para ellos. Los protagonizados por este personaje son especialmente divertidos, pero tienen <a href=\"http:\/\/www.amazon.es\/s\/ref=as_li_ss_tl?_encoding=UTF8&amp;camp=3626&amp;creative=24822&amp;field-keywords=mamut%206%2B&amp;linkCode=ur2&amp;rh=n%3A599364031%2Ck%3Amamut%206%2B&amp;tag=clubpequlect-21&amp;url=search-alias%3Dstripbooks\" target=\"_blank\" rel=\"nofollow noopener noreferrer\">m\u00e1s<\/a>.&nbsp;<\/p>\n<p><b>15. <a href=\"http:\/\/www.amazon.es\/gp\/product\/8493486310\/ref=as_li_ss_tl?ie=UTF8&amp;camp=3626&amp;creative=24822&amp;creativeASIN=8493486310&amp;linkCode=as2&amp;tag=clubpequlect-21\" target=\"_blank\" rel=\"nofollow noopener noreferrer\">\u201cLe\u00f3n de biblioteca\u201d<\/a>, Michelle Knudsen y Kevin Hawkes, ed. Ekar\u00e9 (+6 a\u00f1os):<\/b> un le\u00f3n disfruta yendo a la biblioteca pero todo se complica cuando un d\u00eda, por circunstancias especiales, debe saltarse las normas. Sobre la amistad, la convivencia y el maravilloso mundo de las bibliotecas.&nbsp;<\/p>\n<div class=\"separator\"><a href=\"https:\/\/2.bp.blogspot.com\/-H86Qqr4xt9E\/VpjBg6WQD8I\/AAAAAAAAGXA\/xYW6VzjML5k\/s1600\/libros-infantiles-cuentos-5-8-an%25CC%2583os-6.jpg\"><img loading=\"lazy\" decoding=\"async\" title=\"selecci\u00f3n mejores libros infantiles y cuentos para 5 a 8 a\u00f1os \" src=\"https:\/\/2.bp.blogspot.com\/-H86Qqr4xt9E\/VpjBg6WQD8I\/AAAAAAAAGXA\/xYW6VzjML5k\/s640\/libros-infantiles-cuentos-5-8-an%25CC%2583os-6.jpg\" alt=\"recopilaci\u00f3n mejores libros infantiles y cuentos para 5 a 8 a\u00f1os \" width=\"640\" height=\"302\" border=\"0\"\/><\/a><\/div>\n<p><b>16. <\/b><b><a href=\"http:\/\/www.amazon.es\/s\/ref=as_li_ss_tl?_encoding=UTF8&amp;camp=3626&amp;creative=24822&amp;field-keywords=brunilda&amp;linkCode=ur2&amp;sprefix=brunilda%2Cstripbooks%2C164&amp;tag=clubpequlect-21&amp;url=search-alias%3Dstripbooks\" target=\"_blank\" rel=\"nofollow noopener noreferrer\">Colecci\u00f3n \u201cLa bruja Brunilda\u201d<\/a>, Valerie Tomas y Korky Paul, Blume ediciones (+6 a\u00f1os): <\/b>hay dos formatos: en versi\u00f3n libro de cap\u00edtulos (con m\u00e1s texto) y en versi\u00f3n \u00e1lbum ilustrado (con toques de c\u00f3mic). Sobre una bruja muy divertida que siempre hace encanterios con resultados inesperados, por eso suele acabar en situaciones bastante alocadas y desternillantes.<\/p>\n<p><b>17. <\/b><b><a href=\"http:\/\/www.amazon.es\/gp\/product\/8494154982\/ref=as_li_ss_tl?ie=UTF8&amp;camp=3626&amp;creative=24822&amp;creativeASIN=8494154982&amp;linkCode=as2&amp;tag=clubpequlect-21\" target=\"_blank\" rel=\"nofollow noopener noreferrer\">\u00abLa ni\u00f1a que viv\u00eda en el castillo dentro del museo\u201d<\/a>, Kate Berheimer y Nicoletta Ceccoli, ed. Picarona (+6 a\u00f1os): <\/b>un cuento de hadas bastante original, con toques on\u00edricos, llenos de imaginaci\u00f3n y fantas\u00eda. Una ni\u00f1a vive en un castillo, el castillo est\u00e1 dentro de un globo de cristal y \u00e9ste, a su vez, dentro de un museo.&nbsp;<br \/>\n<b><br \/>\n<\/b><b>18. <a href=\"http:\/\/www.amazon.es\/gp\/product\/8416363463\/ref=as_li_ss_tl?ie=UTF8&amp;camp=3626&amp;creative=24822&amp;creativeASIN=8416363463&amp;linkCode=as2&amp;tag=clubpequlect-21\" target=\"_blank\" rel=\"nofollow noopener noreferrer\">\u201cAtlas del mundo. Un ins\u00f3lito viaje por las mil curiosidades y maravillas del mundo\u201d<\/a>, Aleksandra y Daniel Mizieliski, ed. Maeva Young (+6-7 a\u00f1os): <\/b>un maravilloso atlas en una edici\u00f3n de lujo, con 55 mapas a doble p\u00e1gina llenos de detalles de las gentes, las costumbres, los animales, la flora y la fauna,&#8230; Imprescindible (aunque faltan muchos pa\u00edses).<\/p>\n<div class=\"separator\"><a href=\"https:\/\/1.bp.blogspot.com\/-ImMXTf0ur20\/VpjCnexTNcI\/AAAAAAAAGXM\/pKx6kBzuCvA\/s1600\/libros-infantiles-cuentos-5-8-an%25CC%2583os-7.jpg\"><img loading=\"lazy\" decoding=\"async\" title=\"selecci\u00f3n mejores libros infantiles y cuentos para 5 a 8 a\u00f1os \" src=\"https:\/\/1.bp.blogspot.com\/-ImMXTf0ur20\/VpjCnexTNcI\/AAAAAAAAGXM\/pKx6kBzuCvA\/s640\/libros-infantiles-cuentos-5-8-an%25CC%2583os-7.jpg\" alt=\"recopilaci\u00f3n mejores libros infantiles y cuentos para 5 a 8 a\u00f1os \" width=\"640\" height=\"302\" border=\"0\"\/><\/a><\/div>\n<p><b>19. <a href=\"http:\/\/www.amazon.es\/gp\/product\/8434846616\/ref=as_li_ss_tl?ie=UTF8&amp;camp=3626&amp;creative=24822&amp;creativeASIN=8434846616&amp;linkCode=as2&amp;tag=clubpequlect-21\" target=\"_blank\" rel=\"nofollow noopener noreferrer\">\u201cSi tienes un pap\u00e1 mago\u201d<\/a>, Gabriela Keselman, Barco de Vapor, ed. SM (+6-7 a\u00f1os):<\/b> todos los de colecci\u00f3n del Barco de Vapor serie Blanca est\u00e1n fenomenal como primeras novelitas. Luego ya en funci\u00f3n del ni\u00f1o se puede seguir con la serie azul o la naranja. Este en concreto nos gusta mucho.<\/p>\n<p><b>20. <a href=\"http:\/\/www.amazon.es\/gp\/product\/8484645797\/ref=as_li_ss_tl?ie=UTF8&amp;camp=3626&amp;creative=24822&amp;creativeASIN=8484645797&amp;linkCode=as2&amp;tag=clubpequlect-21\" target=\"_blank\" rel=\"nofollow noopener noreferrer\">\u201cHistorias de ratones\u201d<\/a>, Arnold Lobel, ed. Kalandraka (+7 a\u00f1os):<\/b> todo un cl\u00e1sico imprescindible. Siete historias protagonizadas por ratones ideales para antes de ir a la cama. Con textos e ilustraciones sencillas pero divertidas para que los peque\u00f1os aprendan a leer. Pod\u00e9is <a href=\"http:\/\/www.kalandraka.com\/en\/colections\/collection-name\/book-details\/ver\/historias-de-ratones\/\" target=\"_blank\" rel=\"nofollow noopener noreferrer\">ver la primera historia<\/a> en la web de la editorial.<\/p>\n<\/div>\n","protected":false},"excerpt":{"rendered":"<p>&nbsp; &nbsp; Recomendaciones de lectura. Video elaborado por alumnado del Centro. &nbsp; &nbsp;&nbsp;&nbsp;&nbsp;&nbsp;&nbsp;&nbsp;&nbsp;&nbsp;&nbsp;&nbsp;&nbsp;&nbsp;&nbsp;&nbsp;&nbsp;&nbsp;&nbsp;&nbsp;&nbsp;&nbsp;&nbsp;&nbsp;&nbsp;&nbsp;&nbsp;&nbsp;&nbsp;&nbsp;&nbsp;&nbsp;&nbsp;&nbsp;&nbsp;&nbsp;&nbsp;&nbsp;&nbsp;&nbsp;&nbsp;&nbsp;&nbsp;&nbsp;&nbsp;&nbsp;&nbsp;&nbsp;&nbsp;&nbsp;&nbsp;&nbsp;&nbsp;&nbsp;&nbsp;&nbsp;&nbsp;&nbsp;&nbsp;&nbsp;&nbsp;&nbsp;&nbsp;&nbsp;&nbsp;&nbsp;&nbsp;&nbsp;&nbsp; &nbsp;&nbsp;&nbsp;&nbsp;&nbsp;&nbsp;&nbsp;&nbsp;&nbsp;&nbsp;&nbsp;&nbsp;&nbsp;&nbsp;&nbsp;&nbsp;&nbsp;&nbsp;&nbsp;&nbsp;&nbsp;&nbsp;&nbsp;&nbsp;&nbsp;&nbsp;&nbsp;&nbsp;&nbsp;&nbsp;&nbsp;&nbsp;&nbsp;&nbsp;&nbsp;&nbsp;&nbsp;&nbsp;&nbsp;&nbsp;&nbsp;&nbsp;&nbsp;&nbsp;&nbsp;&nbsp; &nbsp; &nbsp;&nbsp;&nbsp;&nbsp;&nbsp;&nbsp;&nbsp;&nbsp;&nbsp;&nbsp;&nbsp;&nbsp;&nbsp;&nbsp;&nbsp;&nbsp;&nbsp;&nbsp;&nbsp;&nbsp;&nbsp;&nbsp;&nbsp;&nbsp;&nbsp;&nbsp;&nbsp;&nbsp;&nbsp; SELECCI\u00d3N de LIBROS de 5 a 8 a\u00f1os: 1. \u201cA todos los monstruos les da miedo la oscuridad\u201d,&#46;&#46;&#46;<\/p>\n","protected":false},"author":7539,"featured_media":0,"parent":0,"menu_order":0,"comment_status":"closed","ping_status":"closed","template":"","meta":{"ngg_post_thumbnail":0,"footnotes":""},"aioseo_notices":[],"_links":{"self":[{"href":"https:\/\/blogsaverroes.juntadeandalucia.es\/zubiteca\/wp-json\/wp\/v2\/pages\/19"}],"collection":[{"href":"https:\/\/blogsaverroes.juntadeandalucia.es\/zubiteca\/wp-json\/wp\/v2\/pages"}],"about":[{"href":"https:\/\/blogsaverroes.juntadeandalucia.es\/zubiteca\/wp-json\/wp\/v2\/types\/page"}],"author":[{"embeddable":true,"href":"https:\/\/blogsaverroes.juntadeandalucia.es\/zubiteca\/wp-json\/wp\/v2\/users\/7539"}],"replies":[{"embeddable":true,"href":"https:\/\/blogsaverroes.juntadeandalucia.es\/zubiteca\/wp-json\/wp\/v2\/comments?post=19"}],"version-history":[{"count":7,"href":"https:\/\/blogsaverroes.juntadeandalucia.es\/zubiteca\/wp-json\/wp\/v2\/pages\/19\/revisions"}],"predecessor-version":[{"id":623,"href":"https:\/\/blogsaverroes.juntadeandalucia.es\/zubiteca\/wp-json\/wp\/v2\/pages\/19\/revisions\/623"}],"wp:attachment":[{"href":"https:\/\/blogsaverroes.juntadeandalucia.es\/zubiteca\/wp-json\/wp\/v2\/media?parent=19"}],"curies":[{"name":"wp","href":"https:\/\/api.w.org\/{rel}","templated":true}]}}